 {"id":1033,"date":"2013-01-17T12:15:35","date_gmt":"2013-01-17T11:15:35","guid":{"rendered":"https:\/\/blogs.univ-tlse2.fr\/cerises\/?page_id=1033"},"modified":"2014-02-06T10:31:24","modified_gmt":"2014-02-06T09:31:24","slug":"des-destins-communs","status":"publish","type":"page","link":"https:\/\/blogs.univ-tlse2.fr\/cerises\/formation\/master-et-doctorat-deconomie-sociale\/enseignements\/des-destins-communs\/","title":{"rendered":"Des destins communs"},"content":{"rendered":"<p style=\"text-align: right\"><em>Professionnalisation &#8211; ECO451A &#8211; 25h<\/em><\/p>\n<p><strong>Jacques PRADES &#8211; &#x70;r&#x61;d&#x65;&#115;&#x40;&#x75;n&#x69;v&#x2d;&#116;&#x6c;&#115;e&#x32;&#46;&#x66;&#114;<\/strong><\/p>\n<p><!--more--><\/p>\n<h1>PLAN DU COURS<\/h1>\n<p><strong>I &#8211; Critique de la raison \u00e9conomique et la raison technicienne<\/strong><\/p>\n<p><strong>A.Le mouvement personnaliste : de l\u2019individu \u00e0 la \u00ab personne \u00bb<\/strong><\/p>\n<p>&#8211; La critique de l\u2019Etat chez Charbonneau<br \/>\n&#8211; La critique de la technique : la technique comme \u00ab lib\u00e9ration \u00bb, la technique comme \u00ab d\u00e9voilement \u00bb, la technique comme \u00ab provocation \u00bb<\/p>\n<p><strong>B. Analyse de la crise actuelle : une crise morale, une crise de r\u00e9gulation et comme une crise comme mod\u00e8le de d\u00e9veloppement<\/strong><\/p>\n<p><strong>II &#8211; L\u2019\u00e9conomie sociale en question<\/strong><\/p>\n<p><strong>A. Th\u00e9orisation des entreprises sociales<\/strong><\/p>\n<p>&#8211; L\u2019\u00e9conomie sociale institu\u00e9e : ici chacun peut apporter son manger<br \/>\n&#8211; Les apories de l\u2019\u00e9conomie solidaire<br \/>\n&#8211; Le mouvement des entrepreneurs sociaux : vendre sa grand-m\u00e8re pour du neuf<\/p>\n<p><strong>B. Exp\u00e9rimentations pratiques : de Mondragon \u00e0 Trente<\/strong><\/p>\n<p>&#8211; une r\u00e9sistance politique<br \/>\n&#8211; deux mod\u00e8les \u00e9conomiques : la conglom\u00e9rat et la district<\/p>\n<p><strong>III &#8211; Les fondements d\u2019une nouvelle approche<\/strong><\/p>\n<p><strong>A.Mise en perspective th\u00e9orique : la question des enclosures<br \/>\nB.Des r\u00e9ponses ponctuelles aux formes principales d\u2019exclusions : travail, habitat, acc\u00e8s au cr\u00e9dit<\/strong><br \/>\n<strong>C. L\u2019utopie coop\u00e9rative<\/strong><\/p>\n<p><strong>Conclusion<\/strong><\/p>\n<h2>Consultez aussi les modules d&rsquo;enseignements suivants :<\/h2>\n\n<!-- Page-list plugin v.5.9 wordpress.org\/plugins\/page-list\/ -->\n<ul class=\"page-list \">\n<li class=\"page_item page-item-1007\"><a href=\"https:\/\/blogs.univ-tlse2.fr\/cerises\/formation\/master-et-doctorat-deconomie-sociale\/enseignements\/exclusions-sociales-et-propriete\/\">Exclusions sociales et propri\u00e9t\u00e9<\/a><\/li>\n<li class=\"page_item page-item-1012\"><a href=\"https:\/\/blogs.univ-tlse2.fr\/cerises\/formation\/master-et-doctorat-deconomie-sociale\/enseignements\/histoire-de-leconomie-sociale\/\">Histoire de l&rsquo;\u00e9conomie sociale<\/a><\/li>\n<li class=\"page_item page-item-1014\"><a href=\"https:\/\/blogs.univ-tlse2.fr\/cerises\/formation\/master-et-doctorat-deconomie-sociale\/enseignements\/les-formes-democratiques\/\">Les formes d\u00e9mocratiques<\/a><\/li>\n<li class=\"page_item page-item-1019\"><a href=\"https:\/\/blogs.univ-tlse2.fr\/cerises\/formation\/master-et-doctorat-deconomie-sociale\/enseignements\/microfinance-et-appui-aux-initiatives-entrepreneuriales-locales\/\">Microfinance et appui aux initiatives entrepreneuriales locales<\/a><\/li>\n<li class=\"page_item page-item-1021\"><a href=\"https:\/\/blogs.univ-tlse2.fr\/cerises\/formation\/master-et-doctorat-deconomie-sociale\/enseignements\/etudes-de-cas\/\">Etudes de cas<\/a><\/li>\n<li class=\"page_item page-item-1023\"><a href=\"https:\/\/blogs.univ-tlse2.fr\/cerises\/formation\/master-et-doctorat-deconomie-sociale\/enseignements\/methodologie-de-projet\/\">M\u00e9thodologie de projet<\/a><\/li>\n<li class=\"page_item page-item-1025\"><a href=\"https:\/\/blogs.univ-tlse2.fr\/cerises\/formation\/master-et-doctorat-deconomie-sociale\/enseignements\/comptabilite\/\">Comptabilit\u00e9<\/a><\/li>\n<li class=\"page_item page-item-1027\"><a href=\"https:\/\/blogs.univ-tlse2.fr\/cerises\/formation\/master-et-doctorat-deconomie-sociale\/enseignements\/droit-des-groupements\/\">Droit des groupements<\/a><\/li>\n<li class=\"page_item page-item-1029\"><a href=\"https:\/\/blogs.univ-tlse2.fr\/cerises\/formation\/master-et-doctorat-deconomie-sociale\/enseignements\/methodologie-de-projet-2\/\">M\u00e9thodologie de projet<\/a><\/li>\n<li class=\"page_item page-item-1031\"><a href=\"https:\/\/blogs.univ-tlse2.fr\/cerises\/formation\/master-et-doctorat-deconomie-sociale\/enseignements\/langue-vivante\/\">Langue vivante<\/a><\/li>\n<li class=\"page_item page-item-1035\"><a href=\"https:\/\/blogs.univ-tlse2.fr\/cerises\/formation\/master-et-doctorat-deconomie-sociale\/enseignements\/developpement-et-organisation\/\">D\u00e9veloppement et organisation<\/a><\/li>\n<li class=\"page_item page-item-1037\"><a href=\"https:\/\/blogs.univ-tlse2.fr\/cerises\/formation\/master-et-doctorat-deconomie-sociale\/enseignements\/gestion\/\">Gestion<\/a><\/li>\n<li class=\"page_item page-item-1039\"><a href=\"https:\/\/blogs.univ-tlse2.fr\/cerises\/formation\/master-et-doctorat-deconomie-sociale\/enseignements\/informatique\/\">Informatique<\/a><\/li>\n\n<\/ul>\n","protected":false},"excerpt":{"rendered":"<p>Professionnalisation &#8211; ECO451A &#8211; 25h Jacques PRADES &#8211; p&#x72;&#x61;d&#101;&#x73;&#64;u&#x6e;&#x69;v&#45;&#x74;ls&#x65;&#x32;&#46;&#102;&#x72;<\/p>\n","protected":false},"author":157,"featured_media":0,"parent":193,"menu_order":11,"comment_status":"closed","ping_status":"open","template":"","meta":{"footnotes":""},"class_list":["post-1033","page","type-page","status-publish","hentry"],"_links":{"self":[{"href":"https:\/\/blogs.univ-tlse2.fr\/cerises\/wp-json\/wp\/v2\/pages\/1033","targetHints":{"allow":["GET"]}}],"collection":[{"href":"https:\/\/blogs.univ-tlse2.fr\/cerises\/wp-json\/wp\/v2\/pages"}],"about":[{"href":"https:\/\/blogs.univ-tlse2.fr\/cerises\/wp-json\/wp\/v2\/types\/page"}],"author":[{"embeddable":true,"href":"https:\/\/blogs.univ-tlse2.fr\/cerises\/wp-json\/wp\/v2\/users\/157"}],"replies":[{"embeddable":true,"href":"https:\/\/blogs.univ-tlse2.fr\/cerises\/wp-json\/wp\/v2\/comments?post=1033"}],"version-history":[{"count":4,"href":"https:\/\/blogs.univ-tlse2.fr\/cerises\/wp-json\/wp\/v2\/pages\/1033\/revisions"}],"predecessor-version":[{"id":2848,"href":"https:\/\/blogs.univ-tlse2.fr\/cerises\/wp-json\/wp\/v2\/pages\/1033\/revisions\/2848"}],"up":[{"embeddable":true,"href":"https:\/\/blogs.univ-tlse2.fr\/cerises\/wp-json\/wp\/v2\/pages\/193"}],"wp:attachment":[{"href":"https:\/\/blogs.univ-tlse2.fr\/cerises\/wp-json\/wp\/v2\/media?parent=1033"}],"curies":[{"name":"wp","href":"https:\/\/api.w.org\/{rel}","templated":true}]}}