 {"id":1035,"date":"2013-01-17T12:17:11","date_gmt":"2013-01-17T11:17:11","guid":{"rendered":"https:\/\/blogs.univ-tlse2.fr\/cerises\/?page_id=1035"},"modified":"2014-02-06T10:31:24","modified_gmt":"2014-02-06T09:31:24","slug":"developpement-et-organisation","status":"publish","type":"page","link":"https:\/\/blogs.univ-tlse2.fr\/cerises\/formation\/master-et-doctorat-deconomie-sociale\/enseignements\/developpement-et-organisation\/","title":{"rendered":"D\u00e9veloppement et organisation"},"content":{"rendered":"<p style=\"text-align: right\"><em>M\u00e9thodologie 2 &#8211; ECO451B &#8211; 25h<\/em><\/p>\n<p><strong>Jean-Jacques GUIBBERT &#8211; g&#117;&#x69;&#x62;be&#114;&#x74;&#x40;un&#105;&#x76;&#x2d;tl&#x73;&#x65;&#x32;&#46;&#102;&#x72;<\/strong><\/p>\n<p><!--more--><\/p>\n<h1>OBJECTIFS<\/h1>\n<p>L\u2019emploi informel fait l\u2019objet d\u2019un d\u00e9bat contradictoire. Pour les premiers, il n\u2019est qu\u2019un secteur de survie qui sera progressivement r\u00e9sorb\u00e9 par la modernisation des \u00e9conomies. Pour les seconds, il s\u2019agit d\u2019une modalit\u00e9 particuli\u00e8re du d\u00e9veloppement du capitalisme dans ces pays. Pour les troisi\u00e8mes, cette \u00e9conomie populaire a un r\u00f4le essentiel \u00e0 jouer dans la mise en \u0153uvre d\u2019un autre d\u00e9veloppement.<\/p>\n<h1>PLAN DU COURS<\/h1>\n<p>1 \u2013 Introduction : d\u00e9veloppement social et solidaire,<\/p>\n<p>2 \u2013 L\u2019habitat : de l\u2019auto-construction individuelle des logements \u00e0 l\u2019\u00e9quipement collectif des quartiers,<\/p>\n<p>3 \u2013 Des services entre mondialisation et privatisation sociale : l\u2019eau potable,<\/p>\n<p>4 \u2013 Des services entre mondialisation et privatisation sociale : l\u2019enl\u00e8vement des ordures,<\/p>\n<p>5 \u2013 Le travail des enfants et jeunes travailleurs : un scandale ou un droit ?<\/p>\n<p>6 \u2013 Les TIC et le d\u00e9veloppement de l\u2019\u00e9conomie sociale et solidaire.<\/p>\n<h1>BIBLIOGRAPHIE<\/h1>\n<p>&#8211; Jean-Louis LAVILLE, L&rsquo;\u00e9conomie solidaire. Une perspective internationale, Hachette Litt\u00e9ratures, 2007, 383 p.<\/p>\n<p>&#8211; Revue Tiers-Monde, Economie solidaire: des initiatives locales \u00e0 l&rsquo;action publique, N\u00b0 190, (2\/2007)<\/p>\n<p>&#8211; ENDA graf Sahel, Une Afrique s&rsquo;invente, Recherches populaires et apprentissage de la d\u00e9mocratie, Khartala 2001, 320 pages.<\/p>\n<p>&#8211; Jacques DEFOURNY, Patrick DEVELTERE, Benedicte FONTEVEAU, L&rsquo;\u00e9conomie sociale au Nord et au Sud, De Boeck &amp; Larcier, 1999<\/p>\n<p>&#8211; Philippe RYFMAN, Les ONG, La D\u00e9couverte, 2004, 123 p.<\/p>\n<h2>Consultez aussi les modules d&rsquo;enseignements suivants :<\/h2>\n\n<!-- Page-list plugin v.5.9 wordpress.org\/plugins\/page-list\/ -->\n<ul class=\"page-list \">\n<li class=\"page_item page-item-1007\"><a href=\"https:\/\/blogs.univ-tlse2.fr\/cerises\/formation\/master-et-doctorat-deconomie-sociale\/enseignements\/exclusions-sociales-et-propriete\/\">Exclusions sociales et propri\u00e9t\u00e9<\/a><\/li>\n<li class=\"page_item page-item-1012\"><a href=\"https:\/\/blogs.univ-tlse2.fr\/cerises\/formation\/master-et-doctorat-deconomie-sociale\/enseignements\/histoire-de-leconomie-sociale\/\">Histoire de l&rsquo;\u00e9conomie sociale<\/a><\/li>\n<li class=\"page_item page-item-1014\"><a href=\"https:\/\/blogs.univ-tlse2.fr\/cerises\/formation\/master-et-doctorat-deconomie-sociale\/enseignements\/les-formes-democratiques\/\">Les formes d\u00e9mocratiques<\/a><\/li>\n<li class=\"page_item page-item-1019\"><a href=\"https:\/\/blogs.univ-tlse2.fr\/cerises\/formation\/master-et-doctorat-deconomie-sociale\/enseignements\/microfinance-et-appui-aux-initiatives-entrepreneuriales-locales\/\">Microfinance et appui aux initiatives entrepreneuriales locales<\/a><\/li>\n<li class=\"page_item page-item-1021\"><a href=\"https:\/\/blogs.univ-tlse2.fr\/cerises\/formation\/master-et-doctorat-deconomie-sociale\/enseignements\/etudes-de-cas\/\">Etudes de cas<\/a><\/li>\n<li class=\"page_item page-item-1023\"><a href=\"https:\/\/blogs.univ-tlse2.fr\/cerises\/formation\/master-et-doctorat-deconomie-sociale\/enseignements\/methodologie-de-projet\/\">M\u00e9thodologie de projet<\/a><\/li>\n<li class=\"page_item page-item-1025\"><a href=\"https:\/\/blogs.univ-tlse2.fr\/cerises\/formation\/master-et-doctorat-deconomie-sociale\/enseignements\/comptabilite\/\">Comptabilit\u00e9<\/a><\/li>\n<li class=\"page_item page-item-1027\"><a href=\"https:\/\/blogs.univ-tlse2.fr\/cerises\/formation\/master-et-doctorat-deconomie-sociale\/enseignements\/droit-des-groupements\/\">Droit des groupements<\/a><\/li>\n<li class=\"page_item page-item-1029\"><a href=\"https:\/\/blogs.univ-tlse2.fr\/cerises\/formation\/master-et-doctorat-deconomie-sociale\/enseignements\/methodologie-de-projet-2\/\">M\u00e9thodologie de projet<\/a><\/li>\n<li class=\"page_item page-item-1031\"><a href=\"https:\/\/blogs.univ-tlse2.fr\/cerises\/formation\/master-et-doctorat-deconomie-sociale\/enseignements\/langue-vivante\/\">Langue vivante<\/a><\/li>\n<li class=\"page_item page-item-1033\"><a href=\"https:\/\/blogs.univ-tlse2.fr\/cerises\/formation\/master-et-doctorat-deconomie-sociale\/enseignements\/des-destins-communs\/\">Des destins communs<\/a><\/li>\n<li class=\"page_item page-item-1037\"><a href=\"https:\/\/blogs.univ-tlse2.fr\/cerises\/formation\/master-et-doctorat-deconomie-sociale\/enseignements\/gestion\/\">Gestion<\/a><\/li>\n<li class=\"page_item page-item-1039\"><a href=\"https:\/\/blogs.univ-tlse2.fr\/cerises\/formation\/master-et-doctorat-deconomie-sociale\/enseignements\/informatique\/\">Informatique<\/a><\/li>\n\n<\/ul>\n","protected":false},"excerpt":{"rendered":"<p>M\u00e9thodologie 2 &#8211; ECO451B &#8211; 25h Jean-Jacques GUIBBERT &#8211; &#x67;&#x75;&#105;b&#x62;&#x65;&#x72;&#116;&#64;&#x75;&#x6e;&#x69;&#118;-&#x74;&#x6c;&#x73;&#101;2&#x2e;&#x66;&#x72;<\/p>\n","protected":false},"author":157,"featured_media":0,"parent":193,"menu_order":12,"comment_status":"closed","ping_status":"open","template":"","meta":{"footnotes":""},"class_list":["post-1035","page","type-page","status-publish","hentry"],"_links":{"self":[{"href":"https:\/\/blogs.univ-tlse2.fr\/cerises\/wp-json\/wp\/v2\/pages\/1035","targetHints":{"allow":["GET"]}}],"collection":[{"href":"https:\/\/blogs.univ-tlse2.fr\/cerises\/wp-json\/wp\/v2\/pages"}],"about":[{"href":"https:\/\/blogs.univ-tlse2.fr\/cerises\/wp-json\/wp\/v2\/types\/page"}],"author":[{"embeddable":true,"href":"https:\/\/blogs.univ-tlse2.fr\/cerises\/wp-json\/wp\/v2\/users\/157"}],"replies":[{"embeddable":true,"href":"https:\/\/blogs.univ-tlse2.fr\/cerises\/wp-json\/wp\/v2\/comments?post=1035"}],"version-history":[{"count":4,"href":"https:\/\/blogs.univ-tlse2.fr\/cerises\/wp-json\/wp\/v2\/pages\/1035\/revisions"}],"predecessor-version":[{"id":2849,"href":"https:\/\/blogs.univ-tlse2.fr\/cerises\/wp-json\/wp\/v2\/pages\/1035\/revisions\/2849"}],"up":[{"embeddable":true,"href":"https:\/\/blogs.univ-tlse2.fr\/cerises\/wp-json\/wp\/v2\/pages\/193"}],"wp:attachment":[{"href":"https:\/\/blogs.univ-tlse2.fr\/cerises\/wp-json\/wp\/v2\/media?parent=1035"}],"curies":[{"name":"wp","href":"https:\/\/api.w.org\/{rel}","templated":true}]}}