 {"id":1360,"date":"2013-01-18T10:06:58","date_gmt":"2013-01-18T09:06:58","guid":{"rendered":"https:\/\/blogs.univ-tlse2.fr\/cerises\/?page_id=1360"},"modified":"2014-02-06T10:31:56","modified_gmt":"2014-02-06T09:31:56","slug":"textes-de-conferences-2004","status":"publish","type":"page","link":"https:\/\/blogs.univ-tlse2.fr\/cerises\/publications\/conferences-colloques\/textes-de-conferences-2004\/","title":{"rendered":"Textes de conf\u00e9rences 2005-2006"},"content":{"rendered":"<h3><a href=\"https:\/\/blogs.univ-tlse2.fr\/cerises\/files\/textes-de-conferences-2004\/cafe-coop-Montpellier.pdf\">La coop\u00e9ration \u00e7a sert \u00e0 construire du collectif<\/a><\/h3>\n<p><em>1er Caf\u00e9 Coop\u00e9ratif, organis\u00e9 le 22 juin 2006 \u00e0 Montpellier par Scop Entreprises Languedoc-Roussillon Jacques Prades CERISES Universit\u00e9 de Toulouse 2-Le Mirail &#112;&#x72;a&#x64;e&#x73;&#64;&#x75;n&#x69;v&#45;&#x74;&#108;&#x73;e&#x32;&#46;&#x66;r<\/em><\/p>\n<p>Le renouveau de la coop\u00e9ration en France est sensible. Cependant, le mouvement reste moins affirm\u00e9 qu&rsquo;en Espagne ou et Italie et moins tonique qu&rsquo;au d\u00e9but du si\u00e8cle en France.<\/p>\n<p>Peut-on expliquer ces diff\u00e9rences ? La neutralit\u00e9 politique revendiqu\u00e9e lors des premiers congr\u00e8s de la coop\u00e9ration puis les positions prises durant la p\u00e9riode de Vichy peuvent d\u00e9j\u00e0 \u00eatre un premier \u00e9l\u00e9ment d&rsquo;explication. Le fait que la coop\u00e9ration soit surtout, en France, la r\u00e9ponse \u00e0 une situation n\u00e9gative (d\u00e9p\u00f4t de bilan, manque de repreneur, etc) est certainement un deuxi\u00e8me \u00e9l\u00e9ment. Le cadre culturel individualiste des fran\u00e7ais peut \u00eatre avanc\u00e9 comme un troisi\u00e8me \u00e9l\u00e9ment d&rsquo;explication. Sans renier ces explications partielles, nous voudrions proposer une autre piste.<\/p>\n<p>Il s&rsquo;agira de montrer que le mouvement coop\u00e9ratif fran\u00e7ais n&rsquo;a pas su montrer et valoriser que la coop\u00e9ration servait surtout \u00e0 \u00ab\u00a0produire du collectif\u00a0\u00bb.<\/p>\n<p>Apr\u00e8s avoir montrer pourquoi nous \u00e9tions davantage que les autres pris en d\u00e9faut sur cette question, nous monterons que ceci explique que les coop\u00e9ratives se soit principalement concentr\u00e9e sur deux strat\u00e9gies : la d\u00e9fense des plus vuln\u00e9rables et la niche \u00e9conomique.<\/p>\n<p>Mais cela ne suffit pas pour produire du collectif.<\/p>\n<p>La communication poursuivra par quelques pistes de travail aller dans le sens d&rsquo;une rediscussion du concept de \u00ab\u00a0propri\u00e9t\u00e9 collective\u00a0\u00bb en vogue au 19\u00e8me si\u00e8cle.<\/p>\n<h3><a href=\"https:\/\/blogs.univ-tlse2.fr\/cerises\/files\/textes-de-conferences-2004\/Gomez-Prades-translation.pdf\">Mondragon : un holding company faced with globalization<\/a><br \/>\n<a href=\"https:\/\/blogs.univ-tlse2.fr\/cerises\/files\/textes-de-conferences-2004\/mondragon-prades.pdf\">Le complexe de Mondragon en question<\/a><\/h3>\n<p><em>Conf\u00e9rence de l&rsquo;Ecole de Paris 2005<\/em><br \/>\n<em> Fernando Gomez Acedo, president supervosory board, Fagor-Brandt SA et Jacques Prades, Universit\u00e9 Toulouse 2 Le Mirail<\/em><\/p>\n<p>The complex of Mondrag\u00f3n co-operatives, founded fifty years ago from a small company in the Spanish Basque country, today comprises more than one hundred and sixteen co-operatives and seventy thousand employees, nearly half of whom are partners. It recently bought the Brandt group, the French leader in household appliances, for one hundred and sixty-two million Euros, thereby becoming the fifth largest household appliance manufacturer in Europe. In addition, the group has gradually set up professional schools, a research centre, as well as providing social services and a bank. How has a system based on co-operatives often considered in France to be small companies without any major ambitions managed to scale such heights ? Does it remain faithful to the principles on which it was founded ? Is it exportable ? How does it face up to global competition in a sector as sensitive as household appliances ?<\/p>\n","protected":false},"excerpt":{"rendered":"<p>La coop\u00e9ration \u00e7a sert \u00e0 construire du collectif 1er Caf\u00e9 Coop\u00e9ratif, organis\u00e9 le 22 juin 2006 \u00e0 Montpellier par Scop Entreprises Languedoc-Roussillon Jacques Prades CERISES Universit\u00e9 de Toulouse 2-Le Mirail pr&#x61;&#x64;&#x65;s&#64;&#117;&#x6e;&#x69;v-&#116;&#x6c;&#x73;e2&#46;&#x66;&#x72; Le renouveau de la coop\u00e9ration en France est sensible. Cependant, le mouvement reste moins affirm\u00e9 qu&rsquo;en Espagne ou et Italie et moins tonique qu&rsquo;au [&hellip;]<\/p>\n","protected":false},"author":157,"featured_media":0,"parent":215,"menu_order":28,"comment_status":"closed","ping_status":"open","template":"","meta":{"footnotes":""},"class_list":["post-1360","page","type-page","status-publish","hentry"],"_links":{"self":[{"href":"https:\/\/blogs.univ-tlse2.fr\/cerises\/wp-json\/wp\/v2\/pages\/1360","targetHints":{"allow":["GET"]}}],"collection":[{"href":"https:\/\/blogs.univ-tlse2.fr\/cerises\/wp-json\/wp\/v2\/pages"}],"about":[{"href":"https:\/\/blogs.univ-tlse2.fr\/cerises\/wp-json\/wp\/v2\/types\/page"}],"author":[{"embeddable":true,"href":"https:\/\/blogs.univ-tlse2.fr\/cerises\/wp-json\/wp\/v2\/users\/157"}],"replies":[{"embeddable":true,"href":"https:\/\/blogs.univ-tlse2.fr\/cerises\/wp-json\/wp\/v2\/comments?post=1360"}],"version-history":[{"count":36,"href":"https:\/\/blogs.univ-tlse2.fr\/cerises\/wp-json\/wp\/v2\/pages\/1360\/revisions"}],"predecessor-version":[{"id":3501,"href":"https:\/\/blogs.univ-tlse2.fr\/cerises\/wp-json\/wp\/v2\/pages\/1360\/revisions\/3501"}],"up":[{"embeddable":true,"href":"https:\/\/blogs.univ-tlse2.fr\/cerises\/wp-json\/wp\/v2\/pages\/215"}],"wp:attachment":[{"href":"https:\/\/blogs.univ-tlse2.fr\/cerises\/wp-json\/wp\/v2\/media?parent=1360"}],"curies":[{"name":"wp","href":"https:\/\/api.w.org\/{rel}","templated":true}]}}