 {"id":1500,"date":"2013-01-21T10:14:59","date_gmt":"2013-01-21T09:14:59","guid":{"rendered":"https:\/\/blogs.univ-tlse2.fr\/cerises\/?page_id=1500"},"modified":"2014-02-06T10:31:40","modified_gmt":"2014-02-06T09:31:40","slug":"rapports-detudes-1998-2002","status":"publish","type":"page","link":"https:\/\/blogs.univ-tlse2.fr\/cerises\/publications\/rapports-detudes\/rapports-detudes-et-de-recherche\/rapports-detudes-1998-2002\/","title":{"rendered":"Rapports d&rsquo;\u00e9tudes 1998-2002"},"content":{"rendered":"<h3><a href=\"https:\/\/blogs.univ-tlse2.fr\/cerises\/files\/rapports-detudes-1998-2002\/dim-soc-reconsiderer-la-richesse.pdf\">Reconsid\u00e9rer la richesse<\/a><\/h3>\n<p>Rapport de 2002 r\u00e9alis\u00e9 \u00e0 la demande de l&rsquo;ex Secr\u00e9tariat d&rsquo;Etat \u00e0 l&rsquo;Economie Sociale et Solidaire<br \/>\nPatrick Viveret, conseiller r\u00e9f\u00e9rendaire \u00e0 la Cour des Comptes<\/p>\n<p>Il est plus que temps de nous atteler \u00e0 ce chantier consid\u00e9rable du changement de repr\u00e9sentation de la richesse et de la fonction que joue la monnaie dans nos soci\u00e9t\u00e9s. D\u00e9finir l&rsquo;\u00e9valuation comme une d\u00e9lib\u00e9ration sur les valeurs : la question des \u00ab\u00a0indicateurs\u00a0\u00bb qui rel\u00e8ve des outils ne peut donc \u00eatre dissoci\u00e9e de celle des \u00ab\u00a0crit\u00e8res\u00a0\u00bb qui rel\u00e8ve du d\u00e9bat sur les fins. Il s&rsquo;agit de retrouver, \u00e0 l&rsquo;aube de ce si\u00e8cle, la force originelle du principe associatif, celle qui cherche, \u00e0 travers et au del\u00e0 l&rsquo;\u00e9conomie, \u00e0 substituer la logique coop\u00e9rative des jeux gagnants\/gagnants \u00e0 la logique guerri\u00e8re des jeux gagnants\/perdants. La philosophie g\u00e9n\u00e9rale des \u00ab\u00a0rapports mondiaux sur le d\u00e9veloppement humain\u00a0\u00bb vise \u00e0 r\u00e9tablir le lien entre l&rsquo;\u00e9conomie et l&rsquo;\u00e9thique.<\/p>\n<h3><a href=\"https:\/\/blogs.univ-tlse2.fr\/cerises\/files\/rapports-detudes-1998-2002\/Glouziekoff.pdf\">L&rsquo;exclusion bancaire et financi\u00e8re des particuliers<\/a><\/h3>\n<p>M\u00e9moire de DEA, 2001- Universit\u00e9 Lyon II- DEA Histoire et analyse \u00e9conomique des institutions et des organisations<br \/>\nGeorges Gloukoviezoff<\/p>\n<p>Cinq millions de particuliers seraient aujourd&rsquo;hui, en France, exclus de tout ou partie des services et produits bancaires de base (compte et moyens de paiement scripturaux . Si le d\u00e9nombrement des personnes concern\u00e9es peut \u00eatre sujet \u00e0 d\u00e9bat, cette question m\u00e9rite d&rsquo;\u00eatre d\u00e9pass\u00e9e pour une \u00e9tude de ce qu&rsquo;est l&rsquo;exclusion bancaire et financi\u00e8re, de ce qui la provoque et de ce qui peut permettre de l&rsquo;\u00e9viter.<\/p>\n<h3><a href=\"http:\/\/lipietz.net\/spip.php?article318\" target=\"_blank\">Rapport final sur l\u2019entreprise \u00e0 but social et le tiers-secteur<\/a><\/h3>\n<p>Rapport final relatif \u00e0 la lettre de mission de Madame la ministre de l&rsquo;Emploi et de la Solidarit\u00e9 en 2000<br \/>\nAlain Lipietz<\/p>\n<p>\u00ab\u00a0La question qui m\u2019\u00e9tait pos\u00e9e par Madame la Ministre de l\u2019Emploi et de la Solidarit\u00e9, dans sa lettre de mission du 17 septembre 1998, \u00e9tait simple : \u00a0\u00bb L\u2019opportunit\u00e9 de la cr\u00e9ation d\u2019un nouveau statut d\u2019entreprise \u00e0 but social \u00ab\u00a0.<\/p>\n<p>En r\u00e9alit\u00e9, cette question visait m\u00eame initialement le seul cas des entreprises d\u2019insertion par l\u2019activit\u00e9 \u00e9conomique, pr\u00e9vu \u00e0 l\u2019article 11-IV de la Loi d\u2019orientation relative \u00e0 la lutte contre les exclusions, qui venait d\u2019\u00eatre vot\u00e9e. Mais j\u2019avais sugg\u00e9r\u00e9 que la lettre de mission \u00e9largisse le cadre de ma r\u00e9flexion \u00e0 l\u2019ensemble des entreprises (pas n\u00e9cessairement d\u2019insertion) assumant \u00e0 la fois un caract\u00e8re de production en vue de la commercialisation et pr\u00e9sentant un caract\u00e8re \u00a0\u00bb d\u2019utilit\u00e9 sociale \u00ab\u00a0.\u00a0\u00bb<\/p>\n<h3>Associations r\u00e9gies par la loi de 1901<br \/>\n<a href=\"http:\/\/www.cnis.fr\/cms\/Accueil\/publications\/Les_rapports_du_Cnis?publication=82704\" target=\"_blank\">Rapport de novembre 1998 Guy Neyret, INSEE<\/a><\/h3>\n<p>Jean-Marie Nivlet, SJTI<br \/>\nDaniel Rault, DIES<\/p>\n<p>\u00ab\u00a0Dans les ann\u00e9es 80, les lacunes de la statistique vis-\u00e0-vis des associations avaient d\u00e9j\u00e0 \u00e9t\u00e9 implicitement mentionn\u00e9es dans la demande d\u2019une prise en compte de l\u2019\u00e9conomie sociale, \u00ab tiers secteur \u00bb \u00e0 mi-chemin entre le public et le priv\u00e9. La nouveaut\u00e9 de la demande initialis\u00e9e par la formation \u00ab commerce-services \u00bb du Conseil national de l\u2019information statistique et confirm\u00e9e par lettre du Premier Ministre au Directeur g\u00e9n\u00e9ral de l\u2019INSEE est de ne concerner que la seule cat\u00e9gorie juridique \u00ab associations \u00bb au sens strict de la Loi de 1901. Cette demande est port\u00e9e par la D\u00e9l\u00e9gation interminist\u00e9rielle \u00e0 l\u2019innovation sociale et \u00e0 l\u2019\u00e9conomiesociale (DIISES) et soutenue par le Conseil national de la vie associative (CNVA).\u00a0\u00bb<\/p>\n","protected":false},"excerpt":{"rendered":"<p>Reconsid\u00e9rer la richesse Rapport de 2002 r\u00e9alis\u00e9 \u00e0 la demande de l&rsquo;ex Secr\u00e9tariat d&rsquo;Etat \u00e0 l&rsquo;Economie Sociale et Solidaire Patrick Viveret, conseiller r\u00e9f\u00e9rendaire \u00e0 la Cour des Comptes Il est plus que temps de nous atteler \u00e0 ce chantier consid\u00e9rable du changement de repr\u00e9sentation de la richesse et de la fonction que joue la monnaie [&hellip;]<\/p>\n","protected":false},"author":157,"featured_media":0,"parent":65,"menu_order":30,"comment_status":"closed","ping_status":"open","template":"","meta":{"footnotes":""},"class_list":["post-1500","page","type-page","status-publish","hentry"],"_links":{"self":[{"href":"https:\/\/blogs.univ-tlse2.fr\/cerises\/wp-json\/wp\/v2\/pages\/1500","targetHints":{"allow":["GET"]}}],"collection":[{"href":"https:\/\/blogs.univ-tlse2.fr\/cerises\/wp-json\/wp\/v2\/pages"}],"about":[{"href":"https:\/\/blogs.univ-tlse2.fr\/cerises\/wp-json\/wp\/v2\/types\/page"}],"author":[{"embeddable":true,"href":"https:\/\/blogs.univ-tlse2.fr\/cerises\/wp-json\/wp\/v2\/users\/157"}],"replies":[{"embeddable":true,"href":"https:\/\/blogs.univ-tlse2.fr\/cerises\/wp-json\/wp\/v2\/comments?post=1500"}],"version-history":[{"count":9,"href":"https:\/\/blogs.univ-tlse2.fr\/cerises\/wp-json\/wp\/v2\/pages\/1500\/revisions"}],"predecessor-version":[{"id":2913,"href":"https:\/\/blogs.univ-tlse2.fr\/cerises\/wp-json\/wp\/v2\/pages\/1500\/revisions\/2913"}],"up":[{"embeddable":true,"href":"https:\/\/blogs.univ-tlse2.fr\/cerises\/wp-json\/wp\/v2\/pages\/65"}],"wp:attachment":[{"href":"https:\/\/blogs.univ-tlse2.fr\/cerises\/wp-json\/wp\/v2\/media?parent=1500"}],"curies":[{"name":"wp","href":"https:\/\/api.w.org\/{rel}","templated":true}]}}

Rapports d&rsquo;études 1998-2002

<h3><a href="https://blogs.univ-tlse2.fr/cerises/files/rapports-detudes-1998-2002/dim-soc-reconsiderer-la-richesse.pdf">Reconsidérer la richesse</a></h3>
<p>Rapport de 2002 réalisé à la demande de l&rsquo;ex Secrétariat d&rsquo;Etat à l&rsquo;Economie Sociale et Solidaire<br />
Patrick Viveret, conseiller référendaire à la Cour des Comptes</p>
<p>Il est plus que temps de nous atteler à ce chantier considérable du changement de représentation de la richesse et de la fonction que joue la monnaie dans nos sociétés. Définir l&rsquo;évaluation comme une délibération sur les valeurs : la question des « indicateurs » qui relève des outils ne peut donc être dissociée de celle des « critères » qui relève du débat sur les fins. Il s&rsquo;agit de retrouver, à l&rsquo;aube de ce siècle, la force originelle du principe associatif, celle qui cherche, à travers et au delà l&rsquo;économie, à substituer la logique coopérative des jeux gagnants/gagnants à la logique guerrière des jeux gagnants/perdants. La philosophie générale des « rapports mondiaux sur le développement humain » vise à rétablir le lien entre l&rsquo;économie et l&rsquo;éthique.</p>
<h3><a href="https://blogs.univ-tlse2.fr/cerises/files/rapports-detudes-1998-2002/Glouziekoff.pdf">L&rsquo;exclusion bancaire et financière des particuliers</a></h3>
<p>Mémoire de DEA, 2001- Université Lyon II- DEA Histoire et analyse économique des institutions et des organisations<br />
Georges Gloukoviezoff</p>
<p>Cinq millions de particuliers seraient aujourd&rsquo;hui, en France, exclus de tout ou partie des services et produits bancaires de base (compte et moyens de paiement scripturaux . Si le dénombrement des personnes concernées peut être sujet à débat, cette question mérite d&rsquo;être dépassée pour une étude de ce qu&rsquo;est l&rsquo;exclusion bancaire et financière, de ce qui la provoque et de ce qui peut permettre de l&rsquo;éviter.</p>
<h3><a href="http://lipietz.net/spip.php?article318" target="_blank">Rapport final sur l’entreprise à but social et le tiers-secteur</a></h3>
<p>Rapport final relatif à la lettre de mission de Madame la ministre de l&rsquo;Emploi et de la Solidarité en 2000<br />
Alain Lipietz</p>
<p>« La question qui m’était posée par Madame la Ministre de l’Emploi et de la Solidarité, dans sa lettre de mission du 17 septembre 1998, était simple :  » L’opportunité de la création d’un nouveau statut d’entreprise à but social « .</p>
<p>En réalité, cette question visait même initialement le seul cas des entreprises d’insertion par l’activité économique, prévu à l’article 11-IV de la Loi d’orientation relative à la lutte contre les exclusions, qui venait d’être votée. Mais j’avais suggéré que la lettre de mission élargisse le cadre de ma réflexion à l’ensemble des entreprises (pas nécessairement d’insertion) assumant à la fois un caractère de production en vue de la commercialisation et présentant un caractère  » d’utilité sociale « . »</p>
<h3>Associations régies par la loi de 1901<br />
<a href="http://www.cnis.fr/cms/Accueil/publications/Les_rapports_du_Cnis?publication=82704" target="_blank">Rapport de novembre 1998 Guy Neyret, INSEE</a></h3>
<p>Jean-Marie Nivlet, SJTI<br />
Daniel Rault, DIES</p>
<p>« Dans les années 80, les lacunes de la statistique vis-à-vis des associations avaient déjà été implicitement mentionnées dans la demande d’une prise en compte de l’économie sociale, « tiers secteur » à mi-chemin entre le public et le privé. La nouveauté de la demande initialisée par la formation « commerce-services » du Conseil national de l’information statistique et confirmée par lettre du Premier Ministre au Directeur général de l’INSEE est de ne concerner que la seule catégorie juridique « associations » au sens strict de la Loi de 1901. Cette demande est portée par la Délégation interministérielle à l’innovation sociale et à l’économiesociale (DIISES) et soutenue par le Conseil national de la vie associative (CNVA). »</p>

<p>Reconsidérer la richesse Rapport de 2002 réalisé à la demande de l&rsquo;ex Secrétariat d&rsquo;Etat à l&rsquo;Economie Sociale et Solidaire Patrick Viveret, conseiller référendaire à la Cour des Comptes Il est plus que temps de nous atteler à ce chantier considérable du changement de représentation de la richesse et de la fonction que joue la monnaie [&hellip;]</p>
