 {"id":152,"date":"2013-01-10T15:29:12","date_gmt":"2013-01-10T14:29:12","guid":{"rendered":"https:\/\/blogs.univ-tlse2.fr\/cerises\/?page_id=152"},"modified":"2014-02-06T10:32:18","modified_gmt":"2014-02-06T09:32:18","slug":"ressources-informationnelles","status":"publish","type":"page","link":"https:\/\/blogs.univ-tlse2.fr\/cerises\/experimentations\/principes-suivis-pour-lanalyse\/ressources-informationnelles\/","title":{"rendered":"Ressources informationnelles"},"content":{"rendered":"<p>Les Initiatives Solidaires et les Entreprises Sociales s&rsquo;appuient sur des innovations sociales. Il existe de nombreuses institutions qui s&rsquo;occupent de recenser les innovations technologiques. Pour les innovations sociales c&rsquo;est plus complexe. Leur m\u00e9moire n\u00e9cessite des centres de ressources de proximit\u00e9 pour accompagner les porteurs de projets.<\/p>\n<p>5 initiatives ou projets d&rsquo;initiatives ont \u00e9t\u00e9 analys\u00e9s :<\/p>\n<p><a title=\"Etym\u00f4n\" href=\"https:\/\/blogs.univ-tlse2.fr\/cerises\/experimentations\/principes-suivis-pour-lanalyse\/ressources-informationnelles\/etymon\/\"><strong>Etym\u00f4n<\/strong><\/a> est une couveuse.<\/p>\n<p><a title=\"NAJE\" href=\"https:\/\/blogs.univ-tlse2.fr\/cerises\/experimentations\/principes-suivis-pour-lanalyse\/ressources-informationnelles\/naje\/\"><strong>NAJE<\/strong><\/a> (Nous n&rsquo;Abandonnerons Jamais l&rsquo;Espoir) est un centre de formation dans le domaine du th\u00e9\u00e2tre.<\/p>\n<p><a title=\"ExpressionS\" href=\"https:\/\/blogs.univ-tlse2.fr\/cerises\/experimentations\/principes-suivis-pour-lanalyse\/ressources-informationnelles\/expressions\/\"><strong>ExpressionS<\/strong><\/a> est un projet d&rsquo;initiative d&rsquo;un ancien \u00e9tudiant du Master Professionnel Nouvelle Economie Sociale: il s&rsquo;agirait d&rsquo;une structure de type \u00ab\u00a0maison de ch\u00f4meurs\u00a0\u00bb associ\u00e9e \u00e0 un r\u00e9seau d&rsquo;\u00e9changes de savoirs.<\/p>\n<p><a title=\"Espace multim\u00e9dia au sein de l\u2019association ANSE\" href=\"https:\/\/blogs.univ-tlse2.fr\/cerises\/experimentations\/principes-suivis-pour-lanalyse\/ressources-informationnelles\/espace-multimedia-au-sein-de-lassociation-anse\/\"><strong>Espace multim\u00e9dia au sein de l&rsquo;association ANSE<\/strong><\/a> est un projet de d\u00e9velopper des formations en informatique au sein de l&rsquo;association ANSE<\/p>\n<p><a title=\"Principe Actif\" href=\"https:\/\/blogs.univ-tlse2.fr\/cerises\/experimentations\/principes-suivis-pour-lanalyse\/ressources-informationnelles\/principe-actif\/\"><strong>Principe Actif<\/strong><\/a> est un projet de radio associative et de diffusion locale et participative de l&rsquo;information.<\/p>\n<p>D&rsquo;autres structures sont pr\u00e9sent\u00e9es plus bri\u00e8vement sur <a href=\"https:\/\/blogs.univ-tlse2.fr\/cerises\/files\/publications-issues-des-travaux-de-cerises\/plaine-commune-bonnes-pratiques.pdf\">Plaine Commune 3 Bonnes pratiques<\/a> ainsi que sur <a href=\"https:\/\/blogs.univ-tlse2.fr\/cerises\/files\/ressources-informationnelles\/CR-MIP-bdd.pdf\">Initiatives Midi Pyr\u00e9n\u00e9es<\/a>. Elles ont \u00e9t\u00e9 r\u00e9alis\u00e9es lors de deux <a title=\"Les expertises de Cerises\" href=\"https:\/\/blogs.univ-tlse2.fr\/cerises\/experimentations\/les-expertises-de-cerises\/\">expertises par Cerises<\/a>.<\/p>\n<p>A terme, l&rsquo;ensemble des types d&rsquo;initiatives suivantes seront explor\u00e9es, du premier accueil au suivi post-cr\u00e9ation :<br \/>\n\u2022 Aides des personnes : Maisons de ch\u00f4meurs, centres d&rsquo;alphab\u00e9tisation, etc<br \/>\n\u2022 Centres d&rsquo;informations sp\u00e9cialis\u00e9s:<br \/>\n\u2022 \u00c9conomie, finance, gestion: Balise, etc<br \/>\n\u2022 Associations de promotion de l&rsquo;\u00e9conomie sociale et solidaire, structures militantes<br \/>\n\u2022 Centres de formation<br \/>\n\u2022 F\u00e9d\u00e9rations et r\u00e9seaux d&rsquo;essaimage<br \/>\n\u2022 Structures d&rsquo;accompagnement: Boutiques de Gestion, couveuses, p\u00e9pini\u00e8res<\/p>\n<h2>Consultez aussi :<\/h2>\n\n<!-- Page-list plugin v.5.9 wordpress.org\/plugins\/page-list\/ -->\n<ul class=\"page-list \">\n<li class=\"page_item page-item-260\"><a href=\"https:\/\/blogs.univ-tlse2.fr\/cerises\/experimentations\/principes-suivis-pour-lanalyse\/grille-danalyse\/\">Grille d&rsquo;analyse<\/a><\/li>\n<li class=\"page_item page-item-262\"><a href=\"https:\/\/blogs.univ-tlse2.fr\/cerises\/experimentations\/principes-suivis-pour-lanalyse\/methode-de-classification-en-4-categories\/\">M\u00e9thode de classification en 4 cat\u00e9gories<\/a><\/li>\n<li class=\"page_item page-item-154 page_item_has_children\"><a href=\"https:\/\/blogs.univ-tlse2.fr\/cerises\/experimentations\/principes-suivis-pour-lanalyse\/ressources-financieres\/\">Ressources financi\u00e8res<\/a><\/li>\n<li class=\"page_item page-item-156 page_item_has_children\"><a href=\"https:\/\/blogs.univ-tlse2.fr\/cerises\/experimentations\/principes-suivis-pour-lanalyse\/production-entreprises-sociales\/\">Production \u2013 Entreprises sociales<\/a><\/li>\n<li class=\"page_item page-item-158 page_item_has_children\"><a href=\"https:\/\/blogs.univ-tlse2.fr\/cerises\/experimentations\/principes-suivis-pour-lanalyse\/consommation-repartition-des-echanges-initiatives-solidaires\/\">Consommation \u2013 R\u00e9partition des \u00e9changes \u2013 Initiatives solidaires<\/a><\/li>\n\n<\/ul>\n","protected":false},"excerpt":{"rendered":"<p>Les Initiatives Solidaires et les Entreprises Sociales s&rsquo;appuient sur des innovations sociales. Il existe de nombreuses institutions qui s&rsquo;occupent de recenser les innovations technologiques. Pour les innovations sociales c&rsquo;est plus complexe. Leur m\u00e9moire n\u00e9cessite des centres de ressources de proximit\u00e9 pour accompagner les porteurs de projets. 5 initiatives ou projets d&rsquo;initiatives ont \u00e9t\u00e9 analys\u00e9s : [&hellip;]<\/p>\n","protected":false},"author":157,"featured_media":0,"parent":150,"menu_order":3,"comment_status":"closed","ping_status":"open","template":"","meta":{"footnotes":""},"class_list":["post-152","page","type-page","status-publish","hentry"],"_links":{"self":[{"href":"https:\/\/blogs.univ-tlse2.fr\/cerises\/wp-json\/wp\/v2\/pages\/152","targetHints":{"allow":["GET"]}}],"collection":[{"href":"https:\/\/blogs.univ-tlse2.fr\/cerises\/wp-json\/wp\/v2\/pages"}],"about":[{"href":"https:\/\/blogs.univ-tlse2.fr\/cerises\/wp-json\/wp\/v2\/types\/page"}],"author":[{"embeddable":true,"href":"https:\/\/blogs.univ-tlse2.fr\/cerises\/wp-json\/wp\/v2\/users\/157"}],"replies":[{"embeddable":true,"href":"https:\/\/blogs.univ-tlse2.fr\/cerises\/wp-json\/wp\/v2\/comments?post=152"}],"version-history":[{"count":11,"href":"https:\/\/blogs.univ-tlse2.fr\/cerises\/wp-json\/wp\/v2\/pages\/152\/revisions"}],"predecessor-version":[{"id":2994,"href":"https:\/\/blogs.univ-tlse2.fr\/cerises\/wp-json\/wp\/v2\/pages\/152\/revisions\/2994"}],"up":[{"embeddable":true,"href":"https:\/\/blogs.univ-tlse2.fr\/cerises\/wp-json\/wp\/v2\/pages\/150"}],"wp:attachment":[{"href":"https:\/\/blogs.univ-tlse2.fr\/cerises\/wp-json\/wp\/v2\/media?parent=152"}],"curies":[{"name":"wp","href":"https:\/\/api.w.org\/{rel}","templated":true}]}}