 {"id":1540,"date":"2013-01-21T12:14:27","date_gmt":"2013-01-21T11:14:27","guid":{"rendered":"https:\/\/blogs.univ-tlse2.fr\/cerises\/?page_id=1540"},"modified":"2014-02-06T10:31:40","modified_gmt":"2014-02-06T09:31:40","slug":"rapports-detudes-2003-2006","status":"publish","type":"page","link":"https:\/\/blogs.univ-tlse2.fr\/cerises\/publications\/rapports-detudes\/rapports-detudes-et-de-recherche\/rapports-detudes-2003-2006\/","title":{"rendered":"Rapports d&rsquo;\u00e9tudes 2003-2006"},"content":{"rendered":"<h3><a href=\"http:\/\/archives.agriculture.gouv.fr\/publications\/etudes\/bilan-des-lois-de-1991-et-1992-et-gouvernance-des-groupes-cooperatifs\/downloadFile\/FichierAttache_1_f0\/bilan_coop_agric_dgpei.pdf\" target=\"_blank\">Bilan des lois de 1991 et 1992 et gouvernance des groupes coop\u00e9ratifs<\/a><\/h3>\n<p>Rapport 2006 r\u00e9alis\u00e9 pour le compte du Minist\u00e8re de l&rsquo;Agriculture et de la P\u00eache Direction des Politiques Economique et Internationale &#8211; DPEI &#8211; INRA Toulouse &#8211; M. Filippi ; O. Frey ; P.Triboulet ; J. Vivensang<\/p>\n<p>A partir du traitement de bases de donn\u00e9es statistiques et d&rsquo;enqu\u00eates, l&rsquo;\u00e9tude permet de mesurer les \u00e9volutions des groupes coop\u00e9ratifs et d&rsquo;analyser le processus de filialisation depuis 1990. Ce bilan a \u00e9t\u00e9 r\u00e9alis\u00e9 dans le cadre de l&rsquo;\u00e9valuation du r\u00f4le de la coop\u00e9ration agricole dans la structuration des fili\u00e8res et des territoires.<\/p>\n<h3><a href=\"https:\/\/blogs.univ-tlse2.fr\/cerises\/files\/rapports-detudes-2003-2006\/PLAINE-COMMUNE-comment-mobiliser.pdf\">Plaine Commune &#8211; Comment mobiliser les acteurs en faveur du d\u00e9veloppement de leur territoire<\/a><\/h3>\n<p>Rapport r\u00e9alis\u00e9 en 2005 pour le compte de la Communaut\u00e9 d&rsquo;Agglom\u00e9ration de Plaine Commune<br \/>\nCERISES<\/p>\n<p>L&rsquo;\u00e9tat des lieux des acteurs de l&rsquo;\u00e9conomie sociale et solidaire de Plaine Commune, suivi de l&rsquo;analyse de leurs r\u00e9seaux partenariaux a permis d&rsquo;identifier des voies de mobilisation des acteurs de l&rsquo;\u00e9conomie sociale et solidaire sur leur territoire. La m\u00e9thodologie s&rsquo;est appuy\u00e9e sur la notion d&rsquo;agglom\u00e9ration d&rsquo;activit\u00e9s \u00e9conomiques.<\/p>\n<h3><a href=\"https:\/\/blogs.univ-tlse2.fr\/cerises\/files\/rapports-detudes-2003-2006\/Rapport-HeleneTrouve.pdf\">Dynamique des productions associatives: une synth\u00e8se des travaux existants<\/a><\/h3>\n<p>Rapport effectu\u00e9 \u00e0 la demande de la Caisse Nationale des Allocations Familiales, 2004<br \/>\nH\u00e9l\u00e8ne Trouv\u00e9, Universit\u00e9 Paris I Panth\u00e9on Sorbonne &#8211; MATISSE<\/p>\n<p>Fondements th\u00e9oriques \u00e0 la compr\u00e9hension du fonctionnement \u00e9conomique des associations, approches de l&rsquo;utilit\u00e9 sociale et \u00e9valuation des productions associative.<\/p>\n<h3><a href=\"https:\/\/blogs.univ-tlse2.fr\/cerises\/files\/rapports-detudes-2003-2006\/dim-soc-evaluation.pdf\">Evaluation de l&rsquo;appel \u00e0 projets Dynamiques Solidaires (2000-2001-2002) de Midi-Pyr\u00e9n\u00e9es<\/a><\/h3>\n<p>Etude command\u00e9e par le Pr\u00e9fet de Midi-Pyr\u00e9n\u00e9es le 24 juillet 2003<br \/>\nJacques Prades, Cerises, Universit\u00e9 Toulouse 2 Le Mirail<\/p>\n<p>L&rsquo;objet de ce rapport est \u00ab\u00a0la r\u00e9alisation d&rsquo;une \u00e9valuation globale du dispositif mis en place en 2000 et visant \u00e0 soutenir financi\u00e8rement des projets d&rsquo;\u00e9conomie solidaire retenus apr\u00e8s trois appels \u00e0 projets \u00ab\u00a0Dynamiques solidaires\u00a0\u00bb lanc\u00e9s en 2000, 2001 et 2002&Prime;. Cette \u00e9tude r\u00e9alis\u00e9e \u00e0 partir d&rsquo;une analyse de 46 projets retenus en r\u00e9gion Midi-Pyr\u00e9n\u00e9es comportera d&rsquo;une part une approche globale, quantitative et qualitative des r\u00e9alisations effectives et des r\u00e9sultats obtenus et d&rsquo;autre part l&rsquo;identification de crit\u00e8res et d&rsquo;indicateurs pertinents qui permettent d&rsquo;\u00e9valuer l&rsquo;utilit\u00e9 sociale des activit\u00e9s inscrites dans le champ de l&rsquo;\u00e9conomie sociale et solidaire, mais aussi mesurer les ph\u00e9nom\u00e8nes d&rsquo;externalit\u00e9s \u00a0\u00bb<\/p>\n<h3><a href=\"https:\/\/blogs.univ-tlse2.fr\/cerises\/files\/rapports-detudes-2003-2006\/dim-soc-de-la-mesure-de-la-richesse.pdf\">Commentaires sur le rapport \u00ab\u00a0Reconsid\u00e9rer la Richesse\u00a0\u00bb de Patrick Viveret<\/a><\/h3>\n<p>2003 Jacques Prades, Cerises, Universit\u00e9 Toulouse 2 Le Mirail<\/p>\n<p>PIB et productivit\u00e9 sont r\u00e9interrog\u00e9s de mani\u00e8re fr\u00e9quente en France, mais le d\u00e9bat se r\u00e9p\u00e8te sans grands changements. L&rsquo;hypoth\u00e8se que nous avan\u00e7ons est que si ce d\u00e9bat n&rsquo;avance pas, c&rsquo;est parce que les acteurs ne sont pas au rendez-vous. La tendance de la soci\u00e9t\u00e9 vers une marchandisation du monde est plus forte que les oppositions qui s&rsquo;y d\u00e9ploient et qui ne menacent pas le couple march\u00e9-Etat. On peut alors mieux appr\u00e9hender le r\u00f4le de l\u2019\u00e9conomie sociale et solidaire dans ce d\u00e9bat<\/p>\n","protected":false},"excerpt":{"rendered":"<p>Bilan des lois de 1991 et 1992 et gouvernance des groupes coop\u00e9ratifs Rapport 2006 r\u00e9alis\u00e9 pour le compte du Minist\u00e8re de l&rsquo;Agriculture et de la P\u00eache Direction des Politiques Economique et Internationale &#8211; DPEI &#8211; INRA Toulouse &#8211; M. Filippi ; O. Frey ; P.Triboulet ; J. Vivensang A partir du traitement de bases de [&hellip;]<\/p>\n","protected":false},"author":157,"featured_media":0,"parent":65,"menu_order":29,"comment_status":"closed","ping_status":"open","template":"","meta":{"footnotes":""},"class_list":["post-1540","page","type-page","status-publish","hentry"],"_links":{"self":[{"href":"https:\/\/blogs.univ-tlse2.fr\/cerises\/wp-json\/wp\/v2\/pages\/1540","targetHints":{"allow":["GET"]}}],"collection":[{"href":"https:\/\/blogs.univ-tlse2.fr\/cerises\/wp-json\/wp\/v2\/pages"}],"about":[{"href":"https:\/\/blogs.univ-tlse2.fr\/cerises\/wp-json\/wp\/v2\/types\/page"}],"author":[{"embeddable":true,"href":"https:\/\/blogs.univ-tlse2.fr\/cerises\/wp-json\/wp\/v2\/users\/157"}],"replies":[{"embeddable":true,"href":"https:\/\/blogs.univ-tlse2.fr\/cerises\/wp-json\/wp\/v2\/comments?post=1540"}],"version-history":[{"count":9,"href":"https:\/\/blogs.univ-tlse2.fr\/cerises\/wp-json\/wp\/v2\/pages\/1540\/revisions"}],"predecessor-version":[{"id":2912,"href":"https:\/\/blogs.univ-tlse2.fr\/cerises\/wp-json\/wp\/v2\/pages\/1540\/revisions\/2912"}],"up":[{"embeddable":true,"href":"https:\/\/blogs.univ-tlse2.fr\/cerises\/wp-json\/wp\/v2\/pages\/65"}],"wp:attachment":[{"href":"https:\/\/blogs.univ-tlse2.fr\/cerises\/wp-json\/wp\/v2\/media?parent=1540"}],"curies":[{"name":"wp","href":"https:\/\/api.w.org\/{rel}","templated":true}]}}

Rapports d&rsquo;études 2003-2006

<h3><a href="http://archives.agriculture.gouv.fr/publications/etudes/bilan-des-lois-de-1991-et-1992-et-gouvernance-des-groupes-cooperatifs/downloadFile/FichierAttache_1_f0/bilan_coop_agric_dgpei.pdf" target="_blank">Bilan des lois de 1991 et 1992 et gouvernance des groupes coopératifs</a></h3>
<p>Rapport 2006 réalisé pour le compte du Ministère de l&rsquo;Agriculture et de la Pêche Direction des Politiques Economique et Internationale &#8211; DPEI &#8211; INRA Toulouse &#8211; M. Filippi ; O. Frey ; P.Triboulet ; J. Vivensang</p>
<p>A partir du traitement de bases de données statistiques et d&rsquo;enquêtes, l&rsquo;étude permet de mesurer les évolutions des groupes coopératifs et d&rsquo;analyser le processus de filialisation depuis 1990. Ce bilan a été réalisé dans le cadre de l&rsquo;évaluation du rôle de la coopération agricole dans la structuration des filières et des territoires.</p>
<h3><a href="https://blogs.univ-tlse2.fr/cerises/files/rapports-detudes-2003-2006/PLAINE-COMMUNE-comment-mobiliser.pdf">Plaine Commune &#8211; Comment mobiliser les acteurs en faveur du développement de leur territoire</a></h3>
<p>Rapport réalisé en 2005 pour le compte de la Communauté d&rsquo;Agglomération de Plaine Commune<br />
CERISES</p>
<p>L&rsquo;état des lieux des acteurs de l&rsquo;économie sociale et solidaire de Plaine Commune, suivi de l&rsquo;analyse de leurs réseaux partenariaux a permis d&rsquo;identifier des voies de mobilisation des acteurs de l&rsquo;économie sociale et solidaire sur leur territoire. La méthodologie s&rsquo;est appuyée sur la notion d&rsquo;agglomération d&rsquo;activités économiques.</p>
<h3><a href="https://blogs.univ-tlse2.fr/cerises/files/rapports-detudes-2003-2006/Rapport-HeleneTrouve.pdf">Dynamique des productions associatives: une synthèse des travaux existants</a></h3>
<p>Rapport effectué à la demande de la Caisse Nationale des Allocations Familiales, 2004<br />
Hélène Trouvé, Université Paris I Panthéon Sorbonne &#8211; MATISSE</p>
<p>Fondements théoriques à la compréhension du fonctionnement économique des associations, approches de l&rsquo;utilité sociale et évaluation des productions associative.</p>
<h3><a href="https://blogs.univ-tlse2.fr/cerises/files/rapports-detudes-2003-2006/dim-soc-evaluation.pdf">Evaluation de l&rsquo;appel à projets Dynamiques Solidaires (2000-2001-2002) de Midi-Pyrénées</a></h3>
<p>Etude commandée par le Préfet de Midi-Pyrénées le 24 juillet 2003<br />
Jacques Prades, Cerises, Université Toulouse 2 Le Mirail</p>
<p>L&rsquo;objet de ce rapport est « la réalisation d&rsquo;une évaluation globale du dispositif mis en place en 2000 et visant à soutenir financièrement des projets d&rsquo;économie solidaire retenus après trois appels à projets « Dynamiques solidaires » lancés en 2000, 2001 et 2002&Prime;. Cette étude réalisée à partir d&rsquo;une analyse de 46 projets retenus en région Midi-Pyrénées comportera d&rsquo;une part une approche globale, quantitative et qualitative des réalisations effectives et des résultats obtenus et d&rsquo;autre part l&rsquo;identification de critères et d&rsquo;indicateurs pertinents qui permettent d&rsquo;évaluer l&rsquo;utilité sociale des activités inscrites dans le champ de l&rsquo;économie sociale et solidaire, mais aussi mesurer les phénomènes d&rsquo;externalités  »</p>
<h3><a href="https://blogs.univ-tlse2.fr/cerises/files/rapports-detudes-2003-2006/dim-soc-de-la-mesure-de-la-richesse.pdf">Commentaires sur le rapport « Reconsidérer la Richesse » de Patrick Viveret</a></h3>
<p>2003 Jacques Prades, Cerises, Université Toulouse 2 Le Mirail</p>
<p>PIB et productivité sont réinterrogés de manière fréquente en France, mais le débat se répète sans grands changements. L&rsquo;hypothèse que nous avançons est que si ce débat n&rsquo;avance pas, c&rsquo;est parce que les acteurs ne sont pas au rendez-vous. La tendance de la société vers une marchandisation du monde est plus forte que les oppositions qui s&rsquo;y déploient et qui ne menacent pas le couple marché-Etat. On peut alors mieux appréhender le rôle de l’économie sociale et solidaire dans ce débat</p>

<p>Bilan des lois de 1991 et 1992 et gouvernance des groupes coopératifs Rapport 2006 réalisé pour le compte du Ministère de l&rsquo;Agriculture et de la Pêche Direction des Politiques Economique et Internationale &#8211; DPEI &#8211; INRA Toulouse &#8211; M. Filippi ; O. Frey ; P.Triboulet ; J. Vivensang A partir du traitement de bases de [&hellip;]</p>
