 {"id":160,"date":"2013-01-10T15:31:25","date_gmt":"2013-01-10T14:31:25","guid":{"rendered":"https:\/\/blogs.univ-tlse2.fr\/cerises\/?page_id=160"},"modified":"2014-02-06T10:32:18","modified_gmt":"2014-02-06T09:32:18","slug":"mobilib-autopartage-a-toulouse","status":"publish","type":"page","link":"https:\/\/blogs.univ-tlse2.fr\/cerises\/experimentations\/principes-suivis-pour-lanalyse\/consommation-repartition-des-echanges-initiatives-solidaires\/mobilib-autopartage-a-toulouse\/","title":{"rendered":"Mobilib (Autopartage \u00e0 Toulouse)"},"content":{"rendered":"<p>Projet initi\u00e9 par Dominique Platon, promotion Tr\u00e9vol (2005-2006)<\/p>\n<h1>Connaissez-vous l&rsquo;Auto Partage? L&rsquo;automobile en propri\u00e9t\u00e9 collective pour des d\u00e9placements individuels.<\/h1>\n<p>Vous \u00eates peut-\u00eatre de ceux qui, tout en \u00e9tant oblig\u00e9 pour quelques d\u00e9placements ponctuels de disposer d&rsquo;une voiture, en \u00eates esclaves la plupart du temps? Vos raisons peuvent \u00eatre \u00e9conomiques ou environnementales ou autres\u2026<\/p>\n<p>Si vous ne connaissez pas ou ne savez comment franchir le pas, prenez connaissance du sujet ci-dessous ou en t\u00e9l\u00e9chargeant la Plaquette Autopartage .<\/p>\n<p>Vous pouvez aussi d\u00e9battre et \u00e9changer en allant sur le forum du site <a href=\"http:\/\/www.mobilib.fr\" target=\"_blank\">http:\/\/www.mobilib.fr<\/a><\/p>\n<p><a href=\"https:\/\/blogs.univ-tlse2.fr\/cerises\/files\/mobilib-autopartage-a-toulouse\/mobilib.pdf\">&gt; T\u00e9l\u00e9chargez la fiche compl\u00e8te Mobilib<\/a><\/p>\n<h2>Autres fiches ressources :<\/h2>\n\n<!-- Page-list plugin v.5.9 wordpress.org\/plugins\/page-list\/ -->\n<ul class=\"page-list \">\n<li class=\"page_item page-item-294\"><a href=\"https:\/\/blogs.univ-tlse2.fr\/cerises\/experimentations\/principes-suivis-pour-lanalyse\/consommation-repartition-des-echanges-initiatives-solidaires\/cooperatives-dhabitants\/\">Coop\u00e9ratives d&rsquo;habitants<\/a><\/li>\n<li class=\"page_item page-item-296\"><a href=\"https:\/\/blogs.univ-tlse2.fr\/cerises\/experimentations\/principes-suivis-pour-lanalyse\/consommation-repartition-des-echanges-initiatives-solidaires\/projet-vietnam-ong-villes-en-transition\/\">Projet \u00ab\u00a0VietNam\u00a0\u00bb &#8211; ONG Villes en Transition<\/a><\/li>\n<li class=\"page_item page-item-298\"><a href=\"https:\/\/blogs.univ-tlse2.fr\/cerises\/experimentations\/principes-suivis-pour-lanalyse\/consommation-repartition-des-echanges-initiatives-solidaires\/atelier-blanc\/\">Atelier Blanc<\/a><\/li>\n<li class=\"page_item page-item-300\"><a href=\"https:\/\/blogs.univ-tlse2.fr\/cerises\/experimentations\/principes-suivis-pour-lanalyse\/consommation-repartition-des-echanges-initiatives-solidaires\/accompagnement-a-la-scolarite\/\">Accompagnement \u00e0 la scolarit\u00e9 et \u00e0 l&rsquo;int\u00e9gration des Enfants Nouvellement Arriv\u00e9s en France<\/a><\/li>\n<li class=\"page_item page-item-302\"><a href=\"https:\/\/blogs.univ-tlse2.fr\/cerises\/experimentations\/principes-suivis-pour-lanalyse\/consommation-repartition-des-echanges-initiatives-solidaires\/nomad-rsi\/\">NOMAD RSI<\/a><\/li>\n<li class=\"page_item page-item-304\"><a href=\"https:\/\/blogs.univ-tlse2.fr\/cerises\/experimentations\/principes-suivis-pour-lanalyse\/consommation-repartition-des-echanges-initiatives-solidaires\/global-ecovillage\/\">Global Ecovillage<\/a><\/li>\n<li class=\"page_item page-item-306\"><a href=\"https:\/\/blogs.univ-tlse2.fr\/cerises\/experimentations\/principes-suivis-pour-lanalyse\/consommation-repartition-des-echanges-initiatives-solidaires\/creches-parentales\/\">Cr\u00e8ches parentales<\/a><\/li>\n<li class=\"page_item page-item-308\"><a href=\"https:\/\/blogs.univ-tlse2.fr\/cerises\/experimentations\/principes-suivis-pour-lanalyse\/consommation-repartition-des-echanges-initiatives-solidaires\/systemes-dechanges-locaux\/\">Syst\u00e8mes d&rsquo;Echanges Locaux<\/a><\/li>\n<li class=\"page_item page-item-310\"><a href=\"https:\/\/blogs.univ-tlse2.fr\/cerises\/experimentations\/principes-suivis-pour-lanalyse\/consommation-repartition-des-echanges-initiatives-solidaires\/acteurs-territoires-en-prospectives\/\">Acteurs Territoires en Prospectives<\/a><\/li>\n<li class=\"page_item page-item-162\"><a href=\"https:\/\/blogs.univ-tlse2.fr\/cerises\/experimentations\/principes-suivis-pour-lanalyse\/consommation-repartition-des-echanges-initiatives-solidaires\/le-pot-ethique\/\">Le Pot \u00c9thique<\/a><\/li>\n<li class=\"page_item page-item-312\"><a href=\"https:\/\/blogs.univ-tlse2.fr\/cerises\/experimentations\/principes-suivis-pour-lanalyse\/consommation-repartition-des-echanges-initiatives-solidaires\/via-brachy\/\">Via Brachy<\/a><\/li>\n\n<\/ul>\n","protected":false},"excerpt":{"rendered":"<p>Projet initi\u00e9 par Dominique Platon, promotion Tr\u00e9vol (2005-2006) Connaissez-vous l&rsquo;Auto Partage? L&rsquo;automobile en propri\u00e9t\u00e9 collective pour des d\u00e9placements individuels. Vous \u00eates peut-\u00eatre de ceux qui, tout en \u00e9tant oblig\u00e9 pour quelques d\u00e9placements ponctuels de disposer d&rsquo;une voiture, en \u00eates esclaves la plupart du temps? Vos raisons peuvent \u00eatre \u00e9conomiques ou environnementales ou autres\u2026 Si vous [&hellip;]<\/p>\n","protected":false},"author":157,"featured_media":0,"parent":158,"menu_order":10,"comment_status":"closed","ping_status":"open","template":"","meta":{"footnotes":""},"class_list":["post-160","page","type-page","status-publish","hentry"],"_links":{"self":[{"href":"https:\/\/blogs.univ-tlse2.fr\/cerises\/wp-json\/wp\/v2\/pages\/160","targetHints":{"allow":["GET"]}}],"collection":[{"href":"https:\/\/blogs.univ-tlse2.fr\/cerises\/wp-json\/wp\/v2\/pages"}],"about":[{"href":"https:\/\/blogs.univ-tlse2.fr\/cerises\/wp-json\/wp\/v2\/types\/page"}],"author":[{"embeddable":true,"href":"https:\/\/blogs.univ-tlse2.fr\/cerises\/wp-json\/wp\/v2\/users\/157"}],"replies":[{"embeddable":true,"href":"https:\/\/blogs.univ-tlse2.fr\/cerises\/wp-json\/wp\/v2\/comments?post=160"}],"version-history":[{"count":6,"href":"https:\/\/blogs.univ-tlse2.fr\/cerises\/wp-json\/wp\/v2\/pages\/160\/revisions"}],"predecessor-version":[{"id":3025,"href":"https:\/\/blogs.univ-tlse2.fr\/cerises\/wp-json\/wp\/v2\/pages\/160\/revisions\/3025"}],"up":[{"embeddable":true,"href":"https:\/\/blogs.univ-tlse2.fr\/cerises\/wp-json\/wp\/v2\/pages\/158"}],"wp:attachment":[{"href":"https:\/\/blogs.univ-tlse2.fr\/cerises\/wp-json\/wp\/v2\/media?parent=160"}],"curies":[{"name":"wp","href":"https:\/\/api.w.org\/{rel}","templated":true}]}}

Mobilib (Autopartage à Toulouse)

<p>Projet initié par Dominique Platon, promotion Trévol (2005-2006)</p>
<h1>Connaissez-vous l&rsquo;Auto Partage? L&rsquo;automobile en propriété collective pour des déplacements individuels.</h1>
<p>Vous êtes peut-être de ceux qui, tout en étant obligé pour quelques déplacements ponctuels de disposer d&rsquo;une voiture, en êtes esclaves la plupart du temps? Vos raisons peuvent être économiques ou environnementales ou autres…</p>
<p>Si vous ne connaissez pas ou ne savez comment franchir le pas, prenez connaissance du sujet ci-dessous ou en téléchargeant la Plaquette Autopartage .</p>
<p>Vous pouvez aussi débattre et échanger en allant sur le forum du site <a href="http://www.mobilib.fr" target="_blank">http://www.mobilib.fr</a></p>
<p><a href="https://blogs.univ-tlse2.fr/cerises/files/mobilib-autopartage-a-toulouse/mobilib.pdf">&gt; Téléchargez la fiche complète Mobilib</a></p>
<h2>Autres fiches ressources :</h2>

<!-- Page-list plugin v.5.9 wordpress.org/plugins/page-list/ -->
<ul class="page-list ">
<li class="page_item page-item-294"><a href="https://blogs.univ-tlse2.fr/cerises/experimentations/principes-suivis-pour-lanalyse/consommation-repartition-des-echanges-initiatives-solidaires/cooperatives-dhabitants/">Coopératives d&rsquo;habitants</a></li>
<li class="page_item page-item-296"><a href="https://blogs.univ-tlse2.fr/cerises/experimentations/principes-suivis-pour-lanalyse/consommation-repartition-des-echanges-initiatives-solidaires/projet-vietnam-ong-villes-en-transition/">Projet « VietNam » &#8211; ONG Villes en Transition</a></li>
<li class="page_item page-item-298"><a href="https://blogs.univ-tlse2.fr/cerises/experimentations/principes-suivis-pour-lanalyse/consommation-repartition-des-echanges-initiatives-solidaires/atelier-blanc/">Atelier Blanc</a></li>
<li class="page_item page-item-300"><a href="https://blogs.univ-tlse2.fr/cerises/experimentations/principes-suivis-pour-lanalyse/consommation-repartition-des-echanges-initiatives-solidaires/accompagnement-a-la-scolarite/">Accompagnement à la scolarité et à l&rsquo;intégration des Enfants Nouvellement Arrivés en France</a></li>
<li class="page_item page-item-302"><a href="https://blogs.univ-tlse2.fr/cerises/experimentations/principes-suivis-pour-lanalyse/consommation-repartition-des-echanges-initiatives-solidaires/nomad-rsi/">NOMAD RSI</a></li>
<li class="page_item page-item-304"><a href="https://blogs.univ-tlse2.fr/cerises/experimentations/principes-suivis-pour-lanalyse/consommation-repartition-des-echanges-initiatives-solidaires/global-ecovillage/">Global Ecovillage</a></li>
<li class="page_item page-item-306"><a href="https://blogs.univ-tlse2.fr/cerises/experimentations/principes-suivis-pour-lanalyse/consommation-repartition-des-echanges-initiatives-solidaires/creches-parentales/">Crèches parentales</a></li>
<li class="page_item page-item-308"><a href="https://blogs.univ-tlse2.fr/cerises/experimentations/principes-suivis-pour-lanalyse/consommation-repartition-des-echanges-initiatives-solidaires/systemes-dechanges-locaux/">Systèmes d&rsquo;Echanges Locaux</a></li>
<li class="page_item page-item-310"><a href="https://blogs.univ-tlse2.fr/cerises/experimentations/principes-suivis-pour-lanalyse/consommation-repartition-des-echanges-initiatives-solidaires/acteurs-territoires-en-prospectives/">Acteurs Territoires en Prospectives</a></li>
<li class="page_item page-item-162"><a href="https://blogs.univ-tlse2.fr/cerises/experimentations/principes-suivis-pour-lanalyse/consommation-repartition-des-echanges-initiatives-solidaires/le-pot-ethique/">Le Pot Éthique</a></li>
<li class="page_item page-item-312"><a href="https://blogs.univ-tlse2.fr/cerises/experimentations/principes-suivis-pour-lanalyse/consommation-repartition-des-echanges-initiatives-solidaires/via-brachy/">Via Brachy</a></li>

</ul>

<p>Projet initié par Dominique Platon, promotion Trévol (2005-2006) Connaissez-vous l&rsquo;Auto Partage? L&rsquo;automobile en propriété collective pour des déplacements individuels. Vous êtes peut-être de ceux qui, tout en étant obligé pour quelques déplacements ponctuels de disposer d&rsquo;une voiture, en êtes esclaves la plupart du temps? Vos raisons peuvent être économiques ou environnementales ou autres… Si vous [&hellip;]</p>
