 {"id":17,"date":"2013-01-09T16:36:36","date_gmt":"2013-01-09T15:36:36","guid":{"rendered":"https:\/\/blogs.univ-tlse2.fr\/cerises\/?page_id=17"},"modified":"2014-02-06T10:32:18","modified_gmt":"2014-02-06T09:32:18","slug":"experimentations","status":"publish","type":"page","link":"https:\/\/blogs.univ-tlse2.fr\/cerises\/experimentations\/","title":{"rendered":"Exp\u00e9rimentations"},"content":{"rendered":"<p><img loading=\"lazy\" decoding=\"async\" class=\"aligncenter size-large wp-image-2037\" src=\"https:\/\/blogs.univ-tlse2.fr\/cerises\/files\/experimentations\/CIMG0412-666x500.jpg\" alt=\"\" width=\"625\" height=\"469\" srcset=\"https:\/\/blogs.univ-tlse2.fr\/cerises\/files\/experimentations\/CIMG0412-666x500.jpg 666w, https:\/\/blogs.univ-tlse2.fr\/cerises\/files\/experimentations\/CIMG0412-300x225.jpg 300w, https:\/\/blogs.univ-tlse2.fr\/cerises\/files\/experimentations\/CIMG0412-624x468.jpg 624w\" sizes=\"auto, (max-width: 625px) 100vw, 625px\" \/>\n<!-- Page-list plugin v.5.9 wordpress.org\/plugins\/page-list\/ -->\n<div class=\"page-list page-list-ext \">\n<div class=\"page-list-ext-item\"><h3 class=\"page-list-ext-title\"><a href=\"https:\/\/blogs.univ-tlse2.fr\/cerises\/experimentations\/les-expertises-de-cerises\/\" title=\"Les expertises de Cerises\">Les expertises de Cerises<\/a><\/h3><div class=\"page-list-ext-item-content\">Nous intervenons en conseil en d\u00e9veloppement de l'\u00e9conomie sociale et solidaire et r\u00e9alisons des travaux de recherche. Cette page vous permet d'acc\u00e9der \u00e0 l'essentiel des r\u00e9sultats des \u00e9tudes et recherches men\u00e9es depuis 10 ans. Nous tenons en effet \u00e0 ce que la connaissance produite puisse \u00eatre librement diffus\u00e9e.<\/div><\/div>\n<div class=\"page-list-ext-item\"><h3 class=\"page-list-ext-title\"><a href=\"https:\/\/blogs.univ-tlse2.fr\/cerises\/experimentations\/principes-suivis-pour-lanalyse\/\" title=\"Principes suivis pour l&#039;analyse\">Principes suivis pour l&#039;analyse<\/a><\/h3><div class=\"page-list-ext-item-content\">Pour d\u00e9velopper l'\u00e9conomie sociale et solidaire, il faut suivre deux pistes :\r\n1- faire \u00e9merger des id\u00e9es d'initiatives solidaires et d'entreprises sociales et d\u00e9velopper ces initiatives \r\n 2- travailler \u00e0 l'agglom\u00e9ration de ces initiatives<\/div><\/div>\n<div class=\"page-list-ext-item\"><h3 class=\"page-list-ext-title\"><a href=\"https:\/\/blogs.univ-tlse2.fr\/cerises\/experimentations\/coopatoit\/\" title=\"Coopatoit : projets de co-habitat\">Coopatoit : projets de co-habitat<\/a><\/h3><div class=\"page-list-ext-item-content\">COOPATOIT est une association 1901, ind\u00e9pendante financi\u00e8rement de Cerises mais issue de la m\u00eame mouvance, qui r\u00e9unit \u00a0un groupe de ressources techniques, c\u2019est-\u00e0-dire un ensemble de personnes qualifi\u00e9es qui accompagne des futurs habitants dans le projet et la r\u00e9alisation de leur co-habitat. Un co-habitat est un rassemblement volontaire de personnes...<\/div><\/div>\n<div class=\"page-list-ext-item\"><h3 class=\"page-list-ext-title\"><a href=\"https:\/\/blogs.univ-tlse2.fr\/cerises\/experimentations\/cerisol\/\" title=\"CERISOL\">CERISOL<\/a><\/h3><div class=\"page-list-ext-item-content\">CERISOL s'est d\u00e9finitivement \u00e9teinte le 22 d\u00e9cembre 2016. Etaient pr\u00e9sents : Dominique Platon, Anne Sauvageot, Bernadette Costa, Jeanne-Marie Cardon, Philippe Massot, Marie Valejo et Jacques Prades.\r\n\r\nCerisol regroupait des \u00e9pargnants qui souhaitent soutenir la cr\u00e9ation d\u2019activit\u00e9s ou de micro-entreprises  \u00e9manant d\u2019\u00e9tudiants issus du Master La No...<\/div><\/div>\n\n<\/div><\/p>\n","protected":false},"excerpt":{"rendered":"","protected":false},"author":157,"featured_media":0,"parent":0,"menu_order":4,"comment_status":"closed","ping_status":"open","template":"","meta":{"footnotes":""},"class_list":["post-17","page","type-page","status-publish","hentry"],"_links":{"self":[{"href":"https:\/\/blogs.univ-tlse2.fr\/cerises\/wp-json\/wp\/v2\/pages\/17","targetHints":{"allow":["GET"]}}],"collection":[{"href":"https:\/\/blogs.univ-tlse2.fr\/cerises\/wp-json\/wp\/v2\/pages"}],"about":[{"href":"https:\/\/blogs.univ-tlse2.fr\/cerises\/wp-json\/wp\/v2\/types\/page"}],"author":[{"embeddable":true,"href":"https:\/\/blogs.univ-tlse2.fr\/cerises\/wp-json\/wp\/v2\/users\/157"}],"replies":[{"embeddable":true,"href":"https:\/\/blogs.univ-tlse2.fr\/cerises\/wp-json\/wp\/v2\/comments?post=17"}],"version-history":[{"count":9,"href":"https:\/\/blogs.univ-tlse2.fr\/cerises\/wp-json\/wp\/v2\/pages\/17\/revisions"}],"predecessor-version":[{"id":3032,"href":"https:\/\/blogs.univ-tlse2.fr\/cerises\/wp-json\/wp\/v2\/pages\/17\/revisions\/3032"}],"wp:attachment":[{"href":"https:\/\/blogs.univ-tlse2.fr\/cerises\/wp-json\/wp\/v2\/media?parent=17"}],"curies":[{"name":"wp","href":"https:\/\/api.w.org\/{rel}","templated":true}]}}