 {"id":1764,"date":"2013-01-22T10:55:49","date_gmt":"2013-01-22T09:55:49","guid":{"rendered":"https:\/\/blogs.univ-tlse2.fr\/cerises\/?page_id=1764"},"modified":"2020-12-07T07:41:08","modified_gmt":"2020-12-07T06:41:08","slug":"debats","status":"publish","type":"page","link":"https:\/\/blogs.univ-tlse2.fr\/cerises\/publications\/debats\/","title":{"rendered":"Au c\u0153ur des d\u00e9bats"},"content":{"rendered":"<p>\u00a0<\/p>\n<p>\u00a0<\/p>\n<p>La loi sur l&rsquo;ESS :\u00a0<a href=\"https:\/\/blogs.univ-tlse2.fr\/cerises\/files\/debats\/carpe-et-lapin.-7.pdf\">carpe et lapin. 7<\/a>\n<!-- Page-list plugin v.5.9 wordpress.org\/plugins\/page-list\/ -->\n<div class=\"page-list page-list-ext \">\n<div class=\"page-list-ext-item\"><h3 class=\"page-list-ext-title\"><a href=\"https:\/\/blogs.univ-tlse2.fr\/cerises\/publications\/debats\/reponse-au-camarade-draperi\/\" title=\"R\u00e9ponse au camarade Draperi\">R\u00e9ponse au camarade Draperi<\/a><\/h3><div class=\"page-list-ext-item-content\">\r\nJean-Fran\u00e7ois Draperi a raison de porter attention aujourd\u2019hui \u00e0 ce mouvement sur la droite de l\u2019\u00e9conomie sociale que constituent les entreprises sociales (le MOUV) parce qu\u2019il y a trente ans, l\u2019\u00e9conomie sociale n\u2019avait pas compris le mouvement sur...<\/div><\/div>\n<div class=\"page-list-ext-item\"><h3 class=\"page-list-ext-title\"><a href=\"https:\/\/blogs.univ-tlse2.fr\/cerises\/publications\/debats\/debats-autour-de-la-microfinance-et-de-lexclusion-bancaire\/\" title=\"D\u00e9bats autour de la microfinance et de l&#039;exclusion bancaire\">D\u00e9bats autour de la microfinance et de l&#039;exclusion bancaire<\/a><\/h3><div class=\"page-list-ext-item-content\">L'engouement pour la microfinance s'est consid\u00e9rablement accru depuis 2005 avec l'ann\u00e9e mondiale de la microfinance suivie en 2006 de l'attribution du Prix Nobel de la Paix au fondateur de la Grameen Bank. Dans un tel contexte, les interventions suivantes sont essentielles pour conserver le recul critique n\u00e9cessaire.<\/div><\/div>\n<div class=\"page-list-ext-item\"><h3 class=\"page-list-ext-title\"><a href=\"https:\/\/blogs.univ-tlse2.fr\/cerises\/publications\/debats\/debats-economie-sociale-et-solidaire-denominations\/\" title=\"D\u00e9bats : \u00e9conomie sociale et solidaire, d\u00e9nominations\">D\u00e9bats : \u00e9conomie sociale et solidaire, d\u00e9nominations<\/a><\/h3><div class=\"page-list-ext-item-content\">En France, les initiatives solidaires et les entreprises sociales se rassemblent souvent sous les termes \u00e9conomie sociale et \u00e9conomie solidaire. Les tentatives de pr\u00e9senter un visage institutionnel plus uni passent par diverses prises de position.\r\nD'autres pr\u00e9f\u00e8rent se regrouper autour de la notion de tiers-secteur.\r\nCes d\u00e9nominations ont en commun de faire r\u00e9f\u00e9rence \u00e0 des ensembles et non \u00e0 des entit\u00e9s individuelles (ce qui est le cas de entreprises sociales, initiatives socio-\u00e9conomiques, organismes \u00e0 but non lucratif).\r\n\r\n<\/div><\/div>\n<div class=\"page-list-ext-item\"><h3 class=\"page-list-ext-title\"><a href=\"https:\/\/blogs.univ-tlse2.fr\/cerises\/publications\/debats\/debats-sur-la-technologie-et-sur-la-croissance\/\" title=\"D\u00e9bats sur la technologie et sur la croissance\">D\u00e9bats sur la technologie et sur la croissance<\/a><\/h3><div class=\"page-list-ext-item-content\">Les penseurs qui ont critiqu\u00e9 la place de la technologie dans la modernit\u00e9 (Jacques Ellul, Bernard Charbonneau, etc) ont toujours un \u00e9cho limit\u00e9. Aujourd'hui, on assiste \u00e0 la multiplication d'initiatives citoyennes qui tentent de r\u00e9sister \u00e0 l'imposition sans d\u00e9bats de nouvelles technologies et on analyse comment les entreprises d'\u00e9conomie sociale se comportent dans ce contexte.<\/div><\/div>\n<div class=\"page-list-ext-item\"><h3 class=\"page-list-ext-title\"><a href=\"https:\/\/blogs.univ-tlse2.fr\/cerises\/publications\/debats\/propriete-collective\/\" title=\"Propri\u00e9t\u00e9 collective\">Propri\u00e9t\u00e9 collective<\/a><\/h3><div class=\"page-list-ext-item-content\">Depuis les ann\u00e9es 1950, la notion de propri\u00e9t\u00e9 collective a fait l'objet d'une amn\u00e9sie quasi g\u00e9n\u00e9rale.\r\n\r\nAlors que le mouvement des coop\u00e9ratives d'habitants a \u00e9t\u00e9 progressivement d\u00e9cim\u00e9 dans les ann\u00e9es 1970 par des lois remettant notamment en cause la possibilit\u00e9 d'une propri\u00e9t\u00e9 collective (location coop\u00e9rative dans laquelle on poss\u00e8de des parts de la coop\u00e9rative qui elle-m\u00eame poss\u00e8de l'habitat, mixit\u00e9 sociale rendue possible par la coexistence de plusieurs formules de location, etc), de nouvelles tentatives de\u00a0coop\u00e9ratives d'habitants  se font jour dans les ann\u00e9es 2000.<\/div><\/div>\n<div class=\"page-list-ext-item\"><h3 class=\"page-list-ext-title\"><a href=\"https:\/\/blogs.univ-tlse2.fr\/cerises\/publications\/debats\/developpement-local-et-agglomeration-dactivites\/\" title=\"D\u00e9veloppement local et agglom\u00e9ration d&#039;activit\u00e9s\">D\u00e9veloppement local et agglom\u00e9ration d&#039;activit\u00e9s<\/a><\/h3><div class=\"page-list-ext-item-content\">Alors que le d\u00e9veloppement local est souvent pens\u00e9 en terme d'attractivit\u00e9 (attirer les capitaux, les comp\u00e9tences, etc) ou en terme de comp\u00e9titivit\u00e9 d'un territoire dans la division du travail internationale, les initiatives solidaires et les entreprises sociales peuvent constituer la cheville ouvri\u00e8re de territoires qui comptent sur leurs propres ressources. La d\u00e9pendance \u00e0 l'\u00e9gard des march\u00e9s internationaux est alors limit\u00e9e et les acteurs d'un territoire se retrouvent en capacit\u00e9 de mieux ma\u00eetriser leur destin. Cela n\u00e9cessite \u00e9galement d'\u00e9viter un deuxi\u00e8me \u00e9cueil: celui de l'int\u00e9gration du territoire dans une pyramide des territoires fortement centralis\u00e9e et hi\u00e9rarchis\u00e9e en France.<\/div><\/div>\n\n<\/div><\/p>\n\n\n<div class=\"wp-block-file\"><a href=\"https:\/\/blogs.univ-tlse2.fr\/cerises\/files\/debats\/Ruse-de-riche.pdf\">Ruse-de-riche<\/a><a href=\"https:\/\/blogs.univ-tlse2.fr\/cerises\/files\/debats\/Ruse-de-riche.pdf\" class=\"wp-block-file__button\" download>T\u00e9l\u00e9charger<\/a><\/div>\n\n\n\n<div class=\"wp-block-file\"><a href=\"https:\/\/blogs.univ-tlse2.fr\/cerises\/files\/debats\/innov-sociale-version-finale-RECMA.docx\">innov-sociale-version-finale-RECMA<\/a><a href=\"https:\/\/blogs.univ-tlse2.fr\/cerises\/files\/debats\/innov-sociale-version-finale-RECMA.docx\" class=\"wp-block-file__button\" download>T\u00e9l\u00e9charger<\/a><\/div>\n","protected":false},"excerpt":{"rendered":"<p>\u00a0 \u00a0 La loi sur l&rsquo;ESS :\u00a0carpe et lapin. 7<\/p>\n","protected":false},"author":157,"featured_media":0,"parent":14,"menu_order":6,"comment_status":"closed","ping_status":"open","template":"","meta":{"footnotes":""},"class_list":["post-1764","page","type-page","status-publish","hentry"],"_links":{"self":[{"href":"https:\/\/blogs.univ-tlse2.fr\/cerises\/wp-json\/wp\/v2\/pages\/1764","targetHints":{"allow":["GET"]}}],"collection":[{"href":"https:\/\/blogs.univ-tlse2.fr\/cerises\/wp-json\/wp\/v2\/pages"}],"about":[{"href":"https:\/\/blogs.univ-tlse2.fr\/cerises\/wp-json\/wp\/v2\/types\/page"}],"author":[{"embeddable":true,"href":"https:\/\/blogs.univ-tlse2.fr\/cerises\/wp-json\/wp\/v2\/users\/157"}],"replies":[{"embeddable":true,"href":"https:\/\/blogs.univ-tlse2.fr\/cerises\/wp-json\/wp\/v2\/comments?post=1764"}],"version-history":[{"count":6,"href":"https:\/\/blogs.univ-tlse2.fr\/cerises\/wp-json\/wp\/v2\/pages\/1764\/revisions"}],"predecessor-version":[{"id":3876,"href":"https:\/\/blogs.univ-tlse2.fr\/cerises\/wp-json\/wp\/v2\/pages\/1764\/revisions\/3876"}],"up":[{"embeddable":true,"href":"https:\/\/blogs.univ-tlse2.fr\/cerises\/wp-json\/wp\/v2\/pages\/14"}],"wp:attachment":[{"href":"https:\/\/blogs.univ-tlse2.fr\/cerises\/wp-json\/wp\/v2\/media?parent=1764"}],"curies":[{"name":"wp","href":"https:\/\/api.w.org\/{rel}","templated":true}]}}