 {"id":1786,"date":"2013-01-22T11:14:46","date_gmt":"2013-01-22T10:14:46","guid":{"rendered":"https:\/\/blogs.univ-tlse2.fr\/cerises\/?page_id=1786"},"modified":"2014-02-06T10:31:56","modified_gmt":"2014-02-06T09:31:56","slug":"debats-autour-de-la-microfinance-et-de-lexclusion-bancaire","status":"publish","type":"page","link":"https:\/\/blogs.univ-tlse2.fr\/cerises\/publications\/debats\/debats-autour-de-la-microfinance-et-de-lexclusion-bancaire\/","title":{"rendered":"D\u00e9bats autour de la microfinance et de l&rsquo;exclusion bancaire"},"content":{"rendered":"<p>L&rsquo;engouement pour la microfinance s&rsquo;est consid\u00e9rablement accru depuis 2005 avec l&rsquo;ann\u00e9e mondiale de la microfinance suivie en 2006 de l&rsquo;attribution du Prix Nobel de la Paix au fondateur de la Grameen Bank. Dans un tel contexte, les interventions suivantes sont essentielles pour conserver le recul critique n\u00e9cessaire.<!--more--><\/p>\n<p>Page r\u00e9alis\u00e9e avec la collaboration de Maider Louessard, stagiaire \u00e0 Cerises en 2007.<\/p>\n<h1>LA MICROFINANCE, outil miracle ?<\/h1>\n<p>Microcr\u00e9dit, outil fragile (LE MONDE du 29.11.05), par Isabelle Gu\u00e9rin et Marc Roesch (Isabelle Gu\u00e9rin est charg\u00e9e de recherche \u00e0 l&rsquo;Institut de recherche pour le d\u00e9veloppement; Marc Roesch est agro-\u00e9conomiste au Centre de coop\u00e9ration internationale en recherche agronomique pour le d\u00e9veloppement (Cirad))<br \/>\nL&rsquo;Ann\u00e9e de la microfinance aurait pu \u00eatre celle de l&rsquo;inventaire, du bilan, d&rsquo;une pause mise \u00e0 profit pour r\u00e9fl\u00e9chir sur les potentialit\u00e9s mais aussi les limites de cet outil. Force est de constater, h\u00e9las, qu&rsquo;elle a surtout \u00e9t\u00e9 une formidable machine de promotion pour attirer les investisseurs priv\u00e9s, les banques et les donateurs dans un secteur pr\u00e9sent\u00e9 comme \u00ab\u00a0gagnant-gagnant\u00a0\u00bb o\u00f9 l&rsquo;on fait profit tout en lib\u00e9rant le potentiel entrepreneurial qui sommeille en chaque pauvre !<br \/>\nSuite de l&rsquo;article: www.up.univ-mrs.fr\/wiupenv\/labo\/d_lpe\/actualites\/avril06\/Article-Guerin-LeMonde.pdf<\/p>\n<p><a href=\"http:\/\/www.ifpindia.org\/mm\/ifpinfo\/microcredit\/\" target=\"_blank\">D\u00e9bat contradictoire initi\u00e9 par l&rsquo;Institut Fran\u00e7ais de Pondich\u00e9ry<\/a><br \/>\nMuhammad Yunus et la Grameen Bank qu&rsquo;il a cr\u00e9\u00e9e ont re\u00e7u le prix Nobel de la Paix 2006. Un sommet mondial sur le microcr\u00e9dit s&rsquo;est tenu \u00e0 Halifax en novembre 2006. Il en est r\u00e9sult\u00e9 un consensus m\u00e9diatique sans pr\u00e9c\u00e9dent sur les vertus suppos\u00e9es du microcr\u00e9dit pour r\u00e9soudre le probl\u00e8me de la pauvret\u00e9 dans le Monde. Des voix de chercheurs appellent \u00e0 une prise de conscience des limites de cet instrument financier.<\/p>\n<p><a href=\"https:\/\/blogs.univ-tlse2.fr\/cerises\/files\/debats-autour-de-la-microfinance-et-de-lexclusion-bancaire\/micro-servet.pdf\">Article paru dans Le Temps<\/a><br \/>\n\u00ab\u00a0A la veille de la remise du Prix Nobel de la Paix \u00e0 Muhammad Yunus, notre expert relativise la port\u00e9e du microcr\u00e9dit, qui ne touche pas les plus pauvres et qui est vant\u00e9 notamment par nombre de n\u00e9olib\u00e9raux\u00a0\u00bb, par Jean-Michel Servet<\/p>\n<p><a href=\"http:\/\/www.liberation.fr\/tribune\/010164839-inde-la-microfinance-en-crise\" target=\"_blank\">Inde la microfinance en crise<\/a>, par Esther Duflo, professeure au Massachusetts Institute of technology et \u00e0 l&rsquo;Ecole d&rsquo;\u00e9conomie de Paris<\/p>\n<p>R\u00e9ponses \u00e0 Esther Duflo<br \/>\n<a href=\"https:\/\/blogs.univ-tlse2.fr\/cerises\/files\/debats-autour-de-la-microfinance-et-de-lexclusion-bancaire\/microfinance-qui-se-soucie-des-clients.pdf\">La microfinance : qui se soucie des clients ?<\/a><br \/>\nPar Isabelle Gu\u00e9rin, Marc Roesch et Cyril Fouillet, Institut fran\u00e7ais de Pondich\u00e9ry\/IRD\/CIRAD<br \/>\n<a href=\"https:\/\/blogs.univ-tlse2.fr\/cerises\/files\/debats-autour-de-la-microfinance-et-de-lexclusion-bancaire\/microfinance-et-liberalisme.pdf\">La microfinance mise en p\u00e9ril par le n\u00e9olib\u00e9ralisme<\/a><br \/>\nPar Jean-Michel Servet IUED de Gen\u00e8ve, auteur de Banquiers aux pieds nus. La Microfinance (Paris, Odile Jacob, 2006)<\/p>\n<h1>MICROFINANCE EN FRANCE<\/h1>\n<p><a title=\"D\u00e9bat sur le taux d\u2019usure\" href=\"https:\/\/blogs.univ-tlse2.fr\/cerises\/publications\/debats\/debats-autour-de-la-microfinance-et-de-lexclusion-bancaire\/debat-sur-le-taux-dusure\/\">D\u00e9bat sur le taux d&rsquo;usure<\/a>: La question du plafonnement du taux de l\u2019usure soul\u00e8ve un d\u00e9bat dans le milieu de la microfinance en France. Dans un premier article publi\u00e9 par Les Echos le 29 novembre 2004 Maria Nowak, pr\u00e9sidente de l\u2019Adie, affirme que les r\u00e8gles de l\u2019usure en France sont parmi les plus protectrices au monde. Face \u00e0 ces voix qui s\u2019\u00e9l\u00e8vent en faveur d\u2019une d\u00e9r\u00e9glementation du taux de l\u2019usure en France, Edmond Maire, pr\u00e9sident de la SIFA (Soci\u00e9t\u00e9 d&rsquo;Investissement France Active) d\u00e9fend l&rsquo;option suivie par l&rsquo;association France Active en mati\u00e8re de financement des micro-entreprise, dans une tribune des Echos du 8 d\u00e9cembre 2004.<\/p>\n<p><a href=\"https:\/\/blogs.univ-tlse2.fr\/cerises\/files\/debats-autour-de-la-microfinance-et-de-lexclusion-bancaire\/micro-exclusion-bancaire-et.pdf\">Exclusion bancaire et financi\u00e8re: Un essai de d\u00e9finition<\/a>, par Jean-Michel Servet, Conf\u00e9rence \u00e0 Auch le 28 novembre 2001<\/p>\n<p>\u00ab Le rapport du Centre de Recherche pour l\u2019\u00e9tude et l\u2019observation des conditions de vie qui rappelle les d\u00e9finitions traditionnelles de la pauvret\u00e9 et des crit\u00e8res institutionnels de revenu ne livre aucun \u00e9l\u00e9ment de r\u00e9flexion et de d\u00e9finition sur la nature, les formes et les degr\u00e9s de l\u2019exclusion bancaire et financi\u00e8re. Il s\u2019agit essentiellement comme l\u2019indique le titre du rapport de conna\u00eetre les pratiques mon\u00e9taires et financi\u00e8res des b\u00e9n\u00e9ficiaires de minima sociaux. \u00bb \u00ab Notre objectif est ici de mieux d\u00e9finir les particularit\u00e9s des formes d\u2019exclusions bancaires et financi\u00e8res et ses \u00e9l\u00e9ments constitutifs, ce que le rapport du CREDOC n\u2019a pas fait. \u00bb<\/p>\n<p><a href=\"https:\/\/blogs.univ-tlse2.fr\/cerises\/files\/debats-autour-de-la-microfinance-et-de-lexclusion-bancaire\/panorama-exclusion.pdf\">Panorama sur les exclusions<\/a>, par Jean-Michel Servet, Conf\u00e9rence \u00e0 Limoges le 25 ao\u00fbt 2001<\/p>\n<p>L\u2019auteur dresse un panorama chiffr\u00e9 et terminologique de l\u2019exclusion, ph\u00e9nom\u00e8ne d\u00e9crit comme \u00e9tant \u00e0 la fois un processus connu et mesurable gr\u00e2ce \u00e0 des crit\u00e8res pr\u00e9cis, mais aussi d\u00e9crit comme un v\u00e9ritable statut devant donner acc\u00e8s \u00e0 un ensemble de relations sociales (acc\u00e8s au logement, \u00e0 l\u2019autocr\u00e9ation d\u2019un emploi, aux premiers soins, \u00e0 la consommation\u2026) .Une derni\u00e8re partie est consacr\u00e9e aux moyens de lutte contre l\u2019exclusion.<\/p>\n","protected":false},"excerpt":{"rendered":"<p>L&rsquo;engouement pour la microfinance s&rsquo;est consid\u00e9rablement accru depuis 2005 avec l&rsquo;ann\u00e9e mondiale de la microfinance suivie en 2006 de l&rsquo;attribution du Prix Nobel de la Paix au fondateur de la Grameen Bank. Dans un tel contexte, les interventions suivantes sont essentielles pour conserver le recul critique n\u00e9cessaire.<\/p>\n","protected":false},"author":157,"featured_media":0,"parent":1764,"menu_order":1,"comment_status":"closed","ping_status":"open","template":"","meta":{"footnotes":""},"class_list":["post-1786","page","type-page","status-publish","hentry"],"_links":{"self":[{"href":"https:\/\/blogs.univ-tlse2.fr\/cerises\/wp-json\/wp\/v2\/pages\/1786","targetHints":{"allow":["GET"]}}],"collection":[{"href":"https:\/\/blogs.univ-tlse2.fr\/cerises\/wp-json\/wp\/v2\/pages"}],"about":[{"href":"https:\/\/blogs.univ-tlse2.fr\/cerises\/wp-json\/wp\/v2\/types\/page"}],"author":[{"embeddable":true,"href":"https:\/\/blogs.univ-tlse2.fr\/cerises\/wp-json\/wp\/v2\/users\/157"}],"replies":[{"embeddable":true,"href":"https:\/\/blogs.univ-tlse2.fr\/cerises\/wp-json\/wp\/v2\/comments?post=1786"}],"version-history":[{"count":7,"href":"https:\/\/blogs.univ-tlse2.fr\/cerises\/wp-json\/wp\/v2\/pages\/1786\/revisions"}],"predecessor-version":[{"id":2979,"href":"https:\/\/blogs.univ-tlse2.fr\/cerises\/wp-json\/wp\/v2\/pages\/1786\/revisions\/2979"}],"up":[{"embeddable":true,"href":"https:\/\/blogs.univ-tlse2.fr\/cerises\/wp-json\/wp\/v2\/pages\/1764"}],"wp:attachment":[{"href":"https:\/\/blogs.univ-tlse2.fr\/cerises\/wp-json\/wp\/v2\/media?parent=1786"}],"curies":[{"name":"wp","href":"https:\/\/api.w.org\/{rel}","templated":true}]}}