 {"id":1804,"date":"2013-01-22T11:26:53","date_gmt":"2013-01-22T10:26:53","guid":{"rendered":"https:\/\/blogs.univ-tlse2.fr\/cerises\/?page_id=1804"},"modified":"2014-02-06T10:31:56","modified_gmt":"2014-02-06T09:31:56","slug":"propriete-collective","status":"publish","type":"page","link":"https:\/\/blogs.univ-tlse2.fr\/cerises\/publications\/debats\/propriete-collective\/","title":{"rendered":"Propri\u00e9t\u00e9 collective"},"content":{"rendered":"<p>Depuis les ann\u00e9es 1950, la notion de propri\u00e9t\u00e9 collective a fait l&rsquo;objet d&rsquo;une amn\u00e9sie quasi g\u00e9n\u00e9rale.<\/p>\n<p>Alors que le mouvement des coop\u00e9ratives d&rsquo;habitants a \u00e9t\u00e9 progressivement d\u00e9cim\u00e9 dans les ann\u00e9es 1970 par des lois remettant notamment en cause la possibilit\u00e9 d&rsquo;une propri\u00e9t\u00e9 collective (location coop\u00e9rative dans laquelle on poss\u00e8de des parts de la coop\u00e9rative qui elle-m\u00eame poss\u00e8de l&rsquo;habitat, mixit\u00e9 sociale rendue possible par la coexistence de plusieurs formules de location, etc), de nouvelles tentatives de\u00a0<a href=\"https:\/\/blogs.univ-tlse2.fr\/cerises\/files\/propriete-collective\/transrural.pdf\">coop\u00e9ratives d&rsquo;habitants<\/a> se font jour dans les ann\u00e9es 2000.<!--more--><\/p>\n<p>Le secteur des technologies de l&rsquo;information et de la communication voit se d\u00e9velopper des pratiques non marchandes et non hi\u00e9rarchiques autour des logiciels libres. Dans sa th\u00e8se soutenue en janvier 2009, Benjamin Grassineau propose une observation empirique du r\u00e9seau coop\u00e9ratif des logiciels libres et du projet de l&rsquo;encyclop\u00e9die libre et ouverte Wikip\u00e9dia. Dans un \u00e9change avec Jacques Prades, est notamment envisag\u00e9e la capacit\u00e9 de ces\u00a0<a href=\"https:\/\/blogs.univ-tlse2.fr\/cerises\/files\/propriete-collective\/logiciel-libre.pdf\">r\u00e9seaux coop\u00e9ratifs<\/a> \u00e0 contribuer au d\u00e9veloppement de l&rsquo;autonomie dans la soci\u00e9t\u00e9 moderne.<\/p>\n<p>Le Centre d&rsquo;Etudes Socialistes organise chaque ann\u00e9e une journ\u00e9e d&rsquo;\u00e9tude sur les \u00e9conomies alternatives. Jean-Marie Meilland et Jacques Prades sont intervenus cette ann\u00e9e \u00e0 propos de l&rsquo;organisation du champ de la production, du complexe coop\u00e9ratif de Mondragon et de la Commune de Paris.<\/p>\n<p>Lors du <a href=\"https:\/\/blogs.univ-tlse2.fr\/cerises\/files\/propriete-collective\/Programme-Perspectives-Mutualistes.pdf\">Colloque de Pau<\/a> organis\u00e9 le 15 d\u00e9cembre 2006 par la F\u00e9d\u00e9ration Nationale du Cr\u00e9dit Agricole, Jacques Prades \u00e9tait invit\u00e9 \u00e0 conclure une table ronde marqu\u00e9e par la pr\u00e9sentation de diverses pratiques et travers\u00e9e par la question de la transf\u00e9rabilit\u00e9. Il avan\u00e7ait que\u00a0<a href=\"https:\/\/blogs.univ-tlse2.fr\/cerises\/files\/propriete-collective\/colloque-pau-FNCA.pdf\">propri\u00e9t\u00e9 collective et transf\u00e9rabilit\u00e9<\/a> ne font pas bon m\u00e9nage.<\/p>\n<p>Dans le cadre d&rsquo;une journ\u00e9e d&rsquo;\u00e9tude sur les coop\u00e9ratives d&rsquo;habitation (<a href=\"http:\/\/www.habicoop.fr\" target=\"_blank\">www.habicoop.fr<\/a>), Jacques Prades \u00e9voquait le <a href=\"https:\/\/blogs.univ-tlse2.fr\/cerises\/files\/propriete-collective\/habicoop.pdf\">renouveau de la coop\u00e9ration<\/a>, qui repose sur trois grands piliers pouvant constituer un projet :<\/p>\n<ul>\n<li>une r\u00e9appropriation de l\u2019espace social : compter sur ses propres forces et prendre sa vie en main, c\u2019est s\u2019opposer \u00e0 l\u2019id\u00e9e que le monde nous \u00e9chappe totalement.<\/li>\n<li>la cr\u00e9ation d\u2019un collectif fond\u00e9 sur l\u2019h\u00e9t\u00e9rog\u00e9nit\u00e9 des groupes et non leur homog\u00e9n\u00e9isation.<\/li>\n<li>le principe de la double qualit\u00e9 : les gens qui con\u00e7oivent et acqui\u00e8rent sont aussi les usagers de ses services.<\/li>\n<\/ul>\n<h3>Interview de Jacques Prades au quotidien Le Parisien-Economie \u00e9dition du mardi 13 mai 2008 :<\/h3>\n<p>\u00ab\u00a0Le poids du mouvement coop\u00e9ratif en France est faible compar\u00e9 \u00e0 nos voisins europ\u00e9ens, notamment italiens et espagnols. Un exemple : le nombre total de salari\u00e9s de l&rsquo;ensemble des Scop de notre pays repr\u00e9sente \u00e0 peine la moiti\u00e9 de ceux embauch\u00e9s dans la seule Mondragon, une association de coop\u00e9ratives du Pays basque. Cette faiblesse est tout d\u0090abord culturelle. Nous vivons dans une \u00e9poque individualiste. Si les Fran\u00e7ais acceptent de cr\u00e9er une entreprise et d&rsquo;y consacrer beaucoup de temps, c&rsquo;est d&rsquo;abord pour gagner individuellement de l\u0090&rsquo;argent ; or, la Scop par d\u00e9finition est un projet collectif (ce qui ne signifie pas qu&rsquo;on ne puisse pas y gagner de l&rsquo;argent!)<br \/>\nC&rsquo;est \u00e9galement li\u00e9 \u00e0 un manque d&rsquo;information : quand on parle de coop\u00e9rative en France, les gens ont l&rsquo;image des coop\u00e9ratives agricoles et viticoles ou celles de l&rsquo;Europe de l&rsquo;Est. Par ailleurs, la communication faite par le mouvement des Scop est d\u00e9plorable car elle appara\u00eet comme une solution de dernier recours en cas de d\u00e9p\u00f4t de bilan ou d&rsquo;absence de repreneur. Or, le mouvement coop\u00e9ratif a prouv\u00e9 qu&rsquo;il pouvait aussi apporter des r\u00e9ponses adapt\u00e9es \u00e0 des probl\u00e9matiques \u00e9conomiques et sociales de lutte contre l&rsquo;exclusion ou le ch\u00f4mage. Enfin, c&rsquo;est un probl\u00e8me politique : je suis par exemple surpris de la totale ignorance de la gauche fran\u00e7aise sur le sujet ! \u00ab\u00a0<\/p>\n","protected":false},"excerpt":{"rendered":"<p>Depuis les ann\u00e9es 1950, la notion de propri\u00e9t\u00e9 collective a fait l&rsquo;objet d&rsquo;une amn\u00e9sie quasi g\u00e9n\u00e9rale. Alors que le mouvement des coop\u00e9ratives d&rsquo;habitants a \u00e9t\u00e9 progressivement d\u00e9cim\u00e9 dans les ann\u00e9es 1970 par des lois remettant notamment en cause la possibilit\u00e9 d&rsquo;une propri\u00e9t\u00e9 collective (location coop\u00e9rative dans laquelle on poss\u00e8de des parts de la coop\u00e9rative qui [&hellip;]<\/p>\n","protected":false},"author":157,"featured_media":0,"parent":1764,"menu_order":4,"comment_status":"closed","ping_status":"open","template":"","meta":{"footnotes":""},"class_list":["post-1804","page","type-page","status-publish","hentry"],"_links":{"self":[{"href":"https:\/\/blogs.univ-tlse2.fr\/cerises\/wp-json\/wp\/v2\/pages\/1804","targetHints":{"allow":["GET"]}}],"collection":[{"href":"https:\/\/blogs.univ-tlse2.fr\/cerises\/wp-json\/wp\/v2\/pages"}],"about":[{"href":"https:\/\/blogs.univ-tlse2.fr\/cerises\/wp-json\/wp\/v2\/types\/page"}],"author":[{"embeddable":true,"href":"https:\/\/blogs.univ-tlse2.fr\/cerises\/wp-json\/wp\/v2\/users\/157"}],"replies":[{"embeddable":true,"href":"https:\/\/blogs.univ-tlse2.fr\/cerises\/wp-json\/wp\/v2\/comments?post=1804"}],"version-history":[{"count":22,"href":"https:\/\/blogs.univ-tlse2.fr\/cerises\/wp-json\/wp\/v2\/pages\/1804\/revisions"}],"predecessor-version":[{"id":3405,"href":"https:\/\/blogs.univ-tlse2.fr\/cerises\/wp-json\/wp\/v2\/pages\/1804\/revisions\/3405"}],"up":[{"embeddable":true,"href":"https:\/\/blogs.univ-tlse2.fr\/cerises\/wp-json\/wp\/v2\/pages\/1764"}],"wp:attachment":[{"href":"https:\/\/blogs.univ-tlse2.fr\/cerises\/wp-json\/wp\/v2\/media?parent=1804"}],"curies":[{"name":"wp","href":"https:\/\/api.w.org\/{rel}","templated":true}]}}