 {"id":215,"date":"2013-01-10T16:33:54","date_gmt":"2013-01-10T15:33:54","guid":{"rendered":"https:\/\/blogs.univ-tlse2.fr\/cerises\/?page_id=215"},"modified":"2014-12-11T18:38:31","modified_gmt":"2014-12-11T17:38:31","slug":"conferences-colloques","status":"publish","type":"page","link":"https:\/\/blogs.univ-tlse2.fr\/cerises\/publications\/conferences-colloques\/","title":{"rendered":"Conf\u00e9rences, colloques"},"content":{"rendered":"\n<!-- Page-list plugin v.5.9 wordpress.org\/plugins\/page-list\/ -->\n<div class=\"page-list page-list-ext \">\n<div class=\"page-list-ext-item\"><h3 class=\"page-list-ext-title\"><a href=\"https:\/\/blogs.univ-tlse2.fr\/cerises\/publications\/conferences-colloques\/rencontres-interuniversitaires-de-leconomie-sociale-et-solidaire\/\" title=\"Rencontres Interuniversitaires de l&#039;Economie Sociale et Solidaire\">Rencontres Interuniversitaires de l&#039;Economie Sociale et Solidaire<\/a><\/h3><div class=\"page-list-ext-item-content\">Les premi\u00e8res Rencontres ont eu lieu en 2001 \u00e0 Valenciennes, suivies de Lyon en 2002, Toulouse en 2003, Paris en 2004, Marseille en 2005, Grenoble en 2006, Rennes en 2007, Barcelone en 2008, etc : la suite sur www.riuess.org  !<\/div><\/div>\n<div class=\"page-list-ext-item\"><h3 class=\"page-list-ext-title\"><a href=\"https:\/\/blogs.univ-tlse2.fr\/cerises\/publications\/conferences-colloques\/colloque-rulescoop\/\" title=\"Colloque Rulescoop\">Colloque Rulescoop<\/a><\/h3><div class=\"page-list-ext-item-content\">Ce colloque est le premier du r\u00e9seau Rulescoop. Il s'est d\u00e9roul\u00e9 du 22 au 24 mai 2006 \u00e0 Brest. Il associait \u00e0 Brest deux laboratoires l\u2019ICI (Information Coordination et Information) et l\u2019ARS (Atelier de recherche sociologique). Le th\u00e8me du colloque est \u00ab Pre...<\/div><\/div>\n<div class=\"page-list-ext-item\"><h3 class=\"page-list-ext-title\"><a href=\"https:\/\/blogs.univ-tlse2.fr\/cerises\/publications\/conferences-colloques\/textes-de-conferences-2007-2009\/\" title=\"Textes de conf\u00e9rences 2008\">Textes de conf\u00e9rences 2008<\/a><\/h3><div class=\"page-list-ext-item-content\">Les AMAP, des r\u00e9seaux agro-alimentaires alternatifs \u00e9mergents en soutien \u00e0 la \"petite agriculture locale\" : quelles opportunit\u00e9s pour l'am\u00e9lioration des revenus des agriculteurs  \r\n2\u00e8mes journ\u00e9es de recherche en sciences sociales INRA SFER CIRAD, 11-12 ...<\/div><\/div>\n<div class=\"page-list-ext-item\"><h3 class=\"page-list-ext-title\"><a href=\"https:\/\/blogs.univ-tlse2.fr\/cerises\/publications\/conferences-colloques\/textes-de-conferences-2007\/\" title=\"Textes de conf\u00e9rences 2007\">Textes de conf\u00e9rences 2007<\/a><\/h3><div class=\"page-list-ext-item-content\">Journ\u00e9e culture et \u00e9conomie solidaire  \r\n25 janvier 2007 UFISC \u2013 CNAM \u2013 OPALE\r\nPr\u00e9sentation du Manifeste de l\u2019UFISC pour une autre \u00e9conomie de l\u2019art et de la culture.\r\n\r\nQuelles richesses produisent nos activit\u00e9s artistiques et culturelles ? contributi...<\/div><\/div>\n<div class=\"page-list-ext-item\"><h3 class=\"page-list-ext-title\"><a href=\"https:\/\/blogs.univ-tlse2.fr\/cerises\/publications\/conferences-colloques\/textes-de-conferences-2004\/\" title=\"Textes de conf\u00e9rences 2005-2006\">Textes de conf\u00e9rences 2005-2006<\/a><\/h3><div class=\"page-list-ext-item-content\">La coop\u00e9ration \u00e7a sert \u00e0 construire du collectif  \r\n1er Caf\u00e9 Coop\u00e9ratif, organis\u00e9 le 22 juin 2006 \u00e0 Montpellier par Scop Entreprises Languedoc-Roussillon Jacques Prades CERISES Universit\u00e9 de Toulouse 2-Le Mirail pra&#100;&#x65;&#x73;&#x40;uni&#118;&#x2d;&#x74;&#x6c;&#x73;e2&#46;&#102;&#x72; \r\n\r\nLe renouveau de la c...<\/div><\/div>\n<div class=\"page-list-ext-item\"><h3 class=\"page-list-ext-title\"><a href=\"https:\/\/blogs.univ-tlse2.fr\/cerises\/publications\/conferences-colloques\/textes-de-conferences-2004-2\/\" title=\"Textes de conf\u00e9rences 2004\">Textes de conf\u00e9rences 2004<\/a><\/h3><div class=\"page-list-ext-item-content\">Une mesure de la performance de l'organisation sans but lucratif : la porosit\u00e9  \r\nJourn\u00e9es de l\u2019Association Fran\u00e7aise des Sciences Economiques, 2004 \r\n Philippe Jeannin, Universit\u00e9 de Toulouse 3 LERASS IUT Tarbes o&#x78;y&#x6d;&#x6f;r&#x65;1&#49;&#x40;a&#x6f;l&#46;&#x63;o&#x6d; \r\n Jacques Prades, Unive...<\/div><\/div>\n<div class=\"page-list-ext-item\"><h3 class=\"page-list-ext-title\"><a href=\"https:\/\/blogs.univ-tlse2.fr\/cerises\/publications\/conferences-colloques\/textes-de-conferences-2000-2003\/\" title=\"Textes de conf\u00e9rences 2000-2003\">Textes de conf\u00e9rences 2000-2003<\/a><\/h3><div class=\"page-list-ext-item-content\">L'aventure des coop\u00e9ratives viticoles du Midi de la France  \r\nConf\u00e9rence d\u00e9bat \u00e0 Agropolis Museum  le 15 octobre 2003\r\nJean-Marc Touzard (\u00e9conomiste INRA SAD Montpellier)\r\n&amp; Yuna Chiffoleau, (sociologue INRA SAD Montpellier)\r\n\r\nAujourd'hui les coop...<\/div><\/div>\n\n<\/div>\n<p>Conf\u00e9rences publiques de Jacques Prades<\/p>\n<p>jeudi 4 d\u00e9cembre 2014: 19h, Bordeaux La Fabrique<br \/>\njeudi 8 janvier 2015 : 14h, Toulouse, Mutualit\u00e9 Fran\u00e7aise<br \/>\nvendredi 23 janvier 2015 : 10h, Varsovie, Centre culturel de Varsovie<br \/>\nmardi 3 f\u00e9vrier 2015: 19h, Petite Universit\u00e9 Populaire Arize L\u00e8ze<br \/>\nmardi 17 f\u00e9vrier 2015 (date non confirm\u00e9e) : Universit\u00e9 de Tizi Ouzou<br \/>\nlundi 30 mars 2015: 14h, Venise, Universit\u00e9 Ca&rsquo; Foscari<br \/>\nsamedi 2 mai 2015 : 9h, Toulouse, Foire \u00e0 l&rsquo;autogestion<\/p>\n","protected":false},"excerpt":{"rendered":"<p>Conf\u00e9rences publiques de Jacques Prades jeudi 4 d\u00e9cembre 2014: 19h, Bordeaux La Fabrique jeudi 8 janvier 2015 : 14h, Toulouse, Mutualit\u00e9 Fran\u00e7aise vendredi 23 janvier 2015 : 10h, Varsovie, Centre culturel de Varsovie mardi 3 f\u00e9vrier 2015: 19h, Petite Universit\u00e9 Populaire Arize L\u00e8ze mardi 17 f\u00e9vrier 2015 (date non confirm\u00e9e) : Universit\u00e9 de Tizi Ouzou [&hellip;]<\/p>\n","protected":false},"author":157,"featured_media":0,"parent":14,"menu_order":4,"comment_status":"closed","ping_status":"open","template":"","meta":{"footnotes":""},"class_list":["post-215","page","type-page","status-publish","hentry"],"_links":{"self":[{"href":"https:\/\/blogs.univ-tlse2.fr\/cerises\/wp-json\/wp\/v2\/pages\/215","targetHints":{"allow":["GET"]}}],"collection":[{"href":"https:\/\/blogs.univ-tlse2.fr\/cerises\/wp-json\/wp\/v2\/pages"}],"about":[{"href":"https:\/\/blogs.univ-tlse2.fr\/cerises\/wp-json\/wp\/v2\/types\/page"}],"author":[{"embeddable":true,"href":"https:\/\/blogs.univ-tlse2.fr\/cerises\/wp-json\/wp\/v2\/users\/157"}],"replies":[{"embeddable":true,"href":"https:\/\/blogs.univ-tlse2.fr\/cerises\/wp-json\/wp\/v2\/comments?post=215"}],"version-history":[{"count":10,"href":"https:\/\/blogs.univ-tlse2.fr\/cerises\/wp-json\/wp\/v2\/pages\/215\/revisions"}],"predecessor-version":[{"id":3577,"href":"https:\/\/blogs.univ-tlse2.fr\/cerises\/wp-json\/wp\/v2\/pages\/215\/revisions\/3577"}],"up":[{"embeddable":true,"href":"https:\/\/blogs.univ-tlse2.fr\/cerises\/wp-json\/wp\/v2\/pages\/14"}],"wp:attachment":[{"href":"https:\/\/blogs.univ-tlse2.fr\/cerises\/wp-json\/wp\/v2\/media?parent=215"}],"curies":[{"name":"wp","href":"https:\/\/api.w.org\/{rel}","templated":true}]}}