 {"id":217,"date":"2013-01-10T16:34:17","date_gmt":"2013-01-10T15:34:17","guid":{"rendered":"https:\/\/blogs.univ-tlse2.fr\/cerises\/?page_id=217"},"modified":"2014-02-06T10:31:56","modified_gmt":"2014-02-06T09:31:56","slug":"centre-de-documentation","status":"publish","type":"page","link":"https:\/\/blogs.univ-tlse2.fr\/cerises\/publications\/centre-de-documentation\/","title":{"rendered":"Centre de documentation"},"content":{"rendered":"<p>Cerises est un centre de production et de diffusion de la recherche en \u00e9conomie sociale et \u00e9conomie solidaire.<\/p>\n<h1>La biblioth\u00e8que de Cerises<\/h1>\n<p>Elle contient de nombreux ouvrages consultables ci-dessous\u00a0et permet d&rsquo;acc\u00e9der \u00e0 un certain nombre de <a title=\"Rapports des \u00e9tudiants du Master Pro NES\" href=\"https:\/\/blogs.univ-tlse2.fr\/cerises\/publications\/rapports-detudes\/rapports-des-etudiants-du-master-pro-nes\/\">rapports<\/a> et de revues que notre travail de veille nous permet d&rsquo;accumuler. Nous remercions \u00e9galement l&rsquo;Avise, Agence de valorisation des initiatives socio-\u00e9conomiques de nous avoir fait parvenir l&rsquo;int\u00e9gralit\u00e9 de leurs collections. Les documents sont \u00e0 consulter sur place.<\/p>\n<h3>Plus de 1 000 ouvrages et rapports en consultation sur place<\/h3>\n<p><a title=\"Liste des ouvrages\" href=\"https:\/\/blogs.univ-tlse2.fr\/cerises\/publications\/centre-de-documentation\/liste-des-ouvrages\/\">&gt; Consultez la liste des ouvrages<\/a><\/p>\n<p>La liste est class\u00e9e par lettre alphab\u00e9tique auteur.<br \/>\nVous pouvez <a title=\"Contact\" href=\"https:\/\/blogs.univ-tlse2.fr\/cerises\/contact\/\">envoyer un message \u00e0 Cerises pour retenir l\u2019ouvrage<\/a>\u2026<\/p>\n<h3>Revues disponibles \u00e0 Cerises<\/h3>\n<p><strong>Abonnements en cours :<\/strong><\/p>\n<ul>\n<li><strong><em>Alternatives Economiques<\/em><\/strong> (mensuel) depuis janvier 2003<\/li>\n<li><strong>PES!<\/strong> (Pour une Economie Solidaire) (mensuel) quelques anciens n\u00b0; abonnement renouvel\u00e9 en juin 2005<\/li>\n<li><strong><em>Partage<\/em><\/strong> (mensuel) depuis octobre 2003<\/li>\n<li><em><strong>Revue Internationale de l\u2019Economie Sociale<\/strong> \u2013 RECMA <\/em>(mensuel) depuis 1999<\/li>\n<li><em><strong>TESS<\/strong> (Travailler en Economie Sociale et Solidaire)<\/em> (mensuel) depuis janvier 2004<\/li>\n<li><em><strong>La Lettre de l\u2019AVISE<\/strong> (Agence de Valorisation des Initiatives Socio-Economiques) <\/em>depuis septembre 2005<\/li>\n<\/ul>\n<p><strong>Abonnements clos :<\/strong><\/p>\n<ul>\n<li><strong><em>Terminal <\/em><\/strong>: de 1988 \u00e0 2002<\/li>\n<li><strong><em>Revue d\u2019Economie Rurale et Urbaine<\/em><\/strong> : de janvier 2001 \u00e0 janvier 2004<\/li>\n<li><strong><em>Revue Economique<\/em><\/strong> : de janvier 2000 \u00e0 janvier 2003<\/li>\n<li><strong><em>Z\u00e9non<\/em><\/strong> : n\u00b0 1 \u00e0 6<\/li>\n<li><strong><em>Le Monde Des Initiatives<\/em><\/strong><\/li>\n<li><strong><em>L\u2019Ecologiste<\/em><\/strong> : de 2000 \u00e0 2003<\/li>\n<li><strong><em>Silence<\/em><\/strong> : de 1999 \u00e0 2003<\/li>\n<\/ul>\n<h1>Le centre de ressources en ligne<\/h1>\n<p>Il est constitu\u00e9 par la rubrique <a title=\"Exp\u00e9rimentations\" href=\"https:\/\/blogs.univ-tlse2.fr\/cerises\/experimentations\/\">EXP\u00c9RIMENTATIONS<\/a> qui est une base de donn\u00e9es de monographies sur des initiatives solidaires et des entreprises sociales et par la rubrique <a title=\"Les expertises de Cerises\" href=\"https:\/\/blogs.univ-tlse2.fr\/cerises\/experimentations\/les-expertises-de-cerises\/\">LES EXPERTISES DE CERISES<\/a> qui donne acc\u00e8s gratuitement aux productions de Cerises et aux travaux des chercheurs qui ont la gentillesse de mettre \u00e0 disposition leurs textes.<\/p>\n<p>Il existe d&rsquo;autres centres de ressources en Midi-Pyr\u00e9n\u00e9es dans les structures suivantes :<\/p>\n<ul>\n<li><a href=\"http:\/\/www.adepes.org\/-Centre-ressources-.html\" target=\"_blank\">Centre de ressources d&rsquo;ADEPES<\/a>\u00a0 : <a href=\"http:\/\/www.adepes.org\/-Dossiers-thematiques-.html\" target=\"_blank\">Dossier th\u00e9matique<\/a>, <a href=\"http:\/\/www.adepes.org\/-DVD-Videos-.html\" target=\"_blank\">DVD, Vid\u00e9os<\/a>, <a href=\"http:\/\/www.adepes.org\/-Decouvrir-l-economie-solidaire-.html\" target=\"_blank\">L\u2019\u00e9conomie solidaire de A \u00e0 Z<\/a>, <a href=\"http:\/\/www.adepes.org\/Les-Sigles.html\" target=\"_blank\">Sigles<\/a>. Le centre h\u00e9berge \u00e9galement un fonds documentaire sur l&rsquo;habitat coop\u00e9ratif et l&rsquo;\u00e9coconstruction.<\/li>\n<li><a href=\"http:\/\/www.etymon.fr\/\" target=\"_blank\">ETYMON<\/a> : fonds documentaire tourn\u00e9 vers la cr\u00e9ation d&rsquo;entreprises<\/li>\n<li><a href=\"http:\/\/cidesdoc.free.fr\/\" target=\"_blank\">CIDES<\/a> : membre du r\u00e9seau RITIMO, r\u00e9seau des centres de documentation pour le d\u00e9veloppement et la solidarit\u00e9 internationale<\/li>\n<li><a title=\"Les centres de ressources en Midi-Pyr\u00e9n\u00e9es\" href=\"http:\/\/www.residemip.org\/centres_ressources.php\" target=\"_blank\">Les centres de ressources<\/a> de Reside.mip, R\u00e9seau d\u2019Information sur le D\u00e9veloppement durable et l\u2019Environnement<\/li>\n<\/ul>\n","protected":false},"excerpt":{"rendered":"<p>Cerises est un centre de production et de diffusion de la recherche en \u00e9conomie sociale et \u00e9conomie solidaire. La biblioth\u00e8que de Cerises Elle contient de nombreux ouvrages consultables ci-dessous\u00a0et permet d&rsquo;acc\u00e9der \u00e0 un certain nombre de rapports et de revues que notre travail de veille nous permet d&rsquo;accumuler. Nous remercions \u00e9galement l&rsquo;Avise, Agence de valorisation [&hellip;]<\/p>\n","protected":false},"author":157,"featured_media":0,"parent":14,"menu_order":5,"comment_status":"closed","ping_status":"open","template":"","meta":{"footnotes":""},"class_list":["post-217","page","type-page","status-publish","hentry"],"_links":{"self":[{"href":"https:\/\/blogs.univ-tlse2.fr\/cerises\/wp-json\/wp\/v2\/pages\/217","targetHints":{"allow":["GET"]}}],"collection":[{"href":"https:\/\/blogs.univ-tlse2.fr\/cerises\/wp-json\/wp\/v2\/pages"}],"about":[{"href":"https:\/\/blogs.univ-tlse2.fr\/cerises\/wp-json\/wp\/v2\/types\/page"}],"author":[{"embeddable":true,"href":"https:\/\/blogs.univ-tlse2.fr\/cerises\/wp-json\/wp\/v2\/users\/157"}],"replies":[{"embeddable":true,"href":"https:\/\/blogs.univ-tlse2.fr\/cerises\/wp-json\/wp\/v2\/comments?post=217"}],"version-history":[{"count":13,"href":"https:\/\/blogs.univ-tlse2.fr\/cerises\/wp-json\/wp\/v2\/pages\/217\/revisions"}],"predecessor-version":[{"id":3502,"href":"https:\/\/blogs.univ-tlse2.fr\/cerises\/wp-json\/wp\/v2\/pages\/217\/revisions\/3502"}],"up":[{"embeddable":true,"href":"https:\/\/blogs.univ-tlse2.fr\/cerises\/wp-json\/wp\/v2\/pages\/14"}],"wp:attachment":[{"href":"https:\/\/blogs.univ-tlse2.fr\/cerises\/wp-json\/wp\/v2\/media?parent=217"}],"curies":[{"name":"wp","href":"https:\/\/api.w.org\/{rel}","templated":true}]}}