 {"id":219,"date":"2013-01-10T16:34:40","date_gmt":"2013-01-10T15:34:40","guid":{"rendered":"https:\/\/blogs.univ-tlse2.fr\/cerises\/?page_id=219"},"modified":"2014-02-06T10:31:24","modified_gmt":"2014-02-06T09:31:24","slug":"les-10-ans-du-master","status":"publish","type":"page","link":"https:\/\/blogs.univ-tlse2.fr\/cerises\/formation\/la-vie-du-master\/evenements\/les-10-ans-du-master\/","title":{"rendered":"Les 10 ans du master"},"content":{"rendered":"<p><span>A l&rsquo;occasion de la 10\u00e8me promotion, l&rsquo;\u00e9quipe du Master a r\u00e9uni les dipl\u00f4m\u00e9s, l&rsquo;\u00e9quipe p\u00e9dagogique et ses partenaires pour f\u00eater l&rsquo;\u00e9v\u00e9nement le samedi 10 avril \u00e0 19h \u00e0 l&rsquo;AERA, 5 rue Saint Pantal\u00e9on, M\u00e9tro Capitole. Les \u00e9changes se sont poursuivis par un buffet, pr\u00e9par\u00e9 par Brigade Papilles (Elise Lagalle, promotion 2002).<\/span><\/p>\n<p><img loading=\"lazy\" decoding=\"async\" class=\"aligncenter size-full wp-image-585\" src=\"https:\/\/blogs.univ-tlse2.fr\/cerises\/files\/les-10-ans-du-master\/10-ans-du-master.jpg\" alt=\"\" width=\"720\" height=\"405\" srcset=\"https:\/\/blogs.univ-tlse2.fr\/cerises\/files\/les-10-ans-du-master\/10-ans-du-master.jpg 720w, https:\/\/blogs.univ-tlse2.fr\/cerises\/files\/les-10-ans-du-master\/10-ans-du-master-300x168.jpg 300w, https:\/\/blogs.univ-tlse2.fr\/cerises\/files\/les-10-ans-du-master\/10-ans-du-master-700x393.jpg 700w, https:\/\/blogs.univ-tlse2.fr\/cerises\/files\/les-10-ans-du-master\/10-ans-du-master-624x351.jpg 624w\" sizes=\"auto, (max-width: 720px) 100vw, 720px\" \/><\/p>\n<div align=\"center\"><\/div>\n<p align=\"center\"><strong>T\u00e9l\u00e9chargez les r\u00e9sultats de l&rsquo;enqu\u00eate sur les 10 ans du Master! <a href=\"https:\/\/blogs.univ-tlse2.fr\/cerises\/files\/les-10-ans-du-master\/enquete-master.pdf\">L&rsquo;enqu\u00eate<\/a>, <a href=\"https:\/\/blogs.univ-tlse2.fr\/cerises\/files\/les-10-ans-du-master\/Enquete-Anciens-NES.ppt\">La synth\u00e8se (ppt)<\/a><\/strong><\/p>\n<p align=\"center\"><img loading=\"lazy\" decoding=\"async\" class=\"aligncenter  wp-image-584\" src=\"https:\/\/blogs.univ-tlse2.fr\/cerises\/files\/les-10-ans-du-master\/Invitation-10eme-Anniversaire-Master-NES.gif\" alt=\"\" width=\"310\" height=\"231\" srcset=\"https:\/\/blogs.univ-tlse2.fr\/cerises\/files\/les-10-ans-du-master\/Invitation-10eme-Anniversaire-Master-NES.gif 800w, https:\/\/blogs.univ-tlse2.fr\/cerises\/files\/les-10-ans-du-master\/Invitation-10eme-Anniversaire-Master-NES-300x223.gif 300w, https:\/\/blogs.univ-tlse2.fr\/cerises\/files\/les-10-ans-du-master\/Invitation-10eme-Anniversaire-Master-NES-671x500.gif 671w, https:\/\/blogs.univ-tlse2.fr\/cerises\/files\/les-10-ans-du-master\/Invitation-10eme-Anniversaire-Master-NES-624x464.gif 624w\" sizes=\"auto, (max-width: 310px) 100vw, 310px\" \/><\/p>\n","protected":false},"excerpt":{"rendered":"<p>A l&rsquo;occasion de la 10\u00e8me promotion, l&rsquo;\u00e9quipe du Master a r\u00e9uni les dipl\u00f4m\u00e9s, l&rsquo;\u00e9quipe p\u00e9dagogique et ses partenaires pour f\u00eater l&rsquo;\u00e9v\u00e9nement le samedi 10 avril \u00e0 19h \u00e0 l&rsquo;AERA, 5 rue Saint Pantal\u00e9on, M\u00e9tro Capitole. Les \u00e9changes se sont poursuivis par un buffet, pr\u00e9par\u00e9 par Brigade Papilles (Elise Lagalle, promotion 2002). T\u00e9l\u00e9chargez les r\u00e9sultats de [&hellip;]<\/p>\n","protected":false},"author":157,"featured_media":0,"parent":782,"menu_order":95,"comment_status":"closed","ping_status":"closed","template":"","meta":{"footnotes":""},"class_list":["post-219","page","type-page","status-publish","hentry"],"_links":{"self":[{"href":"https:\/\/blogs.univ-tlse2.fr\/cerises\/wp-json\/wp\/v2\/pages\/219","targetHints":{"allow":["GET"]}}],"collection":[{"href":"https:\/\/blogs.univ-tlse2.fr\/cerises\/wp-json\/wp\/v2\/pages"}],"about":[{"href":"https:\/\/blogs.univ-tlse2.fr\/cerises\/wp-json\/wp\/v2\/types\/page"}],"author":[{"embeddable":true,"href":"https:\/\/blogs.univ-tlse2.fr\/cerises\/wp-json\/wp\/v2\/users\/157"}],"replies":[{"embeddable":true,"href":"https:\/\/blogs.univ-tlse2.fr\/cerises\/wp-json\/wp\/v2\/comments?post=219"}],"version-history":[{"count":6,"href":"https:\/\/blogs.univ-tlse2.fr\/cerises\/wp-json\/wp\/v2\/pages\/219\/revisions"}],"predecessor-version":[{"id":2867,"href":"https:\/\/blogs.univ-tlse2.fr\/cerises\/wp-json\/wp\/v2\/pages\/219\/revisions\/2867"}],"up":[{"embeddable":true,"href":"https:\/\/blogs.univ-tlse2.fr\/cerises\/wp-json\/wp\/v2\/pages\/782"}],"wp:attachment":[{"href":"https:\/\/blogs.univ-tlse2.fr\/cerises\/wp-json\/wp\/v2\/media?parent=219"}],"curies":[{"name":"wp","href":"https:\/\/api.w.org\/{rel}","templated":true}]}}