 {"id":225,"date":"2013-01-10T16:35:47","date_gmt":"2013-01-10T15:35:47","guid":{"rendered":"https:\/\/blogs.univ-tlse2.fr\/cerises\/?page_id=225"},"modified":"2014-02-06T10:31:24","modified_gmt":"2014-02-06T09:31:24","slug":"les-anciens-etudiants-lassociation-des-nessies","status":"publish","type":"page","link":"https:\/\/blogs.univ-tlse2.fr\/cerises\/formation\/la-vie-du-master\/les-anciens-etudiants-lassociation-des-nessies\/","title":{"rendered":"Les anciens \u00e9tudiants : l&rsquo;association des Nessies"},"content":{"rendered":"<p><span>L&rsquo;Association des NESSIES est l&rsquo;association des \u00e9tudiants et anciens \u00e9tudiants du master pro \u00ab\u00a0la nouvelle \u00e9conomie sociale\u00a0\u00bb. Elle a \u00e9t\u00e9 cr\u00e9\u00e9e en avril 2003 et permet de mettre en r\u00e9seau les acteurs des initiatives solidaires et entreprises sociales.<\/span><\/p>\n<h2>Contacts<\/h2>\n<p>&nbsp;<\/p>\n","protected":false},"excerpt":{"rendered":"<p>L&rsquo;Association des NESSIES est l&rsquo;association des \u00e9tudiants et anciens \u00e9tudiants du master pro \u00ab\u00a0la nouvelle \u00e9conomie sociale\u00a0\u00bb. Elle a \u00e9t\u00e9 cr\u00e9\u00e9e en avril 2003 et permet de mettre en r\u00e9seau les acteurs des initiatives solidaires et entreprises sociales. Contacts &nbsp;<\/p>\n","protected":false},"author":157,"featured_media":0,"parent":199,"menu_order":1,"comment_status":"closed","ping_status":"closed","template":"","meta":{"footnotes":""},"class_list":["post-225","page","type-page","status-publish","hentry"],"_links":{"self":[{"href":"https:\/\/blogs.univ-tlse2.fr\/cerises\/wp-json\/wp\/v2\/pages\/225","targetHints":{"allow":["GET"]}}],"collection":[{"href":"https:\/\/blogs.univ-tlse2.fr\/cerises\/wp-json\/wp\/v2\/pages"}],"about":[{"href":"https:\/\/blogs.univ-tlse2.fr\/cerises\/wp-json\/wp\/v2\/types\/page"}],"author":[{"embeddable":true,"href":"https:\/\/blogs.univ-tlse2.fr\/cerises\/wp-json\/wp\/v2\/users\/157"}],"replies":[{"embeddable":true,"href":"https:\/\/blogs.univ-tlse2.fr\/cerises\/wp-json\/wp\/v2\/comments?post=225"}],"version-history":[{"count":4,"href":"https:\/\/blogs.univ-tlse2.fr\/cerises\/wp-json\/wp\/v2\/pages\/225\/revisions"}],"predecessor-version":[{"id":2865,"href":"https:\/\/blogs.univ-tlse2.fr\/cerises\/wp-json\/wp\/v2\/pages\/225\/revisions\/2865"}],"up":[{"embeddable":true,"href":"https:\/\/blogs.univ-tlse2.fr\/cerises\/wp-json\/wp\/v2\/pages\/199"}],"wp:attachment":[{"href":"https:\/\/blogs.univ-tlse2.fr\/cerises\/wp-json\/wp\/v2\/media?parent=225"}],"curies":[{"name":"wp","href":"https:\/\/api.w.org\/{rel}","templated":true}]}}