 {"id":252,"date":"2013-01-10T16:41:56","date_gmt":"2013-01-10T15:41:56","guid":{"rendered":"https:\/\/blogs.univ-tlse2.fr\/cerises\/?page_id=252"},"modified":"2014-02-06T10:32:18","modified_gmt":"2014-02-06T09:32:18","slug":"reunions-et-echeancier-documents-mimizan","status":"publish","type":"page","link":"https:\/\/blogs.univ-tlse2.fr\/cerises\/experimentations\/coopatoit\/reunions-et-echeancier-documents-mimizan\/","title":{"rendered":"Les Sablines de Mimizan"},"content":{"rendered":"<p><a href=\"https:\/\/blogs.univ-tlse2.fr\/cerises\/files\/reunions-et-echeancier-documents-mimizan\/affiche-mimizan-avril-2010.gif\"><img loading=\"lazy\" decoding=\"async\" class=\"alignright  wp-image-1885\" alt=\"\" src=\"https:\/\/blogs.univ-tlse2.fr\/cerises\/files\/reunions-et-echeancier-documents-mimizan\/affiche-mimizan-avril-2010-352x500.gif\" width=\"231\" height=\"327\" srcset=\"https:\/\/blogs.univ-tlse2.fr\/cerises\/files\/reunions-et-echeancier-documents-mimizan\/affiche-mimizan-avril-2010-352x500.gif 352w, https:\/\/blogs.univ-tlse2.fr\/cerises\/files\/reunions-et-echeancier-documents-mimizan\/affiche-mimizan-avril-2010-211x300.gif 211w, https:\/\/blogs.univ-tlse2.fr\/cerises\/files\/reunions-et-echeancier-documents-mimizan\/affiche-mimizan-avril-2010-624x885.gif 624w, https:\/\/blogs.univ-tlse2.fr\/cerises\/files\/reunions-et-echeancier-documents-mimizan\/affiche-mimizan-avril-2010.gif 955w\" sizes=\"auto, (max-width: 231px) 100vw, 231px\" \/><\/a>Les comptes-rendus de r\u00e9union ne seront mis en ligne que lorsque des \u00e9tapes essentielles auront \u00e9t\u00e9 valid\u00e9es: constitution du groupe des habitants, charte arr\u00eat\u00e9e, etc.<\/p>\n<p>Les r\u00e9unions sont ouvertes \u00e0 tous :<\/p>\n<ul>\n<li><a href=\"https:\/\/blogs.univ-tlse2.fr\/cerises\/files\/reunions-et-echeancier-documents-mimizan\/PLANNING-Mimizan-2-d\u00e9finitif.pdf\">le planning des r\u00e9unions<\/a>, <a href=\"https:\/\/blogs.univ-tlse2.fr\/cerises\/files\/reunions-et-echeancier-documents-mimizan\/programme-mimizan.pdf\">programme<\/a><\/li>\n<li>les comptes-rendus des r\u00e9unions:<br \/>\n&#8211; 2010 : <a href=\"https:\/\/blogs.univ-tlse2.fr\/cerises\/files\/reunions-et-echeancier-documents-mimizan\/Compte-rendu-1ere-reunion-co-habitat-bois-16042010.pdf\">16 avril<\/a>, <a href=\"https:\/\/blogs.univ-tlse2.fr\/cerises\/files\/reunions-et-echeancier-documents-mimizan\/cr-28-mai.pdf\">28 mai<\/a>, <a href=\"https:\/\/blogs.univ-tlse2.fr\/cerises\/files\/reunions-et-echeancier-documents-mimizan\/11-juin.pdf\">11 juin<\/a>, <a href=\"https:\/\/blogs.univ-tlse2.fr\/cerises\/files\/reunions-et-echeancier-documents-mimizan\/25-juin.pdf\">25 juin<\/a>, <a href=\"https:\/\/blogs.univ-tlse2.fr\/cerises\/files\/reunions-et-echeancier-documents-mimizan\/9-juillet.pdf\">9 juillet<\/a>, <a href=\"https:\/\/blogs.univ-tlse2.fr\/cerises\/files\/reunions-et-echeancier-documents-mimizan\/cpte-rendu-8-oct-2010.pdf\">8 octobre<\/a>, <a href=\"https:\/\/blogs.univ-tlse2.fr\/cerises\/files\/reunions-et-echeancier-documents-mimizan\/cmpte-rendu-22-oct-10.pdf\">22 octobre<\/a>, <a href=\"https:\/\/blogs.univ-tlse2.fr\/cerises\/files\/reunions-et-echeancier-documents-mimizan\/cmpte-rendu-5-nov-2010.pdf\">5 novembre<\/a>, <a href=\"https:\/\/blogs.univ-tlse2.fr\/cerises\/files\/reunions-et-echeancier-documents-mimizan\/compte-rendu-19-nov-2010.pdf\">19 novembre<\/a>, <a href=\"https:\/\/blogs.univ-tlse2.fr\/cerises\/files\/reunions-et-echeancier-documents-mimizan\/compte-rendu-3-d\u00e9cembre.pdf\">3 d\u00e9cembre<\/a>, <a href=\"https:\/\/blogs.univ-tlse2.fr\/cerises\/files\/reunions-et-echeancier-documents-mimizan\/compte-rendu-17-dec-2010.pdf\">17 d\u00e9cembre<\/a><br \/>\n&#8211; 2011 : <a href=\"https:\/\/blogs.univ-tlse2.fr\/cerises\/files\/reunions-et-echeancier-documents-mimizan\/280111.pdf\">28 janvier<\/a>, <a href=\"https:\/\/blogs.univ-tlse2.fr\/cerises\/files\/reunions-et-echeancier-documents-mimizan\/CR110211.pdf\">11 f\u00e9vrier<\/a>, <a href=\"https:\/\/blogs.univ-tlse2.fr\/cerises\/files\/reunions-et-echeancier-documents-mimizan\/CR250211-1.pdf\">25 f\u00e9vrier<\/a><\/li>\n<li><a href=\"https:\/\/blogs.univ-tlse2.fr\/cerises\/files\/reunions-et-echeancier-documents-mimizan\/Document-final-Les-Sablines.pdf\">le rapport final<\/a><\/li>\n<\/ul>\n<p>Retrouvez \u00e9galement le <a href=\"http:\/\/cohabitatmimizan.blogspot.fr\/\" target=\"_blank\">blog du projet<\/a> (vid\u00e9os, dossiers, t\u00e9moignages) et le <a href=\"https:\/\/blogs.univ-tlse2.fr\/cerises\/files\/reunions-et-echeancier-documents-mimizan\/action_autom_2010.pdf\">num\u00e9ro sp\u00e9cial co-habitat du journal de la Communaut\u00e9 de communes de Mimizan<\/a>.<\/p>\n<p><a href=\"https:\/\/blogs.univ-tlse2.fr\/cerises\/wp-content\/blogs.dir\/97\/files\/reunions-et-echeancier-documents-mimizan\/COHABITAT-MIMIZAN-5.jpg\"><img loading=\"lazy\" decoding=\"async\" class=\"aligncenter size-full wp-image-3436\" alt=\"COHABITAT MIMIZAN (5)\" src=\"https:\/\/blogs.univ-tlse2.fr\/cerises\/wp-content\/blogs.dir\/97\/files\/reunions-et-echeancier-documents-mimizan\/COHABITAT-MIMIZAN-5.jpg\" width=\"1800\" height=\"1157\" srcset=\"https:\/\/blogs.univ-tlse2.fr\/cerises\/files\/reunions-et-echeancier-documents-mimizan\/COHABITAT-MIMIZAN-5.jpg 1800w, https:\/\/blogs.univ-tlse2.fr\/cerises\/files\/reunions-et-echeancier-documents-mimizan\/COHABITAT-MIMIZAN-5-150x96.jpg 150w, https:\/\/blogs.univ-tlse2.fr\/cerises\/files\/reunions-et-echeancier-documents-mimizan\/COHABITAT-MIMIZAN-5-300x192.jpg 300w, https:\/\/blogs.univ-tlse2.fr\/cerises\/files\/reunions-et-echeancier-documents-mimizan\/COHABITAT-MIMIZAN-5-700x449.jpg 700w, https:\/\/blogs.univ-tlse2.fr\/cerises\/files\/reunions-et-echeancier-documents-mimizan\/COHABITAT-MIMIZAN-5-624x401.jpg 624w\" sizes=\"auto, (max-width: 1800px) 100vw, 1800px\" \/><\/a><\/p>\n<p>Vous souhaitez :<\/p>\n<ul>\n<li>acqu\u00e9rir votre r\u00e9sidence principale \u00e0 Mimizan \u00e0 un prix inf\u00e9rieur \u00e0 30 % de celui du march\u00e9,<\/li>\n<li>concevoir vous-m\u00eame le logement dans lequel vous allez habiter avec des habitants choisis,<\/li>\n<li>\u00eatre accompagn\u00e9 gratuitement par une \u00e9quipe d\u2019\u00e9conomistes, d\u2019ing\u00e9nieurs et d\u2019architectes pour limiter la dur\u00e9e de l\u2019op\u00e9ration \u00e0 3 ans.<\/li>\n<\/ul>\n<p>La Mairie et la communaut\u00e9 de communes de Mimizan, la r\u00e9gion et le P\u00f4le de comp\u00e9titivit\u00e9-bois ont d\u00e9cid\u00e9 de porter cette initiative. A l\u2019image de la Suisse et du Qu\u00e9bec, La France s\u2019engage enfin dans le co-habitat.<\/p>\n<p>Revue de presse: <a href=\"http:\/\/www.sudouest.fr\/2010\/04\/26\/le-cohabitat-en-bois-un-logement-collectif-choisi-75750-3.php\" target=\"_blank\">Sud Ouest 26 avril<\/a>, <a href=\"http:\/\/www.sudouest.fr\/2010\/04\/16\/mimizan-veut-loger-autrement-67592-730.php\" target=\"_blank\">Sud Ouest 16 avril<\/a><\/p>\n<p>voir aussi :\u00a0http:\/\/cohabitatmimizan.blogspot.fr<\/p>\n<p>&nbsp;<\/p>\n<h2>Voir aussi :<\/h2>\n\n<!-- Page-list plugin v.5.9 wordpress.org\/plugins\/page-list\/ -->\n<ul class=\"page-list \">\n<li class=\"page_item page-item-164\"><a href=\"https:\/\/blogs.univ-tlse2.fr\/cerises\/experimentations\/coopatoit\/conferences-publiques\/\">Conf\u00e9rences publiques<\/a><\/li>\n<li class=\"page_item page-item-166\"><a href=\"https:\/\/blogs.univ-tlse2.fr\/cerises\/experimentations\/coopatoit\/documents-techniques\/\">Documents techniques<\/a><\/li>\n<li class=\"page_item page-item-146 page_item_has_children\"><a href=\"https:\/\/blogs.univ-tlse2.fr\/cerises\/experimentations\/coopatoit\/projets-de-co-habitat\/\">La Ruche de B\u00e8gles<\/a><\/li>\n\n<\/ul>\n<p>&nbsp;<\/p>\n","protected":false},"excerpt":{"rendered":"<p>Les comptes-rendus de r\u00e9union ne seront mis en ligne que lorsque des \u00e9tapes essentielles auront \u00e9t\u00e9 valid\u00e9es: constitution du groupe des habitants, charte arr\u00eat\u00e9e, etc. Les r\u00e9unions sont ouvertes \u00e0 tous : le planning des r\u00e9unions, programme les comptes-rendus des r\u00e9unions: &#8211; 2010 : 16 avril, 28 mai, 11 juin, 25 juin, 9 juillet, 8 [&hellip;]<\/p>\n","protected":false},"author":157,"featured_media":0,"parent":1507,"menu_order":4,"comment_status":"closed","ping_status":"closed","template":"","meta":{"footnotes":""},"class_list":["post-252","page","type-page","status-publish","hentry"],"_links":{"self":[{"href":"https:\/\/blogs.univ-tlse2.fr\/cerises\/wp-json\/wp\/v2\/pages\/252","targetHints":{"allow":["GET"]}}],"collection":[{"href":"https:\/\/blogs.univ-tlse2.fr\/cerises\/wp-json\/wp\/v2\/pages"}],"about":[{"href":"https:\/\/blogs.univ-tlse2.fr\/cerises\/wp-json\/wp\/v2\/types\/page"}],"author":[{"embeddable":true,"href":"https:\/\/blogs.univ-tlse2.fr\/cerises\/wp-json\/wp\/v2\/users\/157"}],"replies":[{"embeddable":true,"href":"https:\/\/blogs.univ-tlse2.fr\/cerises\/wp-json\/wp\/v2\/comments?post=252"}],"version-history":[{"count":24,"href":"https:\/\/blogs.univ-tlse2.fr\/cerises\/wp-json\/wp\/v2\/pages\/252\/revisions"}],"predecessor-version":[{"id":3438,"href":"https:\/\/blogs.univ-tlse2.fr\/cerises\/wp-json\/wp\/v2\/pages\/252\/revisions\/3438"}],"up":[{"embeddable":true,"href":"https:\/\/blogs.univ-tlse2.fr\/cerises\/wp-json\/wp\/v2\/pages\/1507"}],"wp:attachment":[{"href":"https:\/\/blogs.univ-tlse2.fr\/cerises\/wp-json\/wp\/v2\/media?parent=252"}],"curies":[{"name":"wp","href":"https:\/\/api.w.org\/{rel}","templated":true}]}}