 {"id":2638,"date":"2013-02-07T20:19:40","date_gmt":"2013-02-07T19:19:40","guid":{"rendered":"https:\/\/blogs.univ-tlse2.fr\/cerises\/?page_id=2638"},"modified":"2014-02-06T10:31:56","modified_gmt":"2014-02-06T09:31:56","slug":"textes-de-conferences-2004-2","status":"publish","type":"page","link":"https:\/\/blogs.univ-tlse2.fr\/cerises\/publications\/conferences-colloques\/textes-de-conferences-2004-2\/","title":{"rendered":"Textes de conf\u00e9rences 2004"},"content":{"rendered":"<h3><a href=\"https:\/\/blogs.univ-tlse2.fr\/cerises\/files\/textes-de-conferences-2004\/dim-soc-porosite.pdf\">Une mesure de la performance de l&rsquo;organisation sans but lucratif : la porosit\u00e9<\/a><\/h3>\n<p><em>Journ\u00e9es de l\u2019Association Fran\u00e7aise des Sciences Economiques, 2004<\/em><br \/>\n<em> Philippe Jeannin, Universit\u00e9 de Toulouse 3 LERASS IUT Tarbes ox&#121;&#x6d;&#x6f;&#x72;&#x65;11&#64;&#97;&#x6f;&#x6c;&#x2e;com<\/em><br \/>\n<em> Jacques Prades, Universit\u00e9 de Toulouse 2 Le Mirail cerises &#112;r&#x61;d&#x65;s&#x40;u&#x6e;i&#x76;-&#x74;l&#x73;e&#x32;&#46;&#x66;&#114;<\/em><\/p>\n<p>Assurer de solides fondements \u00e0 une \u00e9valuation de la performance dans les organisations sans but lucratif (OSBL) est l\u2019objet de cet article. Le propos de cette contribution est double : passer en revue la litt\u00e9rature sur le sujet et sugg\u00e9rer que la \u00ab porosit\u00e9 \u00bb est un outil f\u00e9cond pour les OSBL.<\/p>\n<p>Economie sociale et territoire rural: une socio-\u00e9conomie spatiale Journ\u00e9es d\u2019\u00e9tudes internationales \u00ab\u00a0Mise au travail, pratiques solidaires, acteurs et institution\u00a0\u00bb, Amiens 28 Mai 2004 Jacques Prades, Universit\u00e9 Toulouse 2 Le Mirail, Cerises<\/p>\n<p>A partir de trois \u00e9tudes de cas, l\u2019article montre quelles sont les conditions n\u00e9cessaires pour que les structures d\u2019insertion par l\u2019activit\u00e9 \u00e9conomique participent \u00e0 une dynamique territoriale.<\/p>\n<h3><a href=\"https:\/\/blogs.univ-tlse2.fr\/cerises\/files\/textes-de-conferences-2004-2006\/micro-lutte-contre-les-in.pdf\">Lutte contre les in\u00e9galit\u00e9s versus lutte contre la pauvret\u00e9, un nouveau d\u00e9fi pour la microfinance<\/a><\/h3>\n<p><em>Conf\u00e9rence \u00e0 l\u2019institut CDC pour la recherche: Les defis contemporains de la microfinance \u2013 29 Mars 2004<\/em><br \/>\n<em> Jean-Michel Servet, Professeur \u00e0 l\u2019Institut Universitaire d\u2019Etudes du D\u00e9veloppement de Gen\u00e8ve<\/em><\/p>\n<p>1\/ Mont\u00e9e des in\u00e9galit\u00e9s au cours du dernier quart de si\u00e8cle. 2\/ Dans l\u2019objectif primordial de lutte contre la pauvret\u00e9, quelle est la part de la microfinance ? 3\/ L\u2019objectif de lutte contre la pauvret\u00e9, vice originel de la microfinance 4\/ Lutte contre les in\u00e9galit\u00e9s et approche autre de l\u2019acc\u00e8s pour tous aux services financiers.<\/p>\n<h3><a href=\"https:\/\/blogs.univ-tlse2.fr\/cerises\/files\/textes-de-conferences-2004\/themes-des-terr-en-reconversion.pdf\">Des territoires en reconversion : les faux espoirs de la croissance<\/a><\/h3>\n<p><em>\u00ab\u00a0L\u2019odyss\u00e9e des lecteurs\u00a0\u00bb, Martigues, 4\/5 Juin 2004 Jacques Prades, Universit\u00e9 Toulouse 2 Le Mirail, Cerises<\/em><\/p>\n<p>Ce texte montre que la volont\u00e9 locale l\u00e9gitime d\u2019une recherche de la croissance est peu cr\u00e9dible au niveau macro-\u00e9conomique mais surtout pas souhaitable en raison des effets pervers qu\u2019elle produit. L\u2019hypoth\u00e8se est que la force de l\u2019Europe pourrait ne reposer ni sur l\u2019Europe \u00e9conomique, ni sur l\u2019Europe sociale mais sur l\u2019entreprise sociale europ\u00e9enne. On d\u00e9bouchera alors sur la recherche d\u2019une troisi\u00e8me voie du d\u00e9veloppement territorial qui, s\u2019il ne r\u00e9sout pas totalement les questions \u00e9voqu\u00e9es, peut limiter certains effets pervers de la croissance.<\/p>\n","protected":false},"excerpt":{"rendered":"<p>Une mesure de la performance de l&rsquo;organisation sans but lucratif : la porosit\u00e9 Journ\u00e9es de l\u2019Association Fran\u00e7aise des Sciences Economiques, 2004 Philippe Jeannin, Universit\u00e9 de Toulouse 3 LERASS IUT Tarbes oxymore11&#64;aol&#46;com Jacques Prades, Universit\u00e9 de Toulouse 2 Le Mirail cerises &#x70;&#x72;&#x61;&#x64;&#101;s&#64;un&#x69;&#x76;&#x2d;&#x74;&#108;se2&#46;&#x66;&#x72; Assurer de solides fondements \u00e0 une \u00e9valuation de la performance dans les organisations sans [&hellip;]<\/p>\n","protected":false},"author":157,"featured_media":0,"parent":215,"menu_order":29,"comment_status":"closed","ping_status":"open","template":"","meta":{"footnotes":""},"class_list":["post-2638","page","type-page","status-publish","hentry"],"_links":{"self":[{"href":"https:\/\/blogs.univ-tlse2.fr\/cerises\/wp-json\/wp\/v2\/pages\/2638","targetHints":{"allow":["GET"]}}],"collection":[{"href":"https:\/\/blogs.univ-tlse2.fr\/cerises\/wp-json\/wp\/v2\/pages"}],"about":[{"href":"https:\/\/blogs.univ-tlse2.fr\/cerises\/wp-json\/wp\/v2\/types\/page"}],"author":[{"embeddable":true,"href":"https:\/\/blogs.univ-tlse2.fr\/cerises\/wp-json\/wp\/v2\/users\/157"}],"replies":[{"embeddable":true,"href":"https:\/\/blogs.univ-tlse2.fr\/cerises\/wp-json\/wp\/v2\/comments?post=2638"}],"version-history":[{"count":7,"href":"https:\/\/blogs.univ-tlse2.fr\/cerises\/wp-json\/wp\/v2\/pages\/2638\/revisions"}],"predecessor-version":[{"id":2974,"href":"https:\/\/blogs.univ-tlse2.fr\/cerises\/wp-json\/wp\/v2\/pages\/2638\/revisions\/2974"}],"up":[{"embeddable":true,"href":"https:\/\/blogs.univ-tlse2.fr\/cerises\/wp-json\/wp\/v2\/pages\/215"}],"wp:attachment":[{"href":"https:\/\/blogs.univ-tlse2.fr\/cerises\/wp-json\/wp\/v2\/media?parent=2638"}],"curies":[{"name":"wp","href":"https:\/\/api.w.org\/{rel}","templated":true}]}}