 {"id":266,"date":"2013-01-11T11:40:20","date_gmt":"2013-01-11T10:40:20","guid":{"rendered":"https:\/\/blogs.univ-tlse2.fr\/cerises\/?page_id=266"},"modified":"2014-02-06T10:31:56","modified_gmt":"2014-02-06T09:31:56","slug":"naje","status":"publish","type":"page","link":"https:\/\/blogs.univ-tlse2.fr\/cerises\/experimentations\/principes-suivis-pour-lanalyse\/ressources-informationnelles\/naje\/","title":{"rendered":"NAJE"},"content":{"rendered":"<p>La Culture,<br \/>\nC&rsquo;est ce qui fait lien entre les hommes<br \/>\nLe Politique,<br \/>\nC&rsquo;est le contrat qui les lie<\/p>\n<p style=\"text-align: center\"><strong>N<\/strong>ous n&rsquo;<strong>A<\/strong>bandonnerons<br \/>\n<strong>J<\/strong>amais<br \/>\nl&rsquo;<strong>E<\/strong>spoir<br \/>\n(N.A.J.E.)<\/p>\n<p style=\"text-align: center\">Compagnie th\u00e9\u00e2trale professionnelle<\/p>\n<p>57, rue Roger-Salengro<br \/>\n92160 ANTONY<br \/>\nT\u00e9l.\/fax : 01 46 74 51 69<br \/>\nContact : Fabienne BRUGEL<br \/>\ne-mail : &#112;&#x68;i&#x6c;i&#112;&#x70;e&#x2e;m&#101;&#x72;l&#x61;n&#x74;&#x40;w&#x61;n&#x61;d&#111;&#x6f;&#46;&#x66;r<\/p>\n<p><a href=\"https:\/\/blogs.univ-tlse2.fr\/cerises\/files\/naje\/NAJE.pdf\">T\u00e9l\u00e9charger la fiche compl\u00e8te NAJE<\/a><\/p>\n<h2>Autres fiches ressources :<\/h2>\n\n<!-- Page-list plugin v.5.9 wordpress.org\/plugins\/page-list\/ -->\n<ul class=\"page-list \">\n<li class=\"page_item page-item-264\"><a href=\"https:\/\/blogs.univ-tlse2.fr\/cerises\/experimentations\/principes-suivis-pour-lanalyse\/ressources-informationnelles\/etymon\/\">Etym\u00f4n<\/a><\/li>\n<li class=\"page_item page-item-268\"><a href=\"https:\/\/blogs.univ-tlse2.fr\/cerises\/experimentations\/principes-suivis-pour-lanalyse\/ressources-informationnelles\/expressions\/\">ExpressionS<\/a><\/li>\n<li class=\"page_item page-item-270\"><a href=\"https:\/\/blogs.univ-tlse2.fr\/cerises\/experimentations\/principes-suivis-pour-lanalyse\/ressources-informationnelles\/espace-multimedia-au-sein-de-lassociation-anse\/\">Espace multim\u00e9dia au sein de l&rsquo;association ANSE<\/a><\/li>\n<li class=\"page_item page-item-272\"><a href=\"https:\/\/blogs.univ-tlse2.fr\/cerises\/experimentations\/principes-suivis-pour-lanalyse\/ressources-informationnelles\/principe-actif\/\">Principe Actif<\/a><\/li>\n\n<\/ul>\n<p>&nbsp;<\/p>\n","protected":false},"excerpt":{"rendered":"<p>La Culture, C&rsquo;est ce qui fait lien entre les hommes Le Politique, C&rsquo;est le contrat qui les lie Nous n&rsquo;Abandonnerons Jamais l&rsquo;Espoir (N.A.J.E.) Compagnie th\u00e9\u00e2trale professionnelle 57, rue Roger-Salengro 92160 ANTONY T\u00e9l.\/fax : 01 46 74 51 69 Contact : Fabienne BRUGEL e-mail : ph&#105;&#x6c;&#x69;&#x70;pe&#46;&#109;&#x65;&#x72;&#x6c;an&#116;&#64;&#x77;&#x61;&#x6e;ad&#111;&#x6f;&#x2e;&#x66;r T\u00e9l\u00e9charger la fiche compl\u00e8te NAJE Autres fiches ressources : &nbsp;<\/p>\n","protected":false},"author":157,"featured_media":0,"parent":152,"menu_order":2,"comment_status":"closed","ping_status":"open","template":"","meta":{"footnotes":""},"class_list":["post-266","page","type-page","status-publish","hentry"],"_links":{"self":[{"href":"https:\/\/blogs.univ-tlse2.fr\/cerises\/wp-json\/wp\/v2\/pages\/266","targetHints":{"allow":["GET"]}}],"collection":[{"href":"https:\/\/blogs.univ-tlse2.fr\/cerises\/wp-json\/wp\/v2\/pages"}],"about":[{"href":"https:\/\/blogs.univ-tlse2.fr\/cerises\/wp-json\/wp\/v2\/types\/page"}],"author":[{"embeddable":true,"href":"https:\/\/blogs.univ-tlse2.fr\/cerises\/wp-json\/wp\/v2\/users\/157"}],"replies":[{"embeddable":true,"href":"https:\/\/blogs.univ-tlse2.fr\/cerises\/wp-json\/wp\/v2\/comments?post=266"}],"version-history":[{"count":5,"href":"https:\/\/blogs.univ-tlse2.fr\/cerises\/wp-json\/wp\/v2\/pages\/266\/revisions"}],"predecessor-version":[{"id":2996,"href":"https:\/\/blogs.univ-tlse2.fr\/cerises\/wp-json\/wp\/v2\/pages\/266\/revisions\/2996"}],"up":[{"embeddable":true,"href":"https:\/\/blogs.univ-tlse2.fr\/cerises\/wp-json\/wp\/v2\/pages\/152"}],"wp:attachment":[{"href":"https:\/\/blogs.univ-tlse2.fr\/cerises\/wp-json\/wp\/v2\/media?parent=266"}],"curies":[{"name":"wp","href":"https:\/\/api.w.org\/{rel}","templated":true}]}}