 {"id":280,"date":"2013-01-11T11:42:53","date_gmt":"2013-01-11T10:42:53","guid":{"rendered":"https:\/\/blogs.univ-tlse2.fr\/cerises\/?page_id=280"},"modified":"2014-02-06T10:32:18","modified_gmt":"2014-02-06T09:32:18","slug":"domaine-de-garabaud","status":"publish","type":"page","link":"https:\/\/blogs.univ-tlse2.fr\/cerises\/experimentations\/principes-suivis-pour-lanalyse\/production-entreprises-sociales\/domaine-de-garabaud\/","title":{"rendered":"Domaine de Garabaud"},"content":{"rendered":"<h1>Contexte socio-\u00e9conomique<\/h1>\n<p>L&rsquo;observation du ch\u00f4mage et de ses m\u00e9canismes a montr\u00e9 que la difficult\u00e9 d&rsquo;acc\u00e8s ou de retour \u00e0 l&#8217;emploi s&rsquo;accro\u00eet en m\u00eame temps que s&rsquo;allonge la dur\u00e9e d&rsquo;inactivit\u00e9 professionnelle subie\u00a0: celle-ci provoque en effet une baisse des revenus donc des moyens d&rsquo;adaptation, une perte de confiance en soi et conduit \u00e0 terme \u00e0 une d\u00e9motivation \u00e0 l&rsquo;\u00e9gard du travail.<\/p>\n<p>C&rsquo;est pourquoi des acteurs de terrain ont exp\u00e9riment\u00e9 dans les ann\u00e9es 80 des formules d&rsquo;insertion s&rsquo;appuyant non plus prioritairement sur la formation, m\u00e9thode d\u00e9j\u00e0 ancienne, mais sur la mise en situation de travail r\u00e9el, sous statut salari\u00e9, dans un environnement favorable.<\/p>\n<p>La loi du 31 janvier 1991 a reconnu ces m\u00e9thodes \u00ab\u00a0d&rsquo;insertion par l&rsquo;activit\u00e9 \u00e9conomique\u00a0\u00bb, apport\u00e9 des moyens aux structures engag\u00e9es dans ce dispositif et d\u00e9fini un support juridique aux contrats de travail utilis\u00e9s.<\/p>\n<p>Une deuxi\u00e8me loi \u00ab\u00a0contre les exclusions\u00a0\u00bb, \u00e9dict\u00e9e le 29 juillet 1998, a confirm\u00e9 les dispositions ant\u00e9rieures et conf\u00e9r\u00e9 un statut aux structures d&rsquo;insertion\u00a0; elle a simplifi\u00e9 les syst\u00e8mes d&rsquo;aides publiques et a pr\u00e9cis\u00e9 que les contrats en insertion sont une \u00e9tape d&rsquo;un parcours individuel vers un emploi durable, dont la construction concert\u00e9e est confi\u00e9e \u00e0 l&rsquo;ANPE qui est \u00e9galement charg\u00e9e de d\u00e9livrer certains agr\u00e9ments pour les publics.<\/p>\n<p>Le Fond Social Europ\u00e9en apporte un soutien, dans le cadre des aides publiques, aux structures d&rsquo;insertion par l&rsquo;\u00e9conomique, notamment pour les aides aux postes d&rsquo;insertion ainsi que pour la mise en place d&rsquo;un accompagnement social et professionnel au sein de ces structures.<\/p>\n<p>Les actions men\u00e9es par ces structures ont aussi vocation \u00e0 s&rsquo;int\u00e9grer dans les politiques de d\u00e9veloppement territorial, parmi lesquelles on peut citer, la loi d&rsquo;orientation sur l&rsquo;am\u00e9nagement\u00a0 et le d\u00e9veloppement durable du territoire (LOADDT), dite Loi Voynet. Cette loi offre un cadre ad\u00e9quat pour relever le d\u00e9fi du d\u00e9veloppement territorial. Elle pr\u00e9voit la mise en place de Pays, comme espace de<\/p>\n<p>f\u00e9d\u00e9ration, de coordination de projet, organis\u00e9 dans une logique crois\u00e9e de d\u00e9veloppement social, \u00e9conomique et environnemental.<\/p>\n<p><a href=\"https:\/\/blogs.univ-tlse2.fr\/cerises\/files\/domaine-de-garabaud\/garabaud.pdf\">&gt; T\u00e9l\u00e9chargez la fiche compl\u00e8te Domaine de Garabaud<\/a><\/p>\n<h2>Autres fiches ressources :<\/h2>\n\n<!-- Page-list plugin v.5.9 wordpress.org\/plugins\/page-list\/ -->\n<ul class=\"page-list \">\n<li class=\"page_item page-item-278\"><a href=\"https:\/\/blogs.univ-tlse2.fr\/cerises\/experimentations\/principes-suivis-pour-lanalyse\/production-entreprises-sociales\/praksys\/\">Praksys<\/a><\/li>\n<li class=\"page_item page-item-282\"><a href=\"https:\/\/blogs.univ-tlse2.fr\/cerises\/experimentations\/principes-suivis-pour-lanalyse\/production-entreprises-sociales\/mere-denys-production\/\">M\u00e8re Deny&rsquo;s Production<\/a><\/li>\n<li class=\"page_item page-item-284\"><a href=\"https:\/\/blogs.univ-tlse2.fr\/cerises\/experimentations\/principes-suivis-pour-lanalyse\/production-entreprises-sociales\/step-forward\/\">Step Forward<\/a><\/li>\n<li class=\"page_item page-item-286\"><a href=\"https:\/\/blogs.univ-tlse2.fr\/cerises\/experimentations\/principes-suivis-pour-lanalyse\/production-entreprises-sociales\/associations-daide-en-milieu-rural\/\">Associations d&rsquo;aide en milieu rural<\/a><\/li>\n<li class=\"page_item page-item-288\"><a href=\"https:\/\/blogs.univ-tlse2.fr\/cerises\/experimentations\/principes-suivis-pour-lanalyse\/production-entreprises-sociales\/essor\/\">Essor<\/a><\/li>\n<li class=\"page_item page-item-290\"><a href=\"https:\/\/blogs.univ-tlse2.fr\/cerises\/experimentations\/principes-suivis-pour-lanalyse\/production-entreprises-sociales\/scopados\/\">Scopados<\/a><\/li>\n<li class=\"page_item page-item-2263\"><a href=\"https:\/\/blogs.univ-tlse2.fr\/cerises\/experimentations\/principes-suivis-pour-lanalyse\/production-entreprises-sociales\/movimento2\/\">Movimento<\/a><\/li>\n\n<\/ul>\n","protected":false},"excerpt":{"rendered":"<p>Contexte socio-\u00e9conomique L&rsquo;observation du ch\u00f4mage et de ses m\u00e9canismes a montr\u00e9 que la difficult\u00e9 d&rsquo;acc\u00e8s ou de retour \u00e0 l&#8217;emploi s&rsquo;accro\u00eet en m\u00eame temps que s&rsquo;allonge la dur\u00e9e d&rsquo;inactivit\u00e9 professionnelle subie\u00a0: celle-ci provoque en effet une baisse des revenus donc des moyens d&rsquo;adaptation, une perte de confiance en soi et conduit \u00e0 terme \u00e0 une [&hellip;]<\/p>\n","protected":false},"author":157,"featured_media":0,"parent":156,"menu_order":2,"comment_status":"closed","ping_status":"open","template":"","meta":{"footnotes":""},"class_list":["post-280","page","type-page","status-publish","hentry"],"_links":{"self":[{"href":"https:\/\/blogs.univ-tlse2.fr\/cerises\/wp-json\/wp\/v2\/pages\/280","targetHints":{"allow":["GET"]}}],"collection":[{"href":"https:\/\/blogs.univ-tlse2.fr\/cerises\/wp-json\/wp\/v2\/pages"}],"about":[{"href":"https:\/\/blogs.univ-tlse2.fr\/cerises\/wp-json\/wp\/v2\/types\/page"}],"author":[{"embeddable":true,"href":"https:\/\/blogs.univ-tlse2.fr\/cerises\/wp-json\/wp\/v2\/users\/157"}],"replies":[{"embeddable":true,"href":"https:\/\/blogs.univ-tlse2.fr\/cerises\/wp-json\/wp\/v2\/comments?post=280"}],"version-history":[{"count":4,"href":"https:\/\/blogs.univ-tlse2.fr\/cerises\/wp-json\/wp\/v2\/pages\/280\/revisions"}],"predecessor-version":[{"id":3005,"href":"https:\/\/blogs.univ-tlse2.fr\/cerises\/wp-json\/wp\/v2\/pages\/280\/revisions\/3005"}],"up":[{"embeddable":true,"href":"https:\/\/blogs.univ-tlse2.fr\/cerises\/wp-json\/wp\/v2\/pages\/156"}],"wp:attachment":[{"href":"https:\/\/blogs.univ-tlse2.fr\/cerises\/wp-json\/wp\/v2\/media?parent=280"}],"curies":[{"name":"wp","href":"https:\/\/api.w.org\/{rel}","templated":true}]}}

<h1>Contexte socio-économique</h1>
<p>L&rsquo;observation du chômage et de ses mécanismes a montré que la difficulté d&rsquo;accès ou de retour à l&#8217;emploi s&rsquo;accroît en même temps que s&rsquo;allonge la durée d&rsquo;inactivité professionnelle subie : celle-ci provoque en effet une baisse des revenus donc des moyens d&rsquo;adaptation, une perte de confiance en soi et conduit à terme à une démotivation à l&rsquo;égard du travail.</p>
<p>C&rsquo;est pourquoi des acteurs de terrain ont expérimenté dans les années 80 des formules d&rsquo;insertion s&rsquo;appuyant non plus prioritairement sur la formation, méthode déjà ancienne, mais sur la mise en situation de travail réel, sous statut salarié, dans un environnement favorable.</p>
<p>La loi du 31 janvier 1991 a reconnu ces méthodes « d&rsquo;insertion par l&rsquo;activité économique », apporté des moyens aux structures engagées dans ce dispositif et défini un support juridique aux contrats de travail utilisés.</p>
<p>Une deuxième loi « contre les exclusions », édictée le 29 juillet 1998, a confirmé les dispositions antérieures et conféré un statut aux structures d&rsquo;insertion ; elle a simplifié les systèmes d&rsquo;aides publiques et a précisé que les contrats en insertion sont une étape d&rsquo;un parcours individuel vers un emploi durable, dont la construction concertée est confiée à l&rsquo;ANPE qui est également chargée de délivrer certains agréments pour les publics.</p>
<p>Le Fond Social Européen apporte un soutien, dans le cadre des aides publiques, aux structures d&rsquo;insertion par l&rsquo;économique, notamment pour les aides aux postes d&rsquo;insertion ainsi que pour la mise en place d&rsquo;un accompagnement social et professionnel au sein de ces structures.</p>
<p>Les actions menées par ces structures ont aussi vocation à s&rsquo;intégrer dans les politiques de développement territorial, parmi lesquelles on peut citer, la loi d&rsquo;orientation sur l&rsquo;aménagement  et le développement durable du territoire (LOADDT), dite Loi Voynet. Cette loi offre un cadre adéquat pour relever le défi du développement territorial. Elle prévoit la mise en place de Pays, comme espace de</p>
<p>fédération, de coordination de projet, organisé dans une logique croisée de développement social, économique et environnemental.</p>
<p><a href="https://blogs.univ-tlse2.fr/cerises/files/domaine-de-garabaud/garabaud.pdf">&gt; Téléchargez la fiche complète Domaine de Garabaud</a></p>
<h2>Autres fiches ressources :</h2>

<!-- Page-list plugin v.5.9 wordpress.org/plugins/page-list/ -->
<ul class="page-list ">
<li class="page_item page-item-278"><a href="https://blogs.univ-tlse2.fr/cerises/experimentations/principes-suivis-pour-lanalyse/production-entreprises-sociales/praksys/">Praksys</a></li>
<li class="page_item page-item-282"><a href="https://blogs.univ-tlse2.fr/cerises/experimentations/principes-suivis-pour-lanalyse/production-entreprises-sociales/mere-denys-production/">Mère Deny&rsquo;s Production</a></li>
<li class="page_item page-item-284"><a href="https://blogs.univ-tlse2.fr/cerises/experimentations/principes-suivis-pour-lanalyse/production-entreprises-sociales/step-forward/">Step Forward</a></li>
<li class="page_item page-item-286"><a href="https://blogs.univ-tlse2.fr/cerises/experimentations/principes-suivis-pour-lanalyse/production-entreprises-sociales/associations-daide-en-milieu-rural/">Associations d&rsquo;aide en milieu rural</a></li>
<li class="page_item page-item-288"><a href="https://blogs.univ-tlse2.fr/cerises/experimentations/principes-suivis-pour-lanalyse/production-entreprises-sociales/essor/">Essor</a></li>
<li class="page_item page-item-290"><a href="https://blogs.univ-tlse2.fr/cerises/experimentations/principes-suivis-pour-lanalyse/production-entreprises-sociales/scopados/">Scopados</a></li>
<li class="page_item page-item-2263"><a href="https://blogs.univ-tlse2.fr/cerises/experimentations/principes-suivis-pour-lanalyse/production-entreprises-sociales/movimento2/">Movimento</a></li>

</ul>

<p>Contexte socio-économique L&rsquo;observation du chômage et de ses mécanismes a montré que la difficulté d&rsquo;accès ou de retour à l&#8217;emploi s&rsquo;accroît en même temps que s&rsquo;allonge la durée d&rsquo;inactivité professionnelle subie : celle-ci provoque en effet une baisse des revenus donc des moyens d&rsquo;adaptation, une perte de confiance en soi et conduit à terme à une [&hellip;]</p>
