 {"id":296,"date":"2013-01-11T11:46:09","date_gmt":"2013-01-11T10:46:09","guid":{"rendered":"https:\/\/blogs.univ-tlse2.fr\/cerises\/?page_id=296"},"modified":"2014-02-06T10:32:18","modified_gmt":"2014-02-06T09:32:18","slug":"projet-vietnam-ong-villes-en-transition","status":"publish","type":"page","link":"https:\/\/blogs.univ-tlse2.fr\/cerises\/experimentations\/principes-suivis-pour-lanalyse\/consommation-repartition-des-echanges-initiatives-solidaires\/projet-vietnam-ong-villes-en-transition\/","title":{"rendered":"Projet \u00ab\u00a0VietNam\u00a0\u00bb &#8211; ONG Villes en Transition"},"content":{"rendered":"<p>L&rsquo;initiative est un projet d&rsquo;un \u00e9tudiant du master professionnel Nouvelle Economie Sociale.<\/p>\n<p>Cette monographie a \u00e9t\u00e9 r\u00e9alis\u00e9e avant l&rsquo;\u00e9laboration par Cerises de sa grille standard et ne suit donc pas le sch\u00e9ma de cette grille.<\/p>\n<h1>Pr\u00e9sentation du projet<\/h1>\n<h2>Une hybridation de deux initiatives : les potagers collectifs et les r\u00e9seaux d&rsquo;\u00e9change de savoir<\/h2>\n<p>Mon projet est de monter, \u00e0 H\u00f4-Chi-Minh Ville, Vietnam, une structure au sein de laquelle pourront se cristalliser 2 types d&rsquo;activit\u00e9s<\/p>\n<p>\u2022 Un potager collectif (sur le mod\u00e8le des jardins familiaux existant en France), utilis\u00e9 par des personnes en difficult\u00e9 sociale et financi\u00e8re, dont la production sera ensuite collectivis\u00e9e entre tous les travailleurs de ce lopin de terre et dont une certaine partie pourra \u00eatre revendue sous forme de paniers afin de cr\u00e9er une part d&rsquo;autofinancement \u00e0 la structure. Il nous faudra trouver un lieu, dans la zone de r\u00e9sidence des b\u00e9n\u00e9ficiaires du projet, pouvant \u00eatre transform\u00e9 en terrain cultivable [1] et attribuer une parcelle \u00e0 chaque foyer b\u00e9n\u00e9ficiaire du projet. Un travailleur social engag\u00e9 \u00e0 plein temps s&rsquo;occupera de la gestion de cette activit\u00e9.<\/p>\n<p>\u2022 Un r\u00e9seau d&rsquo;\u00e9change de savoirs, de biens et de services facilitant les \u00e9changes inter-personnels au sein du potager collectif tout en permettant \u00e0 des personnes ext\u00e9rieures de proposer leurs services et de disposer de ceux des autres. Ce r\u00e9seau s&rsquo;inspire largement de l&rsquo;initiative des syst\u00e8mes d&rsquo;\u00e9changes locaux (SEL) fran\u00e7ais.<\/p>\n<p><a href=\"https:\/\/blogs.univ-tlse2.fr\/cerises\/files\/projet-vietnam-ong-villes-en-transition\/vietnam.pdf\">&gt; T\u00e9l\u00e9chargez la fiche compl\u00e8te Projet VietNam<\/a><\/p>\n<h2>Autres fiches ressources :<\/h2>\n\n<!-- Page-list plugin v.5.9 wordpress.org\/plugins\/page-list\/ -->\n<ul class=\"page-list \">\n<li class=\"page_item page-item-294\"><a href=\"https:\/\/blogs.univ-tlse2.fr\/cerises\/experimentations\/principes-suivis-pour-lanalyse\/consommation-repartition-des-echanges-initiatives-solidaires\/cooperatives-dhabitants\/\">Coop\u00e9ratives d&rsquo;habitants<\/a><\/li>\n<li class=\"page_item page-item-298\"><a href=\"https:\/\/blogs.univ-tlse2.fr\/cerises\/experimentations\/principes-suivis-pour-lanalyse\/consommation-repartition-des-echanges-initiatives-solidaires\/atelier-blanc\/\">Atelier Blanc<\/a><\/li>\n<li class=\"page_item page-item-300\"><a href=\"https:\/\/blogs.univ-tlse2.fr\/cerises\/experimentations\/principes-suivis-pour-lanalyse\/consommation-repartition-des-echanges-initiatives-solidaires\/accompagnement-a-la-scolarite\/\">Accompagnement \u00e0 la scolarit\u00e9 et \u00e0 l&rsquo;int\u00e9gration des Enfants Nouvellement Arriv\u00e9s en France<\/a><\/li>\n<li class=\"page_item page-item-302\"><a href=\"https:\/\/blogs.univ-tlse2.fr\/cerises\/experimentations\/principes-suivis-pour-lanalyse\/consommation-repartition-des-echanges-initiatives-solidaires\/nomad-rsi\/\">NOMAD RSI<\/a><\/li>\n<li class=\"page_item page-item-304\"><a href=\"https:\/\/blogs.univ-tlse2.fr\/cerises\/experimentations\/principes-suivis-pour-lanalyse\/consommation-repartition-des-echanges-initiatives-solidaires\/global-ecovillage\/\">Global Ecovillage<\/a><\/li>\n<li class=\"page_item page-item-306\"><a href=\"https:\/\/blogs.univ-tlse2.fr\/cerises\/experimentations\/principes-suivis-pour-lanalyse\/consommation-repartition-des-echanges-initiatives-solidaires\/creches-parentales\/\">Cr\u00e8ches parentales<\/a><\/li>\n<li class=\"page_item page-item-308\"><a href=\"https:\/\/blogs.univ-tlse2.fr\/cerises\/experimentations\/principes-suivis-pour-lanalyse\/consommation-repartition-des-echanges-initiatives-solidaires\/systemes-dechanges-locaux\/\">Syst\u00e8mes d&rsquo;Echanges Locaux<\/a><\/li>\n<li class=\"page_item page-item-310\"><a href=\"https:\/\/blogs.univ-tlse2.fr\/cerises\/experimentations\/principes-suivis-pour-lanalyse\/consommation-repartition-des-echanges-initiatives-solidaires\/acteurs-territoires-en-prospectives\/\">Acteurs Territoires en Prospectives<\/a><\/li>\n<li class=\"page_item page-item-160\"><a href=\"https:\/\/blogs.univ-tlse2.fr\/cerises\/experimentations\/principes-suivis-pour-lanalyse\/consommation-repartition-des-echanges-initiatives-solidaires\/mobilib-autopartage-a-toulouse\/\">Mobilib (Autopartage \u00e0 Toulouse)<\/a><\/li>\n<li class=\"page_item page-item-162\"><a href=\"https:\/\/blogs.univ-tlse2.fr\/cerises\/experimentations\/principes-suivis-pour-lanalyse\/consommation-repartition-des-echanges-initiatives-solidaires\/le-pot-ethique\/\">Le Pot \u00c9thique<\/a><\/li>\n<li class=\"page_item page-item-312\"><a href=\"https:\/\/blogs.univ-tlse2.fr\/cerises\/experimentations\/principes-suivis-pour-lanalyse\/consommation-repartition-des-echanges-initiatives-solidaires\/via-brachy\/\">Via Brachy<\/a><\/li>\n\n<\/ul>\n","protected":false},"excerpt":{"rendered":"<p>L&rsquo;initiative est un projet d&rsquo;un \u00e9tudiant du master professionnel Nouvelle Economie Sociale. Cette monographie a \u00e9t\u00e9 r\u00e9alis\u00e9e avant l&rsquo;\u00e9laboration par Cerises de sa grille standard et ne suit donc pas le sch\u00e9ma de cette grille. Pr\u00e9sentation du projet Une hybridation de deux initiatives : les potagers collectifs et les r\u00e9seaux d&rsquo;\u00e9change de savoir Mon projet [&hellip;]<\/p>\n","protected":false},"author":157,"featured_media":0,"parent":158,"menu_order":2,"comment_status":"closed","ping_status":"open","template":"","meta":{"footnotes":""},"class_list":["post-296","page","type-page","status-publish","hentry"],"_links":{"self":[{"href":"https:\/\/blogs.univ-tlse2.fr\/cerises\/wp-json\/wp\/v2\/pages\/296","targetHints":{"allow":["GET"]}}],"collection":[{"href":"https:\/\/blogs.univ-tlse2.fr\/cerises\/wp-json\/wp\/v2\/pages"}],"about":[{"href":"https:\/\/blogs.univ-tlse2.fr\/cerises\/wp-json\/wp\/v2\/types\/page"}],"author":[{"embeddable":true,"href":"https:\/\/blogs.univ-tlse2.fr\/cerises\/wp-json\/wp\/v2\/users\/157"}],"replies":[{"embeddable":true,"href":"https:\/\/blogs.univ-tlse2.fr\/cerises\/wp-json\/wp\/v2\/comments?post=296"}],"version-history":[{"count":6,"href":"https:\/\/blogs.univ-tlse2.fr\/cerises\/wp-json\/wp\/v2\/pages\/296\/revisions"}],"predecessor-version":[{"id":3017,"href":"https:\/\/blogs.univ-tlse2.fr\/cerises\/wp-json\/wp\/v2\/pages\/296\/revisions\/3017"}],"up":[{"embeddable":true,"href":"https:\/\/blogs.univ-tlse2.fr\/cerises\/wp-json\/wp\/v2\/pages\/158"}],"wp:attachment":[{"href":"https:\/\/blogs.univ-tlse2.fr\/cerises\/wp-json\/wp\/v2\/media?parent=296"}],"curies":[{"name":"wp","href":"https:\/\/api.w.org\/{rel}","templated":true}]}}