 {"id":318,"date":"2013-01-11T11:53:21","date_gmt":"2013-01-11T10:53:21","guid":{"rendered":"https:\/\/blogs.univ-tlse2.fr\/cerises\/?page_id=318"},"modified":"2014-02-06T10:32:18","modified_gmt":"2014-02-06T09:32:18","slug":"jean-pierre-azais","status":"publish","type":"page","link":"https:\/\/blogs.univ-tlse2.fr\/cerises\/cerises\/lequipe\/jean-pierre-azais\/","title":{"rendered":"Jean-Pierre Azais"},"content":{"rendered":"<h2><span>Co-Pr\u00e9sident de Cerises et co-fondateur<br \/>\n<\/span><\/h2>\n<p>T\u00e9l: +33 (0)5 62 75 01 70<br \/>\nj&#x70;&#46;&#97;&#x7a;a&#105;&#x73;&#64;&#x6f;&#x72;q&#x75;e&#46;&#x66;r<\/p>\n<p>N\u00e9 le 9 mai 1957<\/p>\n<h2>Activit\u00e9s universitaires<\/h2>\n<p>Charg\u00e9 de cours au sein du Master Professionnel Nouvelle Economie Sociale (NES) :<\/p>\n<ul>\n<li>depuis sa cr\u00e9ation \u00e0 l&rsquo;Universit\u00e9de Toulouse 2-Le-Mirail<br \/>\n<em>modules &#8211; droit des groupements &#8211; Droit Europ\u00e9en<\/em><em><br \/>\nResponsable du projet \u00ab Cr\u00e9ation d\u2019Entreprise \u00bb<\/em><\/li>\n<\/ul>\n<ul>\n<li>depuis 1999 \u00e0 l&rsquo;universit\u00e9 Paul Sabatier de Toulouse 3<br \/>\nIUT GEA Rangueil Cours annuel 2<sup>\u00e8me<\/sup> ann\u00e9e : encadrement d\u2019\u00e9tudiants, porteurs de projet<\/li>\n<\/ul>\n<h2>Activit\u00e9s Professionnelles<\/h2>\n<p>(1993) cr\u00e9ation de la coop\u00e9rative (SCOP) ORQUE <em>Organisation de Recherche pour la qualit\u00e9 de l\u2019Emploi en Europe www.orque.fr<\/em><br \/>\nCo-fondateur, actuellement <strong>consultant<\/strong>,en charge du D\u00e9veloppement et du D\u00e9partement juridique du cabinet<\/p>\n<p>(1999) cr\u00e9ation du Groupement d\u2019Employeurs SOLIDARITE CE, cr\u00e9ation d\u2019emplois par les comit\u00e9s d\u2019Entreprise Co-fondateur, actuellement <strong>pr\u00e9sident de l\u2019Association<\/strong><\/p>\n<h2>Engagements militants<\/h2>\n<p><strong>1990<\/strong> R\u00e9seau de promotion de la citoyennet\u00e9 europ\u00e9enne ECAS (ONG \u00e0 Bruxelles) Cette association a pour objectif d\u2019aider \u00e0 structurer les mouvements et initiatives citoyennes \u00e0 l\u2019\u00e9chelle de l\u2019Union Europ\u00e9enne ; Lobbying, Campagnes, S\u00e9minaires Actuellement correspondant et membre associ\u00e9<\/p>\n<p><strong>1994<\/strong> participation \u00e0 la cr\u00e9ation du R\u00e9seau Europ\u00e9en de Formation pour le Tiers secteur (REEN, \u00e0 Bruxelles)<br \/>\nInitiative destin\u00e9e \u00e0 d\u00e9velopper et unifier les pratiques de formation et la professionnalisation au sein de l\u2019Economie Sociale en Europe.<\/p>\n<p>Responsable avec C\u00e9sar JUVE, alors Directeur du Pole Universitaire Europ\u00e9en de Toulouse de l\u2019organisation en 1998 de la Quatri\u00e8me universit\u00e9 d\u2019Et\u00e9 du r\u00e9seau \u00e0 Toulouse, (apr\u00e8s Montpellier, Helsinky)\u2026 Recherchant sur Toulouse une direction scientifique et l\u2018ouverture du milieu universitaire, il convie Jacques PRADES \u00e0 venir \u00e0 Lisbonne dans une r\u00e9union pr\u00e9paratoire\u2026 Le DESS, puis CERISES, na\u00eetront de cette rencontre, alors que REEN dispara\u00eetra en 1999.<\/p>\n<p><strong>1999<\/strong> Co-fondateur de CERISES, vice-Pr\u00e9sident<\/p>\n<p><strong>2002<\/strong> Election au conseil de prud\u2019hommes de Toulouse, sur la premi\u00e8re liste d\u2019employeurs de l\u2019Economie Sociale<\/p>\n<p>Actuellement Pr\u00e9sident suppl\u00e9ant \u2018Section Activit\u00e9s diverses\u2019 (qui regroupe l\u2019Economie Sociale et solidaire)<\/p>\n<p><strong>2002<\/strong> Administrateur de l\u2019URSCOP Midi-Pyr\u00e9n\u00e9es Languedoc-Roussillon (membre du Bureau) en poste<\/p>\n<p><strong>2003<\/strong> Membre du Conseil Permanent du premier syndicat professionnel visant \u00e0 r\u00e9unir les employeurs de l\u2019Economie sociale et solidaire, l\u2019USGERES<\/p>\n<p><strong>2004<\/strong> Responsable R\u00e9gional de l\u2019USGERES.<\/p>\n<p><span>Le r\u00f4le d\u2019un syndicat professionnel, au-del\u00e0 des missions habituelles de promotion et de participation au dialogue social institutionnel, a dans l\u2019Economie Sociale et Solidaire une importance premi\u00e8re quant \u00e0 la mise en \u0153uvre collective des pratiques de responsabilit\u00e9 sociale et de d\u00e9veloppement durable des organisations. \u0152uvrant au plus pr\u00e8s des pratiques, il vise \u00e0 d\u00e9velopper les valeurs et les outils de gestion qui distinguent au quotidien une entreprise d\u2019Economie sociale et solidaire d\u2019une entreprise ordinaire.<\/span><\/p>\n<p><strong>2012<\/strong> Pr\u00e9sident de la commission d&rsquo;arbitrage de la Conf\u00e9d\u00e9ration G\u00e9n\u00e9rale des Soci\u00e9t\u00e9s COop\u00e9ratives et Participatives (SCOP)<\/p>\n<h2>Les membres de l&rsquo;\u00e9quipe :<\/h2>\n\n<!-- Page-list plugin v.5.9 wordpress.org\/plugins\/page-list\/ -->\n<ul class=\"page-list \">\n<li class=\"page_item page-item-3077\"><a href=\"https:\/\/blogs.univ-tlse2.fr\/cerises\/cerises\/lequipe\/catherine-dehureau\/\">Catherine Dehureau<\/a><\/li>\n<li class=\"page_item page-item-3069\"><a href=\"https:\/\/blogs.univ-tlse2.fr\/cerises\/cerises\/lequipe\/julien-milanesi\/\">Julien Milanesi<\/a><\/li>\n<li class=\"page_item page-item-318\"><a href=\"https:\/\/blogs.univ-tlse2.fr\/cerises\/cerises\/lequipe\/jean-pierre-azais\/\">Jean-Pierre Azais<\/a><\/li>\n<li class=\"page_item page-item-320 page_item_has_children\"><a href=\"https:\/\/blogs.univ-tlse2.fr\/cerises\/cerises\/lequipe\/jacques-prades\/\">Jacques Prades<\/a><\/li>\n<li class=\"page_item page-item-330\"><a href=\"https:\/\/blogs.univ-tlse2.fr\/cerises\/cerises\/lequipe\/isabelle-mattei\/\">Isabelle Matt\u00e9i<\/a><\/li>\n<li class=\"page_item page-item-332\"><a href=\"https:\/\/blogs.univ-tlse2.fr\/cerises\/cerises\/lequipe\/carolle-rio\/\">Carolle Rio<\/a><\/li>\n<li class=\"page_item page-item-334\"><a href=\"https:\/\/blogs.univ-tlse2.fr\/cerises\/cerises\/lequipe\/marius-chevallier\/\">Marius Chevallier<\/a><\/li>\n<li class=\"page_item page-item-336\"><a href=\"https:\/\/blogs.univ-tlse2.fr\/cerises\/cerises\/lequipe\/stephane-henin\/\">St\u00e9phane H\u00e9nin<\/a><\/li>\n<li class=\"page_item page-item-2041\"><a href=\"https:\/\/blogs.univ-tlse2.fr\/cerises\/cerises\/lequipe\/kouakou\/\">Omer Kouakou<\/a><\/li>\n\n<\/ul>\n","protected":false},"excerpt":{"rendered":"<p>Co-Pr\u00e9sident de Cerises et co-fondateur T\u00e9l: +33 (0)5 62 75 01 70 &#x6a;p&#x2e;&#x61;z&#x61;&#x69;s&#x40;&#x6f;r&#x71;&#x75;e&#x2e;&#x66;r N\u00e9 le 9 mai 1957 Activit\u00e9s universitaires Charg\u00e9 de cours au sein du Master Professionnel Nouvelle Economie Sociale (NES) : depuis sa cr\u00e9ation \u00e0 l&rsquo;Universit\u00e9de Toulouse 2-Le-Mirail modules &#8211; droit des groupements &#8211; Droit Europ\u00e9en Responsable du projet \u00ab Cr\u00e9ation d\u2019Entreprise \u00bb [&hellip;]<\/p>\n","protected":false},"author":157,"featured_media":0,"parent":316,"menu_order":1,"comment_status":"closed","ping_status":"closed","template":"","meta":{"footnotes":""},"class_list":["post-318","page","type-page","status-publish","hentry"],"_links":{"self":[{"href":"https:\/\/blogs.univ-tlse2.fr\/cerises\/wp-json\/wp\/v2\/pages\/318","targetHints":{"allow":["GET"]}}],"collection":[{"href":"https:\/\/blogs.univ-tlse2.fr\/cerises\/wp-json\/wp\/v2\/pages"}],"about":[{"href":"https:\/\/blogs.univ-tlse2.fr\/cerises\/wp-json\/wp\/v2\/types\/page"}],"author":[{"embeddable":true,"href":"https:\/\/blogs.univ-tlse2.fr\/cerises\/wp-json\/wp\/v2\/users\/157"}],"replies":[{"embeddable":true,"href":"https:\/\/blogs.univ-tlse2.fr\/cerises\/wp-json\/wp\/v2\/comments?post=318"}],"version-history":[{"count":14,"href":"https:\/\/blogs.univ-tlse2.fr\/cerises\/wp-json\/wp\/v2\/pages\/318\/revisions"}],"predecessor-version":[{"id":3045,"href":"https:\/\/blogs.univ-tlse2.fr\/cerises\/wp-json\/wp\/v2\/pages\/318\/revisions\/3045"}],"up":[{"embeddable":true,"href":"https:\/\/blogs.univ-tlse2.fr\/cerises\/wp-json\/wp\/v2\/pages\/316"}],"wp:attachment":[{"href":"https:\/\/blogs.univ-tlse2.fr\/cerises\/wp-json\/wp\/v2\/media?parent=318"}],"curies":[{"name":"wp","href":"https:\/\/api.w.org\/{rel}","templated":true}]}}

<h2><span>Co-Président de Cerises et co-fondateur<br />
</span></h2>
<p>Tél: +33 (0)5 62 75 01 70<br />
j&#x70;&#46;&#97;&#x7a;a&#105;&#x73;&#64;&#x6f;&#x72;q&#x75;e&#46;&#x66;r</p>
<p>Né le 9 mai 1957</p>
<h2>Activités universitaires</h2>
<p>Chargé de cours au sein du Master Professionnel Nouvelle Economie Sociale (NES) :</p>
<ul>
<li>depuis sa création à l&rsquo;Universitéde Toulouse 2-Le-Mirail<br />
<em>modules &#8211; droit des groupements &#8211; Droit Européen</em><em><br />
Responsable du projet « Création d’Entreprise »</em></li>
</ul>
<ul>
<li>depuis 1999 à l&rsquo;université Paul Sabatier de Toulouse 3<br />
IUT GEA Rangueil Cours annuel 2<sup>ème</sup> année : encadrement d’étudiants, porteurs de projet</li>
</ul>
<h2>Activités Professionnelles</h2>
<p>(1993) création de la coopérative (SCOP) ORQUE <em>Organisation de Recherche pour la qualité de l’Emploi en Europe www.orque.fr</em><br />
Co-fondateur, actuellement <strong>consultant</strong>,en charge du Développement et du Département juridique du cabinet</p>
<p>(1999) création du Groupement d’Employeurs SOLIDARITE CE, création d’emplois par les comités d’Entreprise Co-fondateur, actuellement <strong>président de l’Association</strong></p>
<h2>Engagements militants</h2>
<p><strong>1990</strong> Réseau de promotion de la citoyenneté européenne ECAS (ONG à Bruxelles) Cette association a pour objectif d’aider à structurer les mouvements et initiatives citoyennes à l’échelle de l’Union Européenne ; Lobbying, Campagnes, Séminaires Actuellement correspondant et membre associé</p>
<p><strong>1994</strong> participation à la création du Réseau Européen de Formation pour le Tiers secteur (REEN, à Bruxelles)<br />
Initiative destinée à développer et unifier les pratiques de formation et la professionnalisation au sein de l’Economie Sociale en Europe.</p>
<p>Responsable avec César JUVE, alors Directeur du Pole Universitaire Européen de Toulouse de l’organisation en 1998 de la Quatrième université d’Eté du réseau à Toulouse, (après Montpellier, Helsinky)… Recherchant sur Toulouse une direction scientifique et l‘ouverture du milieu universitaire, il convie Jacques PRADES à venir à Lisbonne dans une réunion préparatoire… Le DESS, puis CERISES, naîtront de cette rencontre, alors que REEN disparaîtra en 1999.</p>
<p><strong>1999</strong> Co-fondateur de CERISES, vice-Président</p>
<p><strong>2002</strong> Election au conseil de prud’hommes de Toulouse, sur la première liste d’employeurs de l’Economie Sociale</p>
<p>Actuellement Président suppléant ‘Section Activités diverses’ (qui regroupe l’Economie Sociale et solidaire)</p>
<p><strong>2002</strong> Administrateur de l’URSCOP Midi-Pyrénées Languedoc-Roussillon (membre du Bureau) en poste</p>
<p><strong>2003</strong> Membre du Conseil Permanent du premier syndicat professionnel visant à réunir les employeurs de l’Economie sociale et solidaire, l’USGERES</p>
<p><strong>2004</strong> Responsable Régional de l’USGERES.</p>
<p><span>Le rôle d’un syndicat professionnel, au-delà des missions habituelles de promotion et de participation au dialogue social institutionnel, a dans l’Economie Sociale et Solidaire une importance première quant à la mise en œuvre collective des pratiques de responsabilité sociale et de développement durable des organisations. Œuvrant au plus près des pratiques, il vise à développer les valeurs et les outils de gestion qui distinguent au quotidien une entreprise d’Economie sociale et solidaire d’une entreprise ordinaire.</span></p>
<p><strong>2012</strong> Président de la commission d&rsquo;arbitrage de la Confédération Générale des Sociétés COopératives et Participatives (SCOP)</p>
<h2>Les membres de l&rsquo;équipe :</h2>

<!-- Page-list plugin v.5.9 wordpress.org/plugins/page-list/ -->
<ul class="page-list ">
<li class="page_item page-item-3077"><a href="https://blogs.univ-tlse2.fr/cerises/cerises/lequipe/catherine-dehureau/">Catherine Dehureau</a></li>
<li class="page_item page-item-3069"><a href="https://blogs.univ-tlse2.fr/cerises/cerises/lequipe/julien-milanesi/">Julien Milanesi</a></li>
<li class="page_item page-item-318"><a href="https://blogs.univ-tlse2.fr/cerises/cerises/lequipe/jean-pierre-azais/">Jean-Pierre Azais</a></li>
<li class="page_item page-item-320 page_item_has_children"><a href="https://blogs.univ-tlse2.fr/cerises/cerises/lequipe/jacques-prades/">Jacques Prades</a></li>
<li class="page_item page-item-330"><a href="https://blogs.univ-tlse2.fr/cerises/cerises/lequipe/isabelle-mattei/">Isabelle Mattéi</a></li>
<li class="page_item page-item-332"><a href="https://blogs.univ-tlse2.fr/cerises/cerises/lequipe/carolle-rio/">Carolle Rio</a></li>
<li class="page_item page-item-334"><a href="https://blogs.univ-tlse2.fr/cerises/cerises/lequipe/marius-chevallier/">Marius Chevallier</a></li>
<li class="page_item page-item-336"><a href="https://blogs.univ-tlse2.fr/cerises/cerises/lequipe/stephane-henin/">Stéphane Hénin</a></li>
<li class="page_item page-item-2041"><a href="https://blogs.univ-tlse2.fr/cerises/cerises/lequipe/kouakou/">Omer Kouakou</a></li>

</ul>

<p>Co-Président de Cerises et co-fondateur Tél: +33 (0)5 62 75 01 70 &#x6a;p&#x2e;&#x61;z&#x61;&#x69;s&#x40;&#x6f;r&#x71;&#x75;e&#x2e;&#x66;r Né le 9 mai 1957 Activités universitaires Chargé de cours au sein du Master Professionnel Nouvelle Economie Sociale (NES) : depuis sa création à l&rsquo;Universitéde Toulouse 2-Le-Mirail modules &#8211; droit des groupements &#8211; Droit Européen Responsable du projet « Création d’Entreprise » [&hellip;]</p>
