 {"id":32,"date":"2013-01-09T16:42:03","date_gmt":"2013-01-09T15:42:03","guid":{"rendered":"https:\/\/blogs.univ-tlse2.fr\/cerises\/?page_id=32"},"modified":"2014-02-06T10:32:35","modified_gmt":"2014-02-06T09:32:35","slug":"liens","status":"publish","type":"page","link":"https:\/\/blogs.univ-tlse2.fr\/cerises\/liens\/","title":{"rendered":"Liens"},"content":{"rendered":"<p><a title=\"Comprendre et conna\u00eetre l\u2019Economie Sociale et Solidaire\" href=\"https:\/\/blogs.univ-tlse2.fr\/cerises\/liens\/comprendre-et-connaitre-leconomie-sociale-et-solidaire\/\">Comprendre et conna\u00eetre l&rsquo;Economie Sociale et Solidaire<\/a><br \/>\nCentres de documentation et de recherche.<\/p>\n<p><a title=\"M\u00e9dias citoyens et Observatoires th\u00e9matiques\" href=\"https:\/\/blogs.univ-tlse2.fr\/cerises\/liens\/medias-citoyens-et-observatoires-thematiques\/\">M\u00e9dias citoyens et Observatoires th\u00e9matiques<\/a><br \/>\nDiffuser et d\u00e9mocratiser l&rsquo;information.<\/p>\n<p><a title=\"Promotion de l\u2019ESS dans les r\u00e9gions, dans les pays et dans le monde\" href=\"https:\/\/blogs.univ-tlse2.fr\/cerises\/liens\/promotion-de-less-dans-les-regions-dans-les-pays-et-dans-le-monde\/\">Promotion de l&rsquo;ESS dans les r\u00e9gions, dans les pays et dans le monde<\/a><br \/>\nSites r\u00e9gionaux, nationaux et internationaux<\/p>\n","protected":false},"excerpt":{"rendered":"<p>Comprendre et conna\u00eetre l&rsquo;Economie Sociale et Solidaire Centres de documentation et de recherche. M\u00e9dias citoyens et Observatoires th\u00e9matiques Diffuser et d\u00e9mocratiser l&rsquo;information. Promotion de l&rsquo;ESS dans les r\u00e9gions, dans les pays et dans le monde Sites r\u00e9gionaux, nationaux et internationaux<\/p>\n","protected":false},"author":157,"featured_media":0,"parent":0,"menu_order":8,"comment_status":"closed","ping_status":"open","template":"","meta":{"footnotes":""},"class_list":["post-32","page","type-page","status-publish","hentry"],"_links":{"self":[{"href":"https:\/\/blogs.univ-tlse2.fr\/cerises\/wp-json\/wp\/v2\/pages\/32","targetHints":{"allow":["GET"]}}],"collection":[{"href":"https:\/\/blogs.univ-tlse2.fr\/cerises\/wp-json\/wp\/v2\/pages"}],"about":[{"href":"https:\/\/blogs.univ-tlse2.fr\/cerises\/wp-json\/wp\/v2\/types\/page"}],"author":[{"embeddable":true,"href":"https:\/\/blogs.univ-tlse2.fr\/cerises\/wp-json\/wp\/v2\/users\/157"}],"replies":[{"embeddable":true,"href":"https:\/\/blogs.univ-tlse2.fr\/cerises\/wp-json\/wp\/v2\/comments?post=32"}],"version-history":[{"count":4,"href":"https:\/\/blogs.univ-tlse2.fr\/cerises\/wp-json\/wp\/v2\/pages\/32\/revisions"}],"predecessor-version":[{"id":3064,"href":"https:\/\/blogs.univ-tlse2.fr\/cerises\/wp-json\/wp\/v2\/pages\/32\/revisions\/3064"}],"wp:attachment":[{"href":"https:\/\/blogs.univ-tlse2.fr\/cerises\/wp-json\/wp\/v2\/media?parent=32"}],"curies":[{"name":"wp","href":"https:\/\/api.w.org\/{rel}","templated":true}]}}