 {"id":320,"date":"2013-01-11T11:53:45","date_gmt":"2013-01-11T10:53:45","guid":{"rendered":"https:\/\/blogs.univ-tlse2.fr\/cerises\/?page_id=320"},"modified":"2022-08-20T09:08:46","modified_gmt":"2022-08-20T07:08:46","slug":"jacques-prades","status":"publish","type":"page","link":"https:\/\/blogs.univ-tlse2.fr\/cerises\/cerises\/lequipe\/jacques-prades\/","title":{"rendered":"Jacques Prades"},"content":{"rendered":"<p><span class=\"Apple-style-span\" style=\"line-height: 28px\"><a href=\"https:\/\/blogs.univ-tlse2.fr\/cerises\/files\/CIMG1174.jpg\"><img loading=\"lazy\" decoding=\"async\" class=\"aligncenter size-full wp-image-3592\" src=\"https:\/\/blogs.univ-tlse2.fr\/cerises\/files\/CIMG1174.jpg\" alt=\"CIMG1174\" width=\"640\" height=\"480\" srcset=\"https:\/\/blogs.univ-tlse2.fr\/cerises\/files\/CIMG1174.jpg 640w, https:\/\/blogs.univ-tlse2.fr\/cerises\/files\/CIMG1174-150x113.jpg 150w, https:\/\/blogs.univ-tlse2.fr\/cerises\/files\/CIMG1174-300x225.jpg 300w, https:\/\/blogs.univ-tlse2.fr\/cerises\/files\/CIMG1174-624x468.jpg 624w\" sizes=\"auto, (max-width: 640px) 100vw, 640px\" \/>Responsable scientifique Cerises et co-fondateur<\/a><br \/>\n<\/span><\/p>\n<h2><\/h2>\n<p>33 (0)5 61 79 66 12<br \/>\nj&#x61;c&#x71;&#x75;e&#x73;&#46;&#112;&#x72;a&#x64;e&#115;&#x40;n&#x74;y&#109;&#x61;i&#x6c;&#x2e;c&#x6f;m<\/p>\n<ul>\n<li>Responsable scientifique du centre<\/li>\n<li>Ma\u00eetre de conf\u00e9rences de sciences \u00e9conomiques, Habilit\u00e9 \u00e0 diriger des recherches,<\/li>\n<li>Fondateur du Master \u00ab\u00a0La nouvelle \u00e9conomie sociale\u00a0\u00bb<\/li>\n<\/ul>\n<ul>\n<li><a title=\"Livres Jacques Prades (auteur ou direction)\" href=\"https:\/\/blogs.univ-tlse2.fr\/cerises\/cerises\/lequipe\/jacques-prades\/publications-jacques-prades\/\"><strong>Livres (auteur ou direction)<\/strong><\/a><\/li>\n<li><a title=\"Articles Jacques Prades\" href=\"https:\/\/blogs.univ-tlse2.fr\/cerises\/cerises\/lequipe\/jacques-prades\/articles-jacques-prades\/\"><strong>Articles<\/strong><\/a><\/li>\n<li><a title=\"Communications Jacques Prades\" href=\"https:\/\/blogs.univ-tlse2.fr\/cerises\/cerises\/lequipe\/jacques-prades\/communications-jacques-prades\/\"><strong>Communications<\/strong><\/a><\/li>\n<li><a title=\"Suivi de travaux de recherche\" href=\"https:\/\/blogs.univ-tlse2.fr\/cerises\/cerises\/lequipe\/jacques-prades\/suivi-de-travaux-de-recherche\/\"><strong>Suivi de travaux de recherche<\/strong><\/a><\/li>\n<li><a title=\"Responsabilit\u00e9s administratives et para-universitaires\" href=\"https:\/\/blogs.univ-tlse2.fr\/cerises\/cerises\/lequipe\/jacques-prades\/responsabilites-administratives-et-para-universitaires\/\"><strong>Responsabilit\u00e9s administratives et para-universitaires<\/strong><\/a><\/li>\n<\/ul>\n<h2>Les membres de l&rsquo;\u00e9quipe :<\/h2>\n\n<!-- Page-list plugin v.5.9 wordpress.org\/plugins\/page-list\/ -->\n<ul class=\"page-list \">\n<li class=\"page_item page-item-3077\"><a href=\"https:\/\/blogs.univ-tlse2.fr\/cerises\/cerises\/lequipe\/catherine-dehureau\/\">Catherine Dehureau<\/a><\/li>\n<li class=\"page_item page-item-3069\"><a href=\"https:\/\/blogs.univ-tlse2.fr\/cerises\/cerises\/lequipe\/julien-milanesi\/\">Julien Milanesi<\/a><\/li>\n<li class=\"page_item page-item-318\"><a href=\"https:\/\/blogs.univ-tlse2.fr\/cerises\/cerises\/lequipe\/jean-pierre-azais\/\">Jean-Pierre Azais<\/a><\/li>\n<li class=\"page_item page-item-320 page_item_has_children\"><a href=\"https:\/\/blogs.univ-tlse2.fr\/cerises\/cerises\/lequipe\/jacques-prades\/\">Jacques Prades<\/a><\/li>\n<li class=\"page_item page-item-330\"><a href=\"https:\/\/blogs.univ-tlse2.fr\/cerises\/cerises\/lequipe\/isabelle-mattei\/\">Isabelle Matt\u00e9i<\/a><\/li>\n<li class=\"page_item page-item-332\"><a href=\"https:\/\/blogs.univ-tlse2.fr\/cerises\/cerises\/lequipe\/carolle-rio\/\">Carolle Rio<\/a><\/li>\n<li class=\"page_item page-item-334\"><a href=\"https:\/\/blogs.univ-tlse2.fr\/cerises\/cerises\/lequipe\/marius-chevallier\/\">Marius Chevallier<\/a><\/li>\n<li class=\"page_item page-item-336\"><a href=\"https:\/\/blogs.univ-tlse2.fr\/cerises\/cerises\/lequipe\/stephane-henin\/\">St\u00e9phane H\u00e9nin<\/a><\/li>\n<li class=\"page_item page-item-2041\"><a href=\"https:\/\/blogs.univ-tlse2.fr\/cerises\/cerises\/lequipe\/kouakou\/\">Omer Kouakou<\/a><\/li>\n\n<\/ul>\n","protected":false},"excerpt":{"rendered":"<p>Responsable scientifique Cerises et co-fondateur 33 (0)5 61 79 66 12 j&#97;&#x63;qu&#x65;&#x73;&#46;p&#x72;&#x61;de&#x73;&#x40;n&#116;&#x79;&#x6d;a&#105;&#x6c;&#x2e;c&#111;&#x6d; Responsable scientifique du centre Ma\u00eetre de conf\u00e9rences de sciences \u00e9conomiques, Habilit\u00e9 \u00e0 diriger des recherches, Fondateur du Master \u00ab\u00a0La nouvelle \u00e9conomie sociale\u00a0\u00bb Livres (auteur ou direction) Articles Communications Suivi de travaux de recherche Responsabilit\u00e9s administratives et para-universitaires Les membres de l&rsquo;\u00e9quipe :<\/p>\n","protected":false},"author":157,"featured_media":0,"parent":316,"menu_order":2,"comment_status":"closed","ping_status":"open","template":"","meta":{"footnotes":""},"class_list":["post-320","page","type-page","status-publish","hentry"],"_links":{"self":[{"href":"https:\/\/blogs.univ-tlse2.fr\/cerises\/wp-json\/wp\/v2\/pages\/320","targetHints":{"allow":["GET"]}}],"collection":[{"href":"https:\/\/blogs.univ-tlse2.fr\/cerises\/wp-json\/wp\/v2\/pages"}],"about":[{"href":"https:\/\/blogs.univ-tlse2.fr\/cerises\/wp-json\/wp\/v2\/types\/page"}],"author":[{"embeddable":true,"href":"https:\/\/blogs.univ-tlse2.fr\/cerises\/wp-json\/wp\/v2\/users\/157"}],"replies":[{"embeddable":true,"href":"https:\/\/blogs.univ-tlse2.fr\/cerises\/wp-json\/wp\/v2\/comments?post=320"}],"version-history":[{"count":19,"href":"https:\/\/blogs.univ-tlse2.fr\/cerises\/wp-json\/wp\/v2\/pages\/320\/revisions"}],"predecessor-version":[{"id":3917,"href":"https:\/\/blogs.univ-tlse2.fr\/cerises\/wp-json\/wp\/v2\/pages\/320\/revisions\/3917"}],"up":[{"embeddable":true,"href":"https:\/\/blogs.univ-tlse2.fr\/cerises\/wp-json\/wp\/v2\/pages\/316"}],"wp:attachment":[{"href":"https:\/\/blogs.univ-tlse2.fr\/cerises\/wp-json\/wp\/v2\/media?parent=320"}],"curies":[{"name":"wp","href":"https:\/\/api.w.org\/{rel}","templated":true}]}}

<p><span class="Apple-style-span" style="line-height: 28px"><a href="https://blogs.univ-tlse2.fr/cerises/files/CIMG1174.jpg"><img loading="lazy" decoding="async" class="aligncenter size-full wp-image-3592" src="https://blogs.univ-tlse2.fr/cerises/files/CIMG1174.jpg" alt="CIMG1174" width="640" height="480" srcset="https://blogs.univ-tlse2.fr/cerises/files/CIMG1174.jpg 640w, https://blogs.univ-tlse2.fr/cerises/files/CIMG1174-150x113.jpg 150w, https://blogs.univ-tlse2.fr/cerises/files/CIMG1174-300x225.jpg 300w, https://blogs.univ-tlse2.fr/cerises/files/CIMG1174-624x468.jpg 624w" sizes="auto, (max-width: 640px) 100vw, 640px" />Responsable scientifique Cerises et co-fondateur</a><br />
</span></p>
<h2></h2>
<p>33 (0)5 61 79 66 12<br />
j&#x61;c&#x71;&#x75;e&#x73;&#46;&#112;&#x72;a&#x64;e&#115;&#x40;n&#x74;y&#109;&#x61;i&#x6c;&#x2e;c&#x6f;m</p>
<ul>
<li>Responsable scientifique du centre</li>
<li>Maître de conférences de sciences économiques, Habilité à diriger des recherches,</li>
<li>Fondateur du Master « La nouvelle économie sociale »</li>
</ul>
<ul>
<li><a title="Livres Jacques Prades (auteur ou direction)" href="https://blogs.univ-tlse2.fr/cerises/cerises/lequipe/jacques-prades/publications-jacques-prades/"><strong>Livres (auteur ou direction)</strong></a></li>
<li><a title="Articles Jacques Prades" href="https://blogs.univ-tlse2.fr/cerises/cerises/lequipe/jacques-prades/articles-jacques-prades/"><strong>Articles</strong></a></li>
<li><a title="Communications Jacques Prades" href="https://blogs.univ-tlse2.fr/cerises/cerises/lequipe/jacques-prades/communications-jacques-prades/"><strong>Communications</strong></a></li>
<li><a title="Suivi de travaux de recherche" href="https://blogs.univ-tlse2.fr/cerises/cerises/lequipe/jacques-prades/suivi-de-travaux-de-recherche/"><strong>Suivi de travaux de recherche</strong></a></li>
<li><a title="Responsabilités administratives et para-universitaires" href="https://blogs.univ-tlse2.fr/cerises/cerises/lequipe/jacques-prades/responsabilites-administratives-et-para-universitaires/"><strong>Responsabilités administratives et para-universitaires</strong></a></li>
</ul>
<h2>Les membres de l&rsquo;équipe :</h2>

<!-- Page-list plugin v.5.9 wordpress.org/plugins/page-list/ -->
<ul class="page-list ">
<li class="page_item page-item-3077"><a href="https://blogs.univ-tlse2.fr/cerises/cerises/lequipe/catherine-dehureau/">Catherine Dehureau</a></li>
<li class="page_item page-item-3069"><a href="https://blogs.univ-tlse2.fr/cerises/cerises/lequipe/julien-milanesi/">Julien Milanesi</a></li>
<li class="page_item page-item-318"><a href="https://blogs.univ-tlse2.fr/cerises/cerises/lequipe/jean-pierre-azais/">Jean-Pierre Azais</a></li>
<li class="page_item page-item-320 page_item_has_children"><a href="https://blogs.univ-tlse2.fr/cerises/cerises/lequipe/jacques-prades/">Jacques Prades</a></li>
<li class="page_item page-item-330"><a href="https://blogs.univ-tlse2.fr/cerises/cerises/lequipe/isabelle-mattei/">Isabelle Mattéi</a></li>
<li class="page_item page-item-332"><a href="https://blogs.univ-tlse2.fr/cerises/cerises/lequipe/carolle-rio/">Carolle Rio</a></li>
<li class="page_item page-item-334"><a href="https://blogs.univ-tlse2.fr/cerises/cerises/lequipe/marius-chevallier/">Marius Chevallier</a></li>
<li class="page_item page-item-336"><a href="https://blogs.univ-tlse2.fr/cerises/cerises/lequipe/stephane-henin/">Stéphane Hénin</a></li>
<li class="page_item page-item-2041"><a href="https://blogs.univ-tlse2.fr/cerises/cerises/lequipe/kouakou/">Omer Kouakou</a></li>

</ul>

<p>Responsable scientifique Cerises et co-fondateur 33 (0)5 61 79 66 12 j&#97;&#x63;qu&#x65;&#x73;&#46;p&#x72;&#x61;de&#x73;&#x40;n&#116;&#x79;&#x6d;a&#105;&#x6c;&#x2e;c&#111;&#x6d; Responsable scientifique du centre Maître de conférences de sciences économiques, Habilité à diriger des recherches, Fondateur du Master « La nouvelle économie sociale » Livres (auteur ou direction) Articles Communications Suivi de travaux de recherche Responsabilités administratives et para-universitaires Les membres de l&rsquo;équipe :</p>
