 {"id":330,"date":"2013-01-11T11:55:40","date_gmt":"2013-01-11T10:55:40","guid":{"rendered":"https:\/\/blogs.univ-tlse2.fr\/cerises\/?page_id=330"},"modified":"2014-02-06T10:32:35","modified_gmt":"2014-02-06T09:32:35","slug":"isabelle-mattei","status":"publish","type":"page","link":"https:\/\/blogs.univ-tlse2.fr\/cerises\/cerises\/lequipe\/isabelle-mattei\/","title":{"rendered":"Isabelle Matt\u00e9i"},"content":{"rendered":"<h2>Tr\u00e9sori\u00e8re de Cerises et co-fondatrice \u00a0 \u00a0 \u00a0 \u00a0 \u00a0 <a href=\"https:\/\/blogs.univ-tlse2.fr\/cerises\/files\/isabelle-mattei\/P4240561.jpg\"><img loading=\"lazy\" decoding=\"async\" class=\"alignright  wp-image-3087\" alt=\"OLYMPUS DIGITAL CAMERA\" src=\"https:\/\/blogs.univ-tlse2.fr\/cerises\/files\/isabelle-mattei\/P4240561.jpg\" width=\"249\" height=\"187\" srcset=\"https:\/\/blogs.univ-tlse2.fr\/cerises\/files\/isabelle-mattei\/P4240561.jpg 3264w, https:\/\/blogs.univ-tlse2.fr\/cerises\/files\/isabelle-mattei\/P4240561-150x112.jpg 150w, https:\/\/blogs.univ-tlse2.fr\/cerises\/files\/isabelle-mattei\/P4240561-300x225.jpg 300w, https:\/\/blogs.univ-tlse2.fr\/cerises\/files\/isabelle-mattei\/P4240561-666x500.jpg 666w, https:\/\/blogs.univ-tlse2.fr\/cerises\/files\/isabelle-mattei\/P4240561-624x467.jpg 624w\" sizes=\"auto, (max-width: 249px) 100vw, 249px\" \/><\/a>\u00a0 \u00a0 \u00a0 \u00a0 \u00a0 \u00a0 \u00a0 \u00a0 \u00a0 \u00a0<span class=\"Apple-style-span\" style=\"line-height: 14px;font-size: 14px;font-weight: normal\"><br \/>\n<\/span><\/h2>\n<p>33 (0)5 61 50 41 79<br \/>\n&#105;&#x6d;a&#x74;t&#x65;i&#64;&#x75;n&#x69;v&#x2d;t&#108;&#x73;e&#x32;&#46;&#x66;r<\/p>\n<div>\n<p align=\"justify\">Isabelle MATTEI-BENITO, n\u00e9e \u00e0 Toulouse en 1964, partage son enfance entre la France o\u00f9 elle est scolaris\u00e9e et l&rsquo;Espagne o\u00f9 elle passe ses vacances. Elle obtient un baccalaur\u00e9at \u00e9conomique puis un Brevet de Technicien Sup\u00e9rieur, tout un pratiquant du sport de haut niveau, de l&rsquo;athl\u00e9tisme pendant de longues ann\u00e9es et aujourd&rsquo;hui du tennis.<\/p>\n<p align=\"justify\">C&rsquo;est en 1987 qu&rsquo;elle est recrut\u00e9e par concours au Rectorat de l&rsquo;Acad\u00e9mie de Toulouse. Elle assure pendant dix ans le secr\u00e9tariat particulier du Secr\u00e9taire G\u00e9n\u00e9ral Adjoint. Puis, en 1997 elle demande sa mutation dans l&rsquo;enseignement sup\u00e9rieur, \u00e0 l&rsquo;universit\u00e9 de Toulouse Le Mirail. Elle est affect\u00e9e au secr\u00e9tariat du d\u00e9partement Sciences Economiques et Gestion et travaille en collaboration avec Jacques Prades, directeur du d\u00e9partement. Apr\u00e8s deux ans de travail en \u00e9quipe, il lui propose de suivre son sillage pour d\u00e9fendre un projet relatif \u00e0 l&rsquo;\u00e9conomie sociale. Ne connaissant pas ce domaine, elle s&rsquo;investit et participe donc au montage des maquettes concernant les habilitations des diff\u00e9rentes formations de ce d\u00e9partement (licences bi-disciplinaires, ma\u00eetrise \u00ab\u00a0d&rsquo;Economie Sociale \u00a0\u00bb et Master Professionnel \u00ab\u00a0La Nouvelle Economie Sociale\u00a0\u00bb, Master Recherche \u00ab\u00a0Economie Sociale\u00a0\u00bb).<\/p>\n<p align=\"justify\">Petit \u00e0 petit, elle s&rsquo;int\u00e9resse \u00e0 d&rsquo;\u00e9conomie sociale et \u00e9tudie une coop\u00e9rative relative \u00e0 l&rsquo;insertion sociale \u00e0 Barcelone dont la finalit\u00e9 est de cr\u00e9er des emplois stables \u00e0 des personnes souffrant de handicaps sociaux.<\/p>\n<p align=\"justify\">D\u00e8s la cr\u00e9ation de Cerises en 1999, elle s&rsquo;associe aux membres du bureau. Elle y g\u00e8re les t\u00e2ches administratives et la comptabilit\u00e9 et s&rsquo;int\u00e9resse alors aux exp\u00e9riences europ\u00e9ennes de l&rsquo;\u00e9conomie de proximit\u00e9.<\/p>\n<p align=\"justify\">En 2013, elle a accept\u00e9 de remplir, en plus de ses activit\u00e9s \u00e0 Cerises, la fonction de tr\u00e9sori\u00e8re de <a title=\"Coopatoit : projets de co-habitat\" href=\"https:\/\/blogs.univ-tlse2.fr\/cerises\/experimentations\/coopatoit\/\">Coopatoit<\/a>.<\/p>\n<h2>Les membres de l&rsquo;\u00e9quipe :<\/h2>\n\n<!-- Page-list plugin v.5.9 wordpress.org\/plugins\/page-list\/ -->\n<ul class=\"page-list \">\n<li class=\"page_item page-item-3077\"><a href=\"https:\/\/blogs.univ-tlse2.fr\/cerises\/cerises\/lequipe\/catherine-dehureau\/\">Catherine Dehureau<\/a><\/li>\n<li class=\"page_item page-item-3069\"><a href=\"https:\/\/blogs.univ-tlse2.fr\/cerises\/cerises\/lequipe\/julien-milanesi\/\">Julien Milanesi<\/a><\/li>\n<li class=\"page_item page-item-318\"><a href=\"https:\/\/blogs.univ-tlse2.fr\/cerises\/cerises\/lequipe\/jean-pierre-azais\/\">Jean-Pierre Azais<\/a><\/li>\n<li class=\"page_item page-item-320 page_item_has_children\"><a href=\"https:\/\/blogs.univ-tlse2.fr\/cerises\/cerises\/lequipe\/jacques-prades\/\">Jacques Prades<\/a><\/li>\n<li class=\"page_item page-item-330\"><a href=\"https:\/\/blogs.univ-tlse2.fr\/cerises\/cerises\/lequipe\/isabelle-mattei\/\">Isabelle Matt\u00e9i<\/a><\/li>\n<li class=\"page_item page-item-332\"><a href=\"https:\/\/blogs.univ-tlse2.fr\/cerises\/cerises\/lequipe\/carolle-rio\/\">Carolle Rio<\/a><\/li>\n<li class=\"page_item page-item-334\"><a href=\"https:\/\/blogs.univ-tlse2.fr\/cerises\/cerises\/lequipe\/marius-chevallier\/\">Marius Chevallier<\/a><\/li>\n<li class=\"page_item page-item-336\"><a href=\"https:\/\/blogs.univ-tlse2.fr\/cerises\/cerises\/lequipe\/stephane-henin\/\">St\u00e9phane H\u00e9nin<\/a><\/li>\n<li class=\"page_item page-item-2041\"><a href=\"https:\/\/blogs.univ-tlse2.fr\/cerises\/cerises\/lequipe\/kouakou\/\">Omer Kouakou<\/a><\/li>\n\n<\/ul>\n<\/div>\n","protected":false},"excerpt":{"rendered":"<p>Tr\u00e9sori\u00e8re de Cerises et co-fondatrice \u00a0 \u00a0 \u00a0 \u00a0 \u00a0 \u00a0 \u00a0 \u00a0 \u00a0 \u00a0 \u00a0 \u00a0 \u00a0 \u00a0 \u00a0 33 (0)5 61 50 41 79 i&#109;&#x61;&#x74;t&#101;&#x69;&#x40;u&#110;&#x69;&#x76;-&#116;&#x6c;&#x73;e&#50;&#x2e;&#x66;r Isabelle MATTEI-BENITO, n\u00e9e \u00e0 Toulouse en 1964, partage son enfance entre la France o\u00f9 elle est scolaris\u00e9e et l&rsquo;Espagne o\u00f9 elle passe ses vacances. Elle obtient un baccalaur\u00e9at [&hellip;]<\/p>\n","protected":false},"author":157,"featured_media":0,"parent":316,"menu_order":3,"comment_status":"closed","ping_status":"open","template":"","meta":{"footnotes":""},"class_list":["post-330","page","type-page","status-publish","hentry"],"_links":{"self":[{"href":"https:\/\/blogs.univ-tlse2.fr\/cerises\/wp-json\/wp\/v2\/pages\/330","targetHints":{"allow":["GET"]}}],"collection":[{"href":"https:\/\/blogs.univ-tlse2.fr\/cerises\/wp-json\/wp\/v2\/pages"}],"about":[{"href":"https:\/\/blogs.univ-tlse2.fr\/cerises\/wp-json\/wp\/v2\/types\/page"}],"author":[{"embeddable":true,"href":"https:\/\/blogs.univ-tlse2.fr\/cerises\/wp-json\/wp\/v2\/users\/157"}],"replies":[{"embeddable":true,"href":"https:\/\/blogs.univ-tlse2.fr\/cerises\/wp-json\/wp\/v2\/comments?post=330"}],"version-history":[{"count":17,"href":"https:\/\/blogs.univ-tlse2.fr\/cerises\/wp-json\/wp\/v2\/pages\/330\/revisions"}],"predecessor-version":[{"id":3505,"href":"https:\/\/blogs.univ-tlse2.fr\/cerises\/wp-json\/wp\/v2\/pages\/330\/revisions\/3505"}],"up":[{"embeddable":true,"href":"https:\/\/blogs.univ-tlse2.fr\/cerises\/wp-json\/wp\/v2\/pages\/316"}],"wp:attachment":[{"href":"https:\/\/blogs.univ-tlse2.fr\/cerises\/wp-json\/wp\/v2\/media?parent=330"}],"curies":[{"name":"wp","href":"https:\/\/api.w.org\/{rel}","templated":true}]}}