 {"id":45,"date":"2013-01-09T16:58:14","date_gmt":"2013-01-09T15:58:14","guid":{"rendered":"https:\/\/blogs.univ-tlse2.fr\/cerises\/?page_id=45"},"modified":"2014-02-06T10:32:35","modified_gmt":"2014-02-06T09:32:35","slug":"promotion-de-less-dans-les-regions-dans-les-pays-et-dans-le-monde","status":"publish","type":"page","link":"https:\/\/blogs.univ-tlse2.fr\/cerises\/liens\/promotion-de-less-dans-les-regions-dans-les-pays-et-dans-le-monde\/","title":{"rendered":"Promotion de l&rsquo;ESS dans les r\u00e9gions, dans les pays et dans le monde"},"content":{"rendered":"<h2><a href=\"http:\/\/www.adepes.org\/\" target=\"_blank\">ADEPES<\/a><\/h2>\n<p>Agence pour le d\u00e9veloppement et la Promotion de l&rsquo;\u00c9conomie Solidaire en Midi Pyr\u00e9n\u00e9es<\/p>\n<h2><a href=\"http:\/\/www.alpesolidaires.org\/\" target=\"_blank\">ALPES<\/a><\/h2>\n<p>Acteurs de l&rsquo;ESS de l&rsquo;Agglom\u00e9ration Grenobloise.<\/p>\n<h2><a href=\"http:\/\/www.apeas.fr\/\" target=\"_blank\">APEAS<\/a><\/h2>\n<p>Agence Proven\u00e7ale de l&rsquo;\u00c9conomie Alternative et Solidaire. Ce site pr\u00e9sente une forte interactivit\u00e9 avec les visiteurs, il est donc tr\u00e8s dynamique.<\/p>\n<h2><a href=\"http:\/\/www.cres-bn.com\/\" target=\"_blank\">CRES Basse-Normandie<\/a><\/h2>\n<p>Portail de l&rsquo;\u00c9conomie Sociale et Solidaire en Basse-Normandie : les actualit\u00e9s, les acteurs, des fiches pratiques&#8230;<\/p>\n<h2><a href=\"http:\/\/www.ess-bretagne.org\/\" target=\"_blank\">Cres Bretagne<\/a><\/h2>\n<p>Chambre R\u00e9gionale d&rsquo;\u00c9conomie Sociale de Bretagne<\/p>\n<h2><a href=\"http:\/\/www.cressidf.org\/\" target=\"_blank\">CRES IDF<\/a><\/h2>\n<p>Chambre R\u00e9gionale d&rsquo;\u00c9conomie Sociale\u00a0\u00cele de France<\/p>\n<h2><a href=\"http:\/\/www.creslimousin.org\/\" target=\"_blank\">CRES Limousin<\/a><\/h2>\n<p>Chambre R\u00e9gionale de l&rsquo;\u00c9conomie Sociale du Limousin<\/p>\n<h2><a href=\"http:\/\/www.cress-rhone-alpes.org\/\" target=\"_blank\">CRESS Rh\u00f4ne-Alpes<\/a><\/h2>\n<p>Chambre R\u00e9gionale d&rsquo;\u00c9conomie Sociale et Solidaire de Rh\u00f4ne Alpes<\/p>\n<h2><a href=\"http:\/\/www.inaise.org\/\" target=\"_blank\">INAISE<\/a><\/h2>\n<p>Association Internationale des Investisseurs en \u00c9conomie Sociale<\/p>\n<h2><a href=\"http:\/\/www.ies.coop\/\" target=\"_blank\">INITIATIVES POUR UNE \u00c9CONOMIE SOLIDAIRE<\/a><\/h2>\n<p>I\u00e9S est une soci\u00e9t\u00e9 coop\u00e9rative de capital risque r\u00e9gionale, fond\u00e9e dans la r\u00e9gion toulousaine en 1998. Devenez coop\u00e9rateurs !<\/p>\n<h2><a href=\"http:\/\/www.ecosol.lu\/\" target=\"_blank\">L&rsquo;\u00e9conomie sociale et solidaire au Luxembourg<\/a><\/h2>\n<p>Consulter notamment la revue de presses.<\/p>\n<h2><a href=\"http:\/\/www.ardes.org\/\" target=\"_blank\">L&rsquo;\u00e9conomie solidaire en Basse Normandie<\/a><\/h2>\n<p>L&rsquo;Association R\u00e9gionale pour le D\u00e9veloppement de l&rsquo;\u00c9conomie Solidaire en Basse-Normandie.<\/p>\n<h2><a href=\"http:\/\/le-mes.org\/\" target=\"_blank\">Mouvement pour l&rsquo;\u00c9conomie Solidaire<\/a><\/h2>\n<p>Anciennement IRDES, regroupe les acteurs de l&rsquo;\u00e9conomie solidaire qui assurent la promotion de l&rsquo;\u00e9conomie solidaire sur les territoires.<\/p>\n<h2><a href=\"http:\/\/rtes.fr\/\" target=\"_blank\">R\u00e9seau des Territoires pour l&rsquo;\u00c9conomie Solidaire<\/a><\/h2>\n<p>De nombreux \u00e9lus locaux cherchent \u00e0 engager leur territoire dans une d\u00e9marche de d\u00e9veloppement durable, qui mobilise les ressources locales et mette en avant les dimensions sociales et humaines de l\u2019\u00e9conomie.<\/p>\n<h2><a href=\"http:\/\/www.socialeconomy.eu.org\/\" target=\"_blank\">SOCIAL ECONOMY EUROPE<\/a><\/h2>\n<p>SOCIAL ECONOMY EUROPE est l\u2019organisation qui repr\u00e9sente l\u2019\u00c9conomie Sociale au niveau europ\u00e9en. SOCIAL ECONOMY EUROPE a \u00e9t\u00e9 cr\u00e9\u00e9e en novembre 2000, sous le nom de CEP-CMAF.<\/p>\n<h2><a href=\"http:\/\/www.toulousasso.org\/\" target=\"_blank\">Toulous&rsquo;Asso<\/a><\/h2>\n<p>Le portail associatif toulousain propose tout un tas d&rsquo;infos sur la vie associative toulousaine (annuaire, actualit\u00e9s, b\u00e9n\u00e9volat, petites annonces &#8230;)<\/p>\n<h2><a href=\"http:\/\/www.toutpourlesassociations.com\" target=\"_blank\">Tout pour les associations<\/a><\/h2>\n<p>Base de donn\u00e9es sur les associations<\/p>\n","protected":false},"excerpt":{"rendered":"<p>ADEPES Agence pour le d\u00e9veloppement et la Promotion de l&rsquo;\u00c9conomie Solidaire en Midi Pyr\u00e9n\u00e9es ALPES Acteurs de l&rsquo;ESS de l&rsquo;Agglom\u00e9ration Grenobloise. APEAS Agence Proven\u00e7ale de l&rsquo;\u00c9conomie Alternative et Solidaire. Ce site pr\u00e9sente une forte interactivit\u00e9 avec les visiteurs, il est donc tr\u00e8s dynamique. CRES Basse-Normandie Portail de l&rsquo;\u00c9conomie Sociale et Solidaire en Basse-Normandie : les [&hellip;]<\/p>\n","protected":false},"author":157,"featured_media":0,"parent":32,"menu_order":3,"comment_status":"closed","ping_status":"open","template":"page-templates\/page-sans-sousmenu.php","meta":{"footnotes":""},"class_list":["post-45","page","type-page","status-publish","hentry"],"_links":{"self":[{"href":"https:\/\/blogs.univ-tlse2.fr\/cerises\/wp-json\/wp\/v2\/pages\/45","targetHints":{"allow":["GET"]}}],"collection":[{"href":"https:\/\/blogs.univ-tlse2.fr\/cerises\/wp-json\/wp\/v2\/pages"}],"about":[{"href":"https:\/\/blogs.univ-tlse2.fr\/cerises\/wp-json\/wp\/v2\/types\/page"}],"author":[{"embeddable":true,"href":"https:\/\/blogs.univ-tlse2.fr\/cerises\/wp-json\/wp\/v2\/users\/157"}],"replies":[{"embeddable":true,"href":"https:\/\/blogs.univ-tlse2.fr\/cerises\/wp-json\/wp\/v2\/comments?post=45"}],"version-history":[{"count":6,"href":"https:\/\/blogs.univ-tlse2.fr\/cerises\/wp-json\/wp\/v2\/pages\/45\/revisions"}],"predecessor-version":[{"id":368,"href":"https:\/\/blogs.univ-tlse2.fr\/cerises\/wp-json\/wp\/v2\/pages\/45\/revisions\/368"}],"up":[{"embeddable":true,"href":"https:\/\/blogs.univ-tlse2.fr\/cerises\/wp-json\/wp\/v2\/pages\/32"}],"wp:attachment":[{"href":"https:\/\/blogs.univ-tlse2.fr\/cerises\/wp-json\/wp\/v2\/media?parent=45"}],"curies":[{"name":"wp","href":"https:\/\/api.w.org\/{rel}","templated":true}]}}