 {"id":626,"date":"2013-01-15T12:34:18","date_gmt":"2013-01-15T11:34:18","guid":{"rendered":"https:\/\/blogs.univ-tlse2.fr\/cerises\/?page_id=626"},"modified":"2014-02-06T10:31:40","modified_gmt":"2014-02-06T09:31:40","slug":"rapports-etudiants-2009","status":"publish","type":"page","link":"https:\/\/blogs.univ-tlse2.fr\/cerises\/publications\/rapports-detudes\/rapports-des-etudiants-du-master-pro-nes\/rapports-etudiants-2009\/","title":{"rendered":"Rapports \u00e9tudiants 2009"},"content":{"rendered":"<p><span>Rapports disponibles \u00e0 Cerises<\/span><\/p>\n<table border=\"1\" cellspacing=\"0\" cellpadding=\"0\">\n<tbody>\n<tr>\n<td><strong>Sujet<\/strong><\/td>\n<td><strong>Auteur<\/strong><\/td>\n<td><\/td>\n<td><strong>Dipl\u00f4me obtenu en<\/strong><\/td>\n<td><strong>Cote<\/strong><\/td>\n<\/tr>\n<tr>\n<td>L&rsquo;autoproduction accompagn\u00e9e: des exp\u00e9riences innovantes pour une insertion sociale autonomisante<\/td>\n<td>CHALVET<\/td>\n<td>Doroth\u00e9e<\/td>\n<td>2009<\/td>\n<td>1<\/td>\n<\/tr>\n<tr>\n<td>Un centre de ressources au service du d\u00e9veloppement rural<\/td>\n<td>DELHOM-ROCHE<\/td>\n<td>V\u00e9ronique<\/td>\n<td>2009<\/td>\n<td>2<\/td>\n<\/tr>\n<tr>\n<td>La cr\u00e9ation d&rsquo;activit\u00e9s d&rsquo;\u00e9conomie sociale et solidaire comme moyen de lutte contre l&rsquo;exclusion<\/td>\n<td>CHAZE<\/td>\n<td>Florie<\/td>\n<td>2009<\/td>\n<td>3<\/td>\n<\/tr>\n<tr>\n<td>Le tourisme solidaire comme alternative de d\u00e9veloppement de la ville de Linguere<\/td>\n<td>NDIAYE<\/td>\n<td>Khoudia<\/td>\n<td>2009<\/td>\n<td>4<\/td>\n<\/tr>\n<tr>\n<td>Economie sociale et solidaire et lutte contre la d\u00e9sertification au Sahel<\/td>\n<td>HAMANI TAHIROU<\/td>\n<td>Isma\u00ebl<\/td>\n<td>2009<\/td>\n<td>5<\/td>\n<\/tr>\n<tr>\n<td>D&rsquo;une soci\u00e9t\u00e9 de consommation vers une \u00e9conomie solidaire, proposition d&rsquo;une nouvelle alternative \u00e9cologique: un service pour faciliter l&rsquo;usage de la couche lavable des tout-petits<\/td>\n<td>DOURNAUX<\/td>\n<td>Pauline<\/td>\n<td>2009<\/td>\n<td>6<\/td>\n<\/tr>\n<tr>\n<td>L&rsquo;auto-\u00e9cole, un outil pertinent de lutte contre l&rsquo;exclusion sociale<\/td>\n<td>DOU\u00e7OT<\/td>\n<td>Martin<\/td>\n<td>2009<\/td>\n<td>7<\/td>\n<\/tr>\n<tr>\n<td>Casas del Barrio, un r\u00e9seau de centres sociaux pour la culture et le d\u00e9veloppement communautaire \u00e0 Bogoto, Colombie<\/td>\n<td>SALAZAR<\/td>\n<td>Daniel<\/td>\n<td>2009<\/td>\n<td>8<\/td>\n<\/tr>\n<tr>\n<td>D&rsquo;une \u00e9picerie solidaire \u00e0 un atelier d&rsquo;insertion: cas d&rsquo;une association dans le quartier Mirail \u00e0 Toulouse<\/td>\n<td>PAQUEREAU<\/td>\n<td>Eliane<\/td>\n<td>2009<\/td>\n<td>9<\/td>\n<\/tr>\n<tr>\n<td>L&rsquo;\u00e9conomie solidaire comme \u00e9cologie sociale?<\/td>\n<td>GONI<\/td>\n<td>Mathieu<\/td>\n<td>2009<\/td>\n<td>10<\/td>\n<\/tr>\n<tr>\n<td>Les m\u00e9dias alternatifs, des relais sociaux de proximit\u00e9<\/td>\n<td>DESCOMBES<\/td>\n<td>C\u00e9line<\/td>\n<td>2009<\/td>\n<td>11<\/td>\n<\/tr>\n<tr>\n<td>insertion des jeunes. Quelle place pour l&rsquo;innovation dans l&rsquo;insertion par l&rsquo;activit\u00e9 \u00e9conomique?<\/td>\n<td>DUPUIS<\/td>\n<td>St\u00e8ve<\/td>\n<td>2009<\/td>\n<td>12<\/td>\n<\/tr>\n<\/tbody>\n<\/table>\n","protected":false},"excerpt":{"rendered":"<p>Rapports disponibles \u00e0 Cerises Sujet Auteur Dipl\u00f4me obtenu en Cote L&rsquo;autoproduction accompagn\u00e9e: des exp\u00e9riences innovantes pour une insertion sociale autonomisante CHALVET Doroth\u00e9e 2009 1 Un centre de ressources au service du d\u00e9veloppement rural DELHOM-ROCHE V\u00e9ronique 2009 2 La cr\u00e9ation d&rsquo;activit\u00e9s d&rsquo;\u00e9conomie sociale et solidaire comme moyen de lutte contre l&rsquo;exclusion CHAZE Florie 2009 3 Le [&hellip;]<\/p>\n","protected":false},"author":157,"featured_media":0,"parent":67,"menu_order":42,"comment_status":"closed","ping_status":"open","template":"","meta":{"footnotes":""},"class_list":["post-626","page","type-page","status-publish","hentry"],"_links":{"self":[{"href":"https:\/\/blogs.univ-tlse2.fr\/cerises\/wp-json\/wp\/v2\/pages\/626","targetHints":{"allow":["GET"]}}],"collection":[{"href":"https:\/\/blogs.univ-tlse2.fr\/cerises\/wp-json\/wp\/v2\/pages"}],"about":[{"href":"https:\/\/blogs.univ-tlse2.fr\/cerises\/wp-json\/wp\/v2\/types\/page"}],"author":[{"embeddable":true,"href":"https:\/\/blogs.univ-tlse2.fr\/cerises\/wp-json\/wp\/v2\/users\/157"}],"replies":[{"embeddable":true,"href":"https:\/\/blogs.univ-tlse2.fr\/cerises\/wp-json\/wp\/v2\/comments?post=626"}],"version-history":[{"count":2,"href":"https:\/\/blogs.univ-tlse2.fr\/cerises\/wp-json\/wp\/v2\/pages\/626\/revisions"}],"predecessor-version":[{"id":2916,"href":"https:\/\/blogs.univ-tlse2.fr\/cerises\/wp-json\/wp\/v2\/pages\/626\/revisions\/2916"}],"up":[{"embeddable":true,"href":"https:\/\/blogs.univ-tlse2.fr\/cerises\/wp-json\/wp\/v2\/pages\/67"}],"wp:attachment":[{"href":"https:\/\/blogs.univ-tlse2.fr\/cerises\/wp-json\/wp\/v2\/media?parent=626"}],"curies":[{"name":"wp","href":"https:\/\/api.w.org\/{rel}","templated":true}]}}