 {"id":665,"date":"2013-01-15T17:11:43","date_gmt":"2013-01-15T16:11:43","guid":{"rendered":"https:\/\/blogs.univ-tlse2.fr\/cerises\/?page_id=665"},"modified":"2014-02-06T10:31:40","modified_gmt":"2014-02-06T09:31:40","slug":"monnaies-finances-micro-credits","status":"publish","type":"page","link":"https:\/\/blogs.univ-tlse2.fr\/cerises\/formation\/poursuivre-dans-la-recherche\/themes-de-recherche\/monnaies-finances-micro-credits\/","title":{"rendered":"Monnaies, finances, micro-cr\u00e9dits"},"content":{"rendered":"<p style=\"text-align: right\">\u00a0<em>Les fondamentaux &#8211; ECO 0504 &#8211; 12h30<\/em><\/p>\n<p><strong>Marie-Laure ARRIPE<\/strong><\/p>\n<p>MCF, HDR,<\/p>\n<p align=\"justify\">Le contexte actuel de mondialisation de la finance, ou de financiarisation du monde, a concentr\u00e9 et polaris\u00e9 l\u2019essentiel des moyens de paiement et de financement de la plan\u00e8te au sein de quelques places et quelques circuits, rendant ainsi leur acc\u00e8s difficile au reste de la plan\u00e8te. Cette situation a provoqu\u00e9 en contre partie la naissance d\u2019un ensemble d\u2019initiatives sociales autour du micro-cr\u00e9dit, de l\u2019\u00e9pargne et de la finance, solidaire et \u00ab responsable \u00bb, de la cr\u00e9ation de monnaies \u00ab parall\u00e8les \u00bb, ou compl\u00e9mentaires etc\u2026<\/p>\n<p align=\"justify\">La multiplication et la diversit\u00e9 de ces pratiques conduisent, au del\u00e0 d\u2019un travail syst\u00e9matique de recension et de classification, \u00e0 repenser la place et le statut de la monnaie et de la finance, ainsi que leurs rapports, dans d\u2019autres formes d\u2019organisations sociales, notamment \u00e0 partir d\u2019\u00e9clairages anthropologiques, mais aussi dans nos propres soci\u00e9t\u00e9s. La finance peut-elle \u00eatre \u00ab\u00e9thique\u00bb ou \u00absolidaire\u00bb ? Les monnaies sont-elles toujours porteuses de violences, r\u00e9elles et symboliques ? Les micro-initiatives, partout dans le monde, peuvent-elles r\u00e9soudre une partie au moins de la \u00ab pauvret\u00e9 \u00bb ou ne sont-elles que des palliatifs ?<\/p>\n<h2 align=\"justify\">Autres th\u00e8mes de recherche :<\/h2>\n<p align=\"justify\">\n<!-- Page-list plugin v.5.9 wordpress.org\/plugins\/page-list\/ -->\n<ul class=\"page-list \">\n<li class=\"page_item page-item-651\"><a href=\"https:\/\/blogs.univ-tlse2.fr\/cerises\/formation\/poursuivre-dans-la-recherche\/themes-de-recherche\/histoire-de-leconomie-sociale\/\">Histoire de l\u2019\u00e9conomie sociale<\/a><\/li>\n<li class=\"page_item page-item-653\"><a href=\"https:\/\/blogs.univ-tlse2.fr\/cerises\/formation\/poursuivre-dans-la-recherche\/themes-de-recherche\/linnovation-sociale-et-la-propriete-collective\/\">L\u2019innovation sociale et la propri\u00e9t\u00e9 collective<\/a><\/li>\n<li class=\"page_item page-item-667\"><a href=\"https:\/\/blogs.univ-tlse2.fr\/cerises\/formation\/poursuivre-dans-la-recherche\/themes-de-recherche\/innovations-techniques-et-cultures-dusage\/\">Innovations techniques et cultures d\u2019usage<\/a><\/li>\n<li class=\"page_item page-item-673\"><a href=\"https:\/\/blogs.univ-tlse2.fr\/cerises\/formation\/poursuivre-dans-la-recherche\/themes-de-recherche\/innovations-et-dynamiques-territoriales\/\">Innovations et  dynamiques territoriales<\/a><\/li>\n<li class=\"page_item page-item-675\"><a href=\"https:\/\/blogs.univ-tlse2.fr\/cerises\/formation\/poursuivre-dans-la-recherche\/themes-de-recherche\/diffusion-des-informations-usages-et-obstacles-a-la-communication\/\">Diffusion des informations, usages et obstacles \u00e0 la communication<\/a><\/li>\n<li class=\"page_item page-item-677\"><a href=\"https:\/\/blogs.univ-tlse2.fr\/cerises\/formation\/poursuivre-dans-la-recherche\/themes-de-recherche\/economie-et-democratie\/\">Economie et d\u00e9mocratie<\/a><\/li>\n<li class=\"page_item page-item-684\"><a href=\"https:\/\/blogs.univ-tlse2.fr\/cerises\/formation\/poursuivre-dans-la-recherche\/themes-de-recherche\/developpement\/\">D\u00e9veloppement<\/a><\/li>\n<li class=\"page_item page-item-686\"><a href=\"https:\/\/blogs.univ-tlse2.fr\/cerises\/formation\/poursuivre-dans-la-recherche\/themes-de-recherche\/theories-economiques-et-solidarite\/\">Th\u00e9ories \u00e9conomiques et solidarit\u00e9<\/a><\/li>\n\n<\/ul><\/p>\n","protected":false},"excerpt":{"rendered":"<p>\u00a0Les fondamentaux &#8211; ECO 0504 &#8211; 12h30 Marie-Laure ARRIPE MCF, HDR, Le contexte actuel de mondialisation de la finance, ou de financiarisation du monde, a concentr\u00e9 et polaris\u00e9 l\u2019essentiel des moyens de paiement et de financement de la plan\u00e8te au sein de quelques places et quelques circuits, rendant ainsi leur acc\u00e8s difficile au reste de [&hellip;]<\/p>\n","protected":false},"author":157,"featured_media":0,"parent":227,"menu_order":4,"comment_status":"closed","ping_status":"open","template":"","meta":{"footnotes":""},"class_list":["post-665","page","type-page","status-publish","hentry"],"_links":{"self":[{"href":"https:\/\/blogs.univ-tlse2.fr\/cerises\/wp-json\/wp\/v2\/pages\/665","targetHints":{"allow":["GET"]}}],"collection":[{"href":"https:\/\/blogs.univ-tlse2.fr\/cerises\/wp-json\/wp\/v2\/pages"}],"about":[{"href":"https:\/\/blogs.univ-tlse2.fr\/cerises\/wp-json\/wp\/v2\/types\/page"}],"author":[{"embeddable":true,"href":"https:\/\/blogs.univ-tlse2.fr\/cerises\/wp-json\/wp\/v2\/users\/157"}],"replies":[{"embeddable":true,"href":"https:\/\/blogs.univ-tlse2.fr\/cerises\/wp-json\/wp\/v2\/comments?post=665"}],"version-history":[{"count":4,"href":"https:\/\/blogs.univ-tlse2.fr\/cerises\/wp-json\/wp\/v2\/pages\/665\/revisions"}],"predecessor-version":[{"id":2894,"href":"https:\/\/blogs.univ-tlse2.fr\/cerises\/wp-json\/wp\/v2\/pages\/665\/revisions\/2894"}],"up":[{"embeddable":true,"href":"https:\/\/blogs.univ-tlse2.fr\/cerises\/wp-json\/wp\/v2\/pages\/227"}],"wp:attachment":[{"href":"https:\/\/blogs.univ-tlse2.fr\/cerises\/wp-json\/wp\/v2\/media?parent=665"}],"curies":[{"name":"wp","href":"https:\/\/api.w.org\/{rel}","templated":true}]}}