 {"id":667,"date":"2013-01-15T17:12:44","date_gmt":"2013-01-15T16:12:44","guid":{"rendered":"https:\/\/blogs.univ-tlse2.fr\/cerises\/?page_id=667"},"modified":"2014-02-06T10:31:40","modified_gmt":"2014-02-06T09:31:40","slug":"innovations-techniques-et-cultures-dusage","status":"publish","type":"page","link":"https:\/\/blogs.univ-tlse2.fr\/cerises\/formation\/poursuivre-dans-la-recherche\/themes-de-recherche\/innovations-techniques-et-cultures-dusage\/","title":{"rendered":"Innovations techniques et cultures d\u2019usage"},"content":{"rendered":"<p style=\"text-align: right\">\u00a0<em>Les fondamentaux &#8211; ECO 0505 &#8211; 12h30<\/em><\/p>\n<p><strong>Gille PUEL<\/strong><\/p>\n<p align=\"justify\">MCF HDR.<\/p>\n<ul>\n<li>\u00ab\u00a0G\u00e9ographie des centres d&rsquo;appels&rsquo; in R\u00e9seaux, herm\u00e8s, paris, n\u00b0 119, set 2003<\/li>\n<li>\u00ab\u00a0Villes et nouvelles \u00e9conomies\u00a0\u00bb in Mappemonde n\u00b0 70, septembre 2003<\/li>\n<\/ul>\n<p>L&rsquo;objet de ce cours est de questionner les relations entre innovation technique, cultures d&rsquo;usages et territoires. L&rsquo;approche sera g\u00e9ographique mais dans une perspective syst\u00e9mique; elle permettra aux \u00e9tudiants de s&rsquo;interroger sur les questions du d\u00e9terminisme technologique ou social, de la production de l&rsquo;innovation (strat\u00e9gie des entreprises, des utilisateurs), de sa diffusion spatiale. Les exemples \u00e9tudi\u00e9s seront vari\u00e9s mais limit\u00e9s aux TIC (t\u00e9l\u00e9graphe, t\u00e9l\u00e9phone, architecture Internet, technologies de la mobilit\u00e9, usages du Web, etc.) ; ils m\u00ealeront les \u00e9chelles spatiales et feront appara\u00eetre des contextes territoriaux contrast\u00e9s.<\/p>\n<h2 align=\"justify\">Autres th\u00e8mes de recherche :<\/h2>\n<p align=\"justify\">\n<!-- Page-list plugin v.5.9 wordpress.org\/plugins\/page-list\/ -->\n<ul class=\"page-list \">\n<li class=\"page_item page-item-651\"><a href=\"https:\/\/blogs.univ-tlse2.fr\/cerises\/formation\/poursuivre-dans-la-recherche\/themes-de-recherche\/histoire-de-leconomie-sociale\/\">Histoire de l\u2019\u00e9conomie sociale<\/a><\/li>\n<li class=\"page_item page-item-653\"><a href=\"https:\/\/blogs.univ-tlse2.fr\/cerises\/formation\/poursuivre-dans-la-recherche\/themes-de-recherche\/linnovation-sociale-et-la-propriete-collective\/\">L\u2019innovation sociale et la propri\u00e9t\u00e9 collective<\/a><\/li>\n<li class=\"page_item page-item-665\"><a href=\"https:\/\/blogs.univ-tlse2.fr\/cerises\/formation\/poursuivre-dans-la-recherche\/themes-de-recherche\/monnaies-finances-micro-credits\/\">Monnaies, finances, micro-cr\u00e9dits<\/a><\/li>\n<li class=\"page_item page-item-673\"><a href=\"https:\/\/blogs.univ-tlse2.fr\/cerises\/formation\/poursuivre-dans-la-recherche\/themes-de-recherche\/innovations-et-dynamiques-territoriales\/\">Innovations et  dynamiques territoriales<\/a><\/li>\n<li class=\"page_item page-item-675\"><a href=\"https:\/\/blogs.univ-tlse2.fr\/cerises\/formation\/poursuivre-dans-la-recherche\/themes-de-recherche\/diffusion-des-informations-usages-et-obstacles-a-la-communication\/\">Diffusion des informations, usages et obstacles \u00e0 la communication<\/a><\/li>\n<li class=\"page_item page-item-677\"><a href=\"https:\/\/blogs.univ-tlse2.fr\/cerises\/formation\/poursuivre-dans-la-recherche\/themes-de-recherche\/economie-et-democratie\/\">Economie et d\u00e9mocratie<\/a><\/li>\n<li class=\"page_item page-item-684\"><a href=\"https:\/\/blogs.univ-tlse2.fr\/cerises\/formation\/poursuivre-dans-la-recherche\/themes-de-recherche\/developpement\/\">D\u00e9veloppement<\/a><\/li>\n<li class=\"page_item page-item-686\"><a href=\"https:\/\/blogs.univ-tlse2.fr\/cerises\/formation\/poursuivre-dans-la-recherche\/themes-de-recherche\/theories-economiques-et-solidarite\/\">Th\u00e9ories \u00e9conomiques et solidarit\u00e9<\/a><\/li>\n\n<\/ul><\/p>\n","protected":false},"excerpt":{"rendered":"<p>\u00a0Les fondamentaux &#8211; ECO 0505 &#8211; 12h30 Gille PUEL MCF HDR. \u00ab\u00a0G\u00e9ographie des centres d&rsquo;appels&rsquo; in R\u00e9seaux, herm\u00e8s, paris, n\u00b0 119, set 2003 \u00ab\u00a0Villes et nouvelles \u00e9conomies\u00a0\u00bb in Mappemonde n\u00b0 70, septembre 2003 L&rsquo;objet de ce cours est de questionner les relations entre innovation technique, cultures d&rsquo;usages et territoires. L&rsquo;approche sera g\u00e9ographique mais dans une [&hellip;]<\/p>\n","protected":false},"author":157,"featured_media":0,"parent":227,"menu_order":5,"comment_status":"closed","ping_status":"open","template":"","meta":{"footnotes":""},"class_list":["post-667","page","type-page","status-publish","hentry"],"_links":{"self":[{"href":"https:\/\/blogs.univ-tlse2.fr\/cerises\/wp-json\/wp\/v2\/pages\/667","targetHints":{"allow":["GET"]}}],"collection":[{"href":"https:\/\/blogs.univ-tlse2.fr\/cerises\/wp-json\/wp\/v2\/pages"}],"about":[{"href":"https:\/\/blogs.univ-tlse2.fr\/cerises\/wp-json\/wp\/v2\/types\/page"}],"author":[{"embeddable":true,"href":"https:\/\/blogs.univ-tlse2.fr\/cerises\/wp-json\/wp\/v2\/users\/157"}],"replies":[{"embeddable":true,"href":"https:\/\/blogs.univ-tlse2.fr\/cerises\/wp-json\/wp\/v2\/comments?post=667"}],"version-history":[{"count":5,"href":"https:\/\/blogs.univ-tlse2.fr\/cerises\/wp-json\/wp\/v2\/pages\/667\/revisions"}],"predecessor-version":[{"id":2898,"href":"https:\/\/blogs.univ-tlse2.fr\/cerises\/wp-json\/wp\/v2\/pages\/667\/revisions\/2898"}],"up":[{"embeddable":true,"href":"https:\/\/blogs.univ-tlse2.fr\/cerises\/wp-json\/wp\/v2\/pages\/227"}],"wp:attachment":[{"href":"https:\/\/blogs.univ-tlse2.fr\/cerises\/wp-json\/wp\/v2\/media?parent=667"}],"curies":[{"name":"wp","href":"https:\/\/api.w.org\/{rel}","templated":true}]}}