 {"id":885,"date":"2013-01-17T10:43:01","date_gmt":"2013-01-17T09:43:01","guid":{"rendered":"https:\/\/blogs.univ-tlse2.fr\/cerises\/?page_id=885"},"modified":"2014-02-06T10:31:40","modified_gmt":"2014-02-06T09:31:40","slug":"promotion-guy-hascoet-2000-2001","status":"publish","type":"page","link":"https:\/\/blogs.univ-tlse2.fr\/cerises\/formation\/la-vie-du-master\/toutes-les-promotions\/promotion-guy-hascoet-2000-2001\/","title":{"rendered":"Promotion Guy Hasco\u00ebt 2000-2001"},"content":{"rendered":"<p><em>Du nom du premier Secr\u00e9taire d&rsquo;Etat \u00e0 l&rsquo;Economie Solidaire sous le gouvernement Jospin.<\/em><\/p>\n<p><span><span><span><span><span><span><span><span><span><span><span>Jean ARROUCAU, Val\u00e9rie AUVITU, Jean-Fran\u00e7ois BAJODEK, Anne-C\u00e9cile CHASSAC, Mathilde CORBIERE, Zakara GANDOU, Thomas GINESTON, David GONDONNEAU, Elise LAGALLE, Fatima MOUSSI, J\u00e9r\u00f4me SABATIER.<\/span><\/span><\/span><\/span><\/span><\/span><\/span><\/span><\/span><\/span><\/span><\/p>\n<p><a href=\"https:\/\/blogs.univ-tlse2.fr\/cerises\/files\/toutes-les-promotions\/promotion_guy_hascoet.pdf\">&gt; T\u00e9l\u00e9chargez la pr\u00e9sentation d\u00e9taill\u00e9e<\/a><\/p>\n","protected":false},"excerpt":{"rendered":"<p>Du nom du premier Secr\u00e9taire d&rsquo;Etat \u00e0 l&rsquo;Economie Solidaire sous le gouvernement Jospin. Jean ARROUCAU, Val\u00e9rie AUVITU, Jean-Fran\u00e7ois BAJODEK, Anne-C\u00e9cile CHASSAC, Mathilde CORBIERE, Zakara GANDOU, Thomas GINESTON, David GONDONNEAU, Elise LAGALLE, Fatima MOUSSI, J\u00e9r\u00f4me SABATIER. &gt; T\u00e9l\u00e9chargez la pr\u00e9sentation d\u00e9taill\u00e9e<\/p>\n","protected":false},"author":157,"featured_media":0,"parent":754,"menu_order":50,"comment_status":"closed","ping_status":"open","template":"","meta":{"footnotes":""},"class_list":["post-885","page","type-page","status-publish","hentry"],"_links":{"self":[{"href":"https:\/\/blogs.univ-tlse2.fr\/cerises\/wp-json\/wp\/v2\/pages\/885","targetHints":{"allow":["GET"]}}],"collection":[{"href":"https:\/\/blogs.univ-tlse2.fr\/cerises\/wp-json\/wp\/v2\/pages"}],"about":[{"href":"https:\/\/blogs.univ-tlse2.fr\/cerises\/wp-json\/wp\/v2\/types\/page"}],"author":[{"embeddable":true,"href":"https:\/\/blogs.univ-tlse2.fr\/cerises\/wp-json\/wp\/v2\/users\/157"}],"replies":[{"embeddable":true,"href":"https:\/\/blogs.univ-tlse2.fr\/cerises\/wp-json\/wp\/v2\/comments?post=885"}],"version-history":[{"count":2,"href":"https:\/\/blogs.univ-tlse2.fr\/cerises\/wp-json\/wp\/v2\/pages\/885\/revisions"}],"predecessor-version":[{"id":2888,"href":"https:\/\/blogs.univ-tlse2.fr\/cerises\/wp-json\/wp\/v2\/pages\/885\/revisions\/2888"}],"up":[{"embeddable":true,"href":"https:\/\/blogs.univ-tlse2.fr\/cerises\/wp-json\/wp\/v2\/pages\/754"}],"wp:attachment":[{"href":"https:\/\/blogs.univ-tlse2.fr\/cerises\/wp-json\/wp\/v2\/media?parent=885"}],"curies":[{"name":"wp","href":"https:\/\/api.w.org\/{rel}","templated":true}]}}