 {"id":992,"date":"2013-01-17T11:24:23","date_gmt":"2013-01-17T10:24:23","guid":{"rendered":"https:\/\/blogs.univ-tlse2.fr\/cerises\/?page_id=992"},"modified":"2014-02-06T10:31:24","modified_gmt":"2014-02-06T09:31:24","slug":"promotion-2012-2013","status":"publish","type":"page","link":"https:\/\/blogs.univ-tlse2.fr\/cerises\/formation\/la-vie-du-master\/toutes-les-promotions\/promotion-2012-2013\/","title":{"rendered":"Promotion Calafou 2012-2013"},"content":{"rendered":"<p style=\"text-align: left\">ARRIGHI Julie, BECQUET S\u00e9bastien, BEZELGA S\u00e9bastien, BORDES M\u00e9lanie, CONDAT Norbert, DA CUNHA BELVES Simon, DESFEUX Emilie, MARTIN DERY Solen, MEREL Jacques, NADAU Elisabeth, OLIVA Carlos, SEYE Papa Famara, TEHERY Gabriel, TERRAL Anne-Sophie, YOUCEF A\u00efda.<\/p>\n<p style=\"text-align: center\">\n","protected":false},"excerpt":{"rendered":"<p>ARRIGHI Julie, BECQUET S\u00e9bastien, BEZELGA S\u00e9bastien, BORDES M\u00e9lanie, CONDAT Norbert, DA CUNHA BELVES Simon, DESFEUX Emilie, MARTIN DERY Solen, MEREL Jacques, NADAU Elisabeth, OLIVA Carlos, SEYE Papa Famara, TEHERY Gabriel, TERRAL Anne-Sophie, YOUCEF A\u00efda.<\/p>\n","protected":false},"author":157,"featured_media":0,"parent":754,"menu_order":38,"comment_status":"closed","ping_status":"closed","template":"","meta":{"footnotes":""},"class_list":["post-992","page","type-page","status-publish","hentry"],"_links":{"self":[{"href":"https:\/\/blogs.univ-tlse2.fr\/cerises\/wp-json\/wp\/v2\/pages\/992","targetHints":{"allow":["GET"]}}],"collection":[{"href":"https:\/\/blogs.univ-tlse2.fr\/cerises\/wp-json\/wp\/v2\/pages"}],"about":[{"href":"https:\/\/blogs.univ-tlse2.fr\/cerises\/wp-json\/wp\/v2\/types\/page"}],"author":[{"embeddable":true,"href":"https:\/\/blogs.univ-tlse2.fr\/cerises\/wp-json\/wp\/v2\/users\/157"}],"replies":[{"embeddable":true,"href":"https:\/\/blogs.univ-tlse2.fr\/cerises\/wp-json\/wp\/v2\/comments?post=992"}],"version-history":[{"count":13,"href":"https:\/\/blogs.univ-tlse2.fr\/cerises\/wp-json\/wp\/v2\/pages\/992\/revisions"}],"predecessor-version":[{"id":3431,"href":"https:\/\/blogs.univ-tlse2.fr\/cerises\/wp-json\/wp\/v2\/pages\/992\/revisions\/3431"}],"up":[{"embeddable":true,"href":"https:\/\/blogs.univ-tlse2.fr\/cerises\/wp-json\/wp\/v2\/pages\/754"}],"wp:attachment":[{"href":"https:\/\/blogs.univ-tlse2.fr\/cerises\/wp-json\/wp\/v2\/media?parent=992"}],"curies":[{"name":"wp","href":"https:\/\/api.w.org\/{rel}","templated":true}]}}