 {"id":125,"date":"2021-02-04T19:24:28","date_gmt":"2021-02-04T18:24:28","guid":{"rendered":"https:\/\/blogs.univ-tlse2.fr\/chilenlacalle\/?page_id=125"},"modified":"2021-02-13T13:45:49","modified_gmt":"2021-02-13T12:45:49","slug":"page-test-sous-onglet","status":"publish","type":"page","link":"https:\/\/blogs.univ-tlse2.fr\/chilenlacalle\/page-test-sous-onglet\/","title":{"rendered":"CONTEXTE ARTISTIQUE"},"content":{"rendered":"\n<div class=\"wp-block-columns is-layout-flex wp-container-core-columns-is-layout-9d6595d7 wp-block-columns-is-layout-flex\">\n<div class=\"wp-block-column is-layout-flow wp-block-column-is-layout-flow\">\n<p class=\"has-drop-cap\">Avant le coup d&rsquo;\u00c9tat militaire de 1973, le muralisme a \u00e9t\u00e9 l\u2019une des expressions artistiques les plus remarquables du Chili. Cet art populaire et collectif s\u2019est particuli\u00e8rement \u00e9panoui sous le gouvernement de l\u2019Unit\u00e9 Populaire.&nbsp;<\/p>\n\n\n\n<p>Selon sa d\u00e9finition, le muralisme est initialement un mouvement artistique qui s\u2019est d\u00e9velopp\u00e9 au Mexique,&nbsp; \u00ab caract\u00e9ris\u00e9 par la r\u00e9alisation de peintures murales monumentales et d&rsquo;intention didactique \u00bb [2], qui rompt avec la peinture de chevalet et ce qui \u00e9tait consid\u00e9r\u00e9 comme \u201cl\u2019art bourgeois\u201d.&nbsp;<\/p>\n\n\n\n<p>Pr\u00e9sente sur le sol chilien depuis 1930, les premiers contacts \u00e9tablis avec la peinture murale se font par l&rsquo;interm\u00e9diaire d\u2019artistes mexicains tels que Diego Rivera, Jos\u00e9 Clemente Orozco et David Alfaro Siqueiros. Parmi les premiers artistes chiliens, nous retrouvons Pedro Lobos et Julio Escamez. A cette \u00e9poque, nous distinguons les th\u00e8mes les plus r\u00e9currents des \u0153uvres qui r\u00e9v\u00e8lent la naissance d\u2019un sentiment national traduisant les pr\u00e9occupations du peuple. C\u2019est une peinture illustrative \u00e0 caract\u00e8re historique, destin\u00e9e \u00e0 \u201cconter\u201d le r\u00e9cit national dans l&rsquo;espace public. Au d\u00e9but des ann\u00e9es 1960, le muralisme \u00e9merge \u00e0 nouveau&nbsp; en exprimant une profonde relation entre les mouvements sociaux, les classes populaires et l&rsquo;engagement artistique. De plus, il sera progressivement mis au service de la politique. En effet, en 1964 et 1969, une grande partie des artistes muralistes appuie la candidature de Salvador Allende, porte-\u00e9tendard de la coalition de gauche et militant du parti socialiste.&nbsp;<\/p>\n\n\n\n<p>&nbsp;C\u2019est \u00e0 ce moment que la peinture surgit avec le plus de force et une position politique clairement engag\u00e9e en faveur du repr\u00e9sentant de l\u2019Unit\u00e9 Populaire et des partis de gauche. A partir de l\u2019\u00e9lection d\u2019Allende, le 3 novembre 1970,&nbsp; \u00ab <em>las brigadas muralistas<\/em> \u00bb continuent \u00e0 assumer le soutien, la d\u00e9fense et la promotion des valeurs contenues dans le programme gouvernemental constitu\u00e9, et plus largement l\u2019horizon r\u00e9volutionnaire. Il y avait \u00e9galement dans l\u2019opposition de droite certains essais de \u00ab <em>brigadas muralistas<\/em> \u00bb , par exemple celle li\u00e9e au Parti national et les oeuvres de propagande du Front nationaliste d\u2019extr\u00eame droite nomm\u00e9 <em>Patria y Libertad. <\/em>N\u00e9anmoins, les plus actives et reconnues furent, sans nul doute, la <em>Brigada Elmo Catal\u00e1n<\/em> (BEC) li\u00e9e au PS et la <em>Brigada Ramona Parra<\/em> (BRP), li\u00e9e au PC [1].<\/p>\n\n\n\n<p>Le muralisme chilien est alors \u00e0 son paroxysme s\u2019exprimant de part et d\u2019autre sur les murs des villes, dans les syndicats et les b\u00e2timents publics. Parmi les oeuvres les plus connues \u00e0 cette \u00e9poque, il y a les peintures murales de la municipalit\u00e9 de Chill\u00e1n, r\u00e9alis\u00e9es par Julio Scame ; celle de la gare de Concepci\u00f3n r\u00e9alis\u00e9e par l&rsquo;artiste Gregorio de la Fuente et celle peinte par&nbsp; l&rsquo;artiste Roberto Matta, dans la piscine de la municipalit\u00e9 de La Granja. Avec le coup d&rsquo;\u00c9tat de 1973, la peinture murale revient \u00e0 la clandestinit\u00e9, se transformant \u00e0 partir de 1983 en une arme de d\u00e9nonciation, de r\u00e9sistance et de lutte contre la dictature. D\u00e8s lors, elle devient la&nbsp; manifestation d\u2019un langage graphique et plastique, qui appelle \u00e0 la conscience, \u00e0 l\u2019organisation et \u00e0 la d\u00e9fense du peuple face \u00e0 la r\u00e9pression et l\u2019autoritarisme.<\/p>\n<\/div>\n\n\n\n<div class=\"wp-block-column is-layout-flow wp-block-column-is-layout-flow\">\n<p><em>Desde antes del golpe militar de 1973, el muralismo fue una de las expresiones art\u00edsticas destacadas en Chile. Este arte popular y colectivo lleg\u00f3 a desarrollarse plenamente durante el gobierno de la Unidad Popular.&nbsp;<\/em><\/p>\n\n\n\n<p><em>Para definirlo, el muralismo es ante todo un movimiento art\u00edstico que se desarroll\u00f3 en M\u00e9xico y que se caracteriz\u00f3 por pinturas murales de tama\u00f1os monumentales con una intenci\u00f3n did\u00e1ctica [2], que rompe la tradici\u00f3n del \u201carte burgu\u00e9s\u201d: pinturas sobre tela y con ayuda de un caballete.&nbsp;<\/em><\/p>\n\n\n\n<p><em>Presente en Chile desde 1930, los primeros contactos con la pintura mural surgen por medio de artistas mexicanos como Diego Rivera, Jos\u00e9 Clemente Orozco y Davil Alfaro Siqueiros. Entre los precursores del muralismo en Chile tenemos a Pedro Lobos y Julio Escamez. En sus inicios, los temas m\u00e1s recurrentes eran el nacimiento de un sentimiento nacional; as\u00ed, las inquietudes del pueblo eran plasmadas en los muros. Se trata de una pintura de car\u00e1cter hist\u00f3rico, destinada a narrar la historia colectiva y nacional en los muros del espacio p\u00fablico. Luego, a principios de la d\u00e9cada de los 60, el muralismo surge nuevamente para reunir a los movimientos sociales, las clases populares y el arte contestatario comprometido socialmente. Adem\u00e1s, el muralismo ser\u00eda progresivamente puesto al servicio de la pol\u00edtica. Asimismo, entre 1964 y 1969, una gran parte de los artistas muralistas apoyar\u00edan la candidatura de Salvador Allende, quien estar\u00eda al frente de la coalici\u00f3n de izquierda y militante del partido socialista.&nbsp;<\/em><\/p>\n\n\n\n<p><em>Es en ese momento que la pintura gana mayor fuerza y una posici\u00f3n pol\u00edtica claramente a favor de la Unidad Popular y los partidos de izquierda. A partir de la elecci\u00f3n de Allende, el 3 de noviembre de 1970, las brigadas muralistas asumen plenamente el rol de apoyo, defensa y promoci\u00f3n de los valores incluidos en el nuevo programa gubernamental as\u00ed como en el amplio espectro de la revoluci\u00f3n. Cabe destacar que existieron intentos de brigadas muralistas por parte de la oposici\u00f3n de derecha, entre ellas aquella ligada al partido nacional y las obras de propaganda del Frente Nacionalista de extrema derecha con el nombre de \u201cPatria y libertad\u201d. Sin embargo, las m\u00e1s reconocidas y consolidadas fueron, sin duda, las brigadas Elmo Catal\u00e1n (BEC) y Ramona Parra (BRP) ligadas respectivamente a los partidos socialista y comunista [1].&nbsp;<\/em><\/p>\n\n\n\n<p><em>El muralismo chileno lleg\u00f3 a su apogeo encontr\u00e1ndose as\u00ed en los muros y paredes de ciudades, sindicatos y edificios p\u00fablicos. Entre las obras m\u00e1s destacadas de este periodo podemos se\u00f1alar los murales de la municipalidad de Chill\u00e1n, por Julio Scame; la estaci\u00f3n central ferroviaria de la Concepci\u00f3n, por Gregorio de la Fuente; y la piscina municipal de la Granja, por Roberto Matta. Luego, con el golpe de Estado de 1973, la pintura mural retorna a la clandestinidad y se transforma, a partir de 1983, en un arma de denuncia, resistencia y lucha contra la dictadura. Desde entonces, ella se convierte en la manifestaci\u00f3n de un lenguaje gr\u00e1fico y pl\u00e1stico que hace un llamado a la reflexi\u00f3n, a la organizaci\u00f3n y a la defensa de un pueblo ante la represi\u00f3n del autoritarismo<\/em>.<\/p>\n<\/div>\n<\/div>\n\n\n\n<p>[1] Cf. <a href=\"http:\/\/www.memoriachilena.gob.cl\/602\/w3-article-132286.html\">http:\/\/www.memoriachilena.gob.cl\/602\/w3-article-132286.html<\/a>\u00a0<\/p>\n\n\n\n<p>[2] Cf. Dictionnaire en ligne Le petit Robert https:\/\/dictionnaire.lerobert.com\/definition\/muralisme<\/p>\n\n\n\n<p><\/p>\n","protected":false},"excerpt":{"rendered":"<p>Avant le coup d&rsquo;\u00c9tat militaire de 1973, le muralisme a \u00e9t\u00e9 l\u2019une des expressions artistiques les plus remarquables du Chili. Cet art populaire et collectif s\u2019est particuli\u00e8rement \u00e9panoui sous le gouvernement de l\u2019Unit\u00e9 Populaire.&nbsp; Selon sa d\u00e9finition, le muralisme est initialement un mouvement artistique qui s\u2019est d\u00e9velopp\u00e9 au Mexique,&nbsp; \u00ab caract\u00e9ris\u00e9 par la r\u00e9alisation de [&hellip;]<\/p>\n","protected":false},"author":877,"featured_media":0,"parent":0,"menu_order":0,"comment_status":"closed","ping_status":"closed","template":"","meta":{"footnotes":""},"class_list":["post-125","page","type-page","status-publish","hentry","post-preview"],"_links":{"self":[{"href":"https:\/\/blogs.univ-tlse2.fr\/chilenlacalle\/wp-json\/wp\/v2\/pages\/125","targetHints":{"allow":["GET"]}}],"collection":[{"href":"https:\/\/blogs.univ-tlse2.fr\/chilenlacalle\/wp-json\/wp\/v2\/pages"}],"about":[{"href":"https:\/\/blogs.univ-tlse2.fr\/chilenlacalle\/wp-json\/wp\/v2\/types\/page"}],"author":[{"embeddable":true,"href":"https:\/\/blogs.univ-tlse2.fr\/chilenlacalle\/wp-json\/wp\/v2\/users\/877"}],"replies":[{"embeddable":true,"href":"https:\/\/blogs.univ-tlse2.fr\/chilenlacalle\/wp-json\/wp\/v2\/comments?post=125"}],"version-history":[{"count":9,"href":"https:\/\/blogs.univ-tlse2.fr\/chilenlacalle\/wp-json\/wp\/v2\/pages\/125\/revisions"}],"predecessor-version":[{"id":429,"href":"https:\/\/blogs.univ-tlse2.fr\/chilenlacalle\/wp-json\/wp\/v2\/pages\/125\/revisions\/429"}],"wp:attachment":[{"href":"https:\/\/blogs.univ-tlse2.fr\/chilenlacalle\/wp-json\/wp\/v2\/media?parent=125"}],"curies":[{"name":"wp","href":"https:\/\/api.w.org\/{rel}","templated":true}]}}