 {"id":140,"date":"2021-02-05T22:46:29","date_gmt":"2021-02-05T21:46:29","guid":{"rendered":"https:\/\/blogs.univ-tlse2.fr\/chilenlacalle\/?page_id=140"},"modified":"2021-02-14T16:36:58","modified_gmt":"2021-02-14T15:36:58","slug":"conceartecallejero","status":"publish","type":"page","link":"https:\/\/blogs.univ-tlse2.fr\/chilenlacalle\/conceartecallejero\/","title":{"rendered":"@CONCEARTECALLEJERO"},"content":{"rendered":"\n<p class=\"has-drop-cap\">Ce collectif cr\u00e9\u00e9 en 2010 par un groupe d\u2019amis de la ville de Concepcion au Chili, nous offre la possibilit\u00e9 de d\u00e9couvrir un large panel d&rsquo;\u0153uvres de rue et les diff\u00e9rentes techniques de l\u2019art mural chilien. Comme nous l\u2019explique Diego Pachuco Ch\u00e1vez G\u00f3mez, l\u2019un des membres du groupe, le but de leur initiative est de permettre la diffusion et l\u2019archivage de la profusion cr\u00e9ative et artistique qui existe dans la r\u00e9gion du Biobio, et ainsi permettre une meilleure visibilit\u00e9 sur les r\u00e9seaux sociaux. Ainsi, n\u2019attendez plus et allez d\u00e9couvrir et partager leur page Facebook @ConcepcionArteCallejero et Instagram conceartecallejero.<\/p>\n\n\n\n\n\n<div class=\"wp-block-columns is-layout-flex wp-container-core-columns-is-layout-9d6595d7 wp-block-columns-is-layout-flex\">\n<div class=\"wp-block-column is-layout-flow wp-block-column-is-layout-flow\">\n<figure class=\"wp-block-gallery columns-1 is-cropped wp-block-gallery-1 is-layout-flex wp-block-gallery-is-layout-flex\"><ul class=\"blocks-gallery-grid\"><li class=\"blocks-gallery-item\"><figure><img loading=\"lazy\" decoding=\"async\" width=\"709\" height=\"1024\" src=\"https:\/\/blogs.univ-tlse2.fr\/chilenlacalle\/files\/2021\/02\/149785599_332628644746823_7439088747377450495_n-709x1024.jpg\" alt=\"\" data-id=\"606\" data-full-url=\"https:\/\/blogs.univ-tlse2.fr\/chilenlacalle\/files\/2021\/02\/149785599_332628644746823_7439088747377450495_n.jpg\" data-link=\"https:\/\/blogs.univ-tlse2.fr\/chilenlacalle\/conceartecallejero\/149785599_332628644746823_7439088747377450495_n\/\" class=\"wp-image-606\" srcset=\"https:\/\/blogs.univ-tlse2.fr\/chilenlacalle\/files\/2021\/02\/149785599_332628644746823_7439088747377450495_n-709x1024.jpg 709w, https:\/\/blogs.univ-tlse2.fr\/chilenlacalle\/files\/2021\/02\/149785599_332628644746823_7439088747377450495_n-208x300.jpg 208w, https:\/\/blogs.univ-tlse2.fr\/chilenlacalle\/files\/2021\/02\/149785599_332628644746823_7439088747377450495_n-768x1109.jpg 768w, https:\/\/blogs.univ-tlse2.fr\/chilenlacalle\/files\/2021\/02\/149785599_332628644746823_7439088747377450495_n-1064x1536.jpg 1064w, https:\/\/blogs.univ-tlse2.fr\/chilenlacalle\/files\/2021\/02\/149785599_332628644746823_7439088747377450495_n-676x976.jpg 676w, https:\/\/blogs.univ-tlse2.fr\/chilenlacalle\/files\/2021\/02\/149785599_332628644746823_7439088747377450495_n.jpg 1080w\" sizes=\"auto, (max-width: 709px) 100vw, 709px\" \/><\/figure><\/li><\/ul><\/figure>\n\n\n\n<figure class=\"wp-block-gallery columns-1 is-cropped wp-block-gallery-2 is-layout-flex wp-block-gallery-is-layout-flex\"><ul class=\"blocks-gallery-grid\"><li class=\"blocks-gallery-item\"><figure><img loading=\"lazy\" decoding=\"async\" width=\"1024\" height=\"1016\" src=\"https:\/\/blogs.univ-tlse2.fr\/chilenlacalle\/files\/2021\/02\/149783812_212683230588791_1641402449996640095_n-1024x1016.jpg\" alt=\"\" data-id=\"609\" data-full-url=\"https:\/\/blogs.univ-tlse2.fr\/chilenlacalle\/files\/2021\/02\/149783812_212683230588791_1641402449996640095_n.jpg\" data-link=\"https:\/\/blogs.univ-tlse2.fr\/chilenlacalle\/conceartecallejero\/149783812_212683230588791_1641402449996640095_n\/\" class=\"wp-image-609\" srcset=\"https:\/\/blogs.univ-tlse2.fr\/chilenlacalle\/files\/2021\/02\/149783812_212683230588791_1641402449996640095_n-1024x1016.jpg 1024w, https:\/\/blogs.univ-tlse2.fr\/chilenlacalle\/files\/2021\/02\/149783812_212683230588791_1641402449996640095_n-300x298.jpg 300w, https:\/\/blogs.univ-tlse2.fr\/chilenlacalle\/files\/2021\/02\/149783812_212683230588791_1641402449996640095_n-150x150.jpg 150w, https:\/\/blogs.univ-tlse2.fr\/chilenlacalle\/files\/2021\/02\/149783812_212683230588791_1641402449996640095_n-768x762.jpg 768w, https:\/\/blogs.univ-tlse2.fr\/chilenlacalle\/files\/2021\/02\/149783812_212683230588791_1641402449996640095_n-676x671.jpg 676w, https:\/\/blogs.univ-tlse2.fr\/chilenlacalle\/files\/2021\/02\/149783812_212683230588791_1641402449996640095_n.jpg 1076w\" sizes=\"auto, (max-width: 1024px) 100vw, 1024px\" \/><\/figure><\/li><\/ul><\/figure>\n<\/div>\n\n\n\n<div class=\"wp-block-column is-layout-flow wp-block-column-is-layout-flow\">\n<figure class=\"wp-block-gallery columns-1 is-cropped wp-block-gallery-3 is-layout-flex wp-block-gallery-is-layout-flex\"><ul class=\"blocks-gallery-grid\"><li class=\"blocks-gallery-item\"><figure><img loading=\"lazy\" decoding=\"async\" width=\"691\" height=\"1024\" src=\"https:\/\/blogs.univ-tlse2.fr\/chilenlacalle\/files\/2021\/02\/149783812_449864299539400_5087607720444445995_n-691x1024.jpg\" alt=\"\" data-id=\"607\" data-full-url=\"https:\/\/blogs.univ-tlse2.fr\/chilenlacalle\/files\/2021\/02\/149783812_449864299539400_5087607720444445995_n.jpg\" data-link=\"https:\/\/blogs.univ-tlse2.fr\/chilenlacalle\/conceartecallejero\/149783812_449864299539400_5087607720444445995_n\/\" class=\"wp-image-607\" srcset=\"https:\/\/blogs.univ-tlse2.fr\/chilenlacalle\/files\/2021\/02\/149783812_449864299539400_5087607720444445995_n-691x1024.jpg 691w, https:\/\/blogs.univ-tlse2.fr\/chilenlacalle\/files\/2021\/02\/149783812_449864299539400_5087607720444445995_n-202x300.jpg 202w, https:\/\/blogs.univ-tlse2.fr\/chilenlacalle\/files\/2021\/02\/149783812_449864299539400_5087607720444445995_n-768x1138.jpg 768w, https:\/\/blogs.univ-tlse2.fr\/chilenlacalle\/files\/2021\/02\/149783812_449864299539400_5087607720444445995_n-1036x1536.jpg 1036w, https:\/\/blogs.univ-tlse2.fr\/chilenlacalle\/files\/2021\/02\/149783812_449864299539400_5087607720444445995_n-676x1002.jpg 676w, https:\/\/blogs.univ-tlse2.fr\/chilenlacalle\/files\/2021\/02\/149783812_449864299539400_5087607720444445995_n.jpg 1080w\" sizes=\"auto, (max-width: 691px) 100vw, 691px\" \/><\/figure><\/li><\/ul><\/figure>\n\n\n\n<figure class=\"wp-block-gallery columns-1 is-cropped wp-block-gallery-4 is-layout-flex wp-block-gallery-is-layout-flex\"><ul class=\"blocks-gallery-grid\"><li class=\"blocks-gallery-item\"><figure><img loading=\"lazy\" decoding=\"async\" width=\"1024\" height=\"997\" src=\"https:\/\/blogs.univ-tlse2.fr\/chilenlacalle\/files\/2021\/02\/149748017_264739318473205_4213378109619382985_n-1-1024x997.jpg\" alt=\"\" data-id=\"610\" data-full-url=\"https:\/\/blogs.univ-tlse2.fr\/chilenlacalle\/files\/2021\/02\/149748017_264739318473205_4213378109619382985_n-1.jpg\" data-link=\"https:\/\/blogs.univ-tlse2.fr\/chilenlacalle\/conceartecallejero\/149748017_264739318473205_4213378109619382985_n-1\/\" class=\"wp-image-610\" srcset=\"https:\/\/blogs.univ-tlse2.fr\/chilenlacalle\/files\/2021\/02\/149748017_264739318473205_4213378109619382985_n-1-1024x997.jpg 1024w, https:\/\/blogs.univ-tlse2.fr\/chilenlacalle\/files\/2021\/02\/149748017_264739318473205_4213378109619382985_n-1-300x292.jpg 300w, https:\/\/blogs.univ-tlse2.fr\/chilenlacalle\/files\/2021\/02\/149748017_264739318473205_4213378109619382985_n-1-768x748.jpg 768w, https:\/\/blogs.univ-tlse2.fr\/chilenlacalle\/files\/2021\/02\/149748017_264739318473205_4213378109619382985_n-1-676x658.jpg 676w, https:\/\/blogs.univ-tlse2.fr\/chilenlacalle\/files\/2021\/02\/149748017_264739318473205_4213378109619382985_n-1.jpg 1080w\" sizes=\"auto, (max-width: 1024px) 100vw, 1024px\" \/><\/figure><\/li><\/ul><\/figure>\n<\/div>\n<\/div>\n\n\n\n<figure class=\"wp-block-gallery columns-1 is-cropped wp-block-gallery-5 is-layout-flex wp-block-gallery-is-layout-flex\"><ul class=\"blocks-gallery-grid\"><li class=\"blocks-gallery-item\"><figure><img loading=\"lazy\" decoding=\"async\" width=\"1015\" height=\"1024\" src=\"https:\/\/blogs.univ-tlse2.fr\/chilenlacalle\/files\/2021\/02\/150240452_171090981226024_6612169138632652980_n-1015x1024.jpg\" alt=\"\" data-id=\"676\" data-full-url=\"https:\/\/blogs.univ-tlse2.fr\/chilenlacalle\/files\/2021\/02\/150240452_171090981226024_6612169138632652980_n.jpg\" data-link=\"https:\/\/blogs.univ-tlse2.fr\/chilenlacalle\/conceartecallejero\/150240452_171090981226024_6612169138632652980_n\/\" class=\"wp-image-676\" srcset=\"https:\/\/blogs.univ-tlse2.fr\/chilenlacalle\/files\/2021\/02\/150240452_171090981226024_6612169138632652980_n-1015x1024.jpg 1015w, https:\/\/blogs.univ-tlse2.fr\/chilenlacalle\/files\/2021\/02\/150240452_171090981226024_6612169138632652980_n-298x300.jpg 298w, https:\/\/blogs.univ-tlse2.fr\/chilenlacalle\/files\/2021\/02\/150240452_171090981226024_6612169138632652980_n-150x150.jpg 150w, https:\/\/blogs.univ-tlse2.fr\/chilenlacalle\/files\/2021\/02\/150240452_171090981226024_6612169138632652980_n-768x774.jpg 768w, https:\/\/blogs.univ-tlse2.fr\/chilenlacalle\/files\/2021\/02\/150240452_171090981226024_6612169138632652980_n-676x682.jpg 676w, https:\/\/blogs.univ-tlse2.fr\/chilenlacalle\/files\/2021\/02\/150240452_171090981226024_6612169138632652980_n.jpg 1075w\" sizes=\"auto, (max-width: 1015px) 100vw, 1015px\" \/><\/figure><\/li><\/ul><\/figure>\n\n\n\n<figure class=\"wp-block-video\"><video controls src=\"https:\/\/prismes.univ-toulouse.fr\/video.php?code=1G425i4z&amp;width=100\"><\/video><\/figure>\n","protected":false},"excerpt":{"rendered":"<p>Ce collectif cr\u00e9\u00e9 en 2010 par un groupe d\u2019amis de la ville de Concepcion au Chili, nous offre la possibilit\u00e9 de d\u00e9couvrir un large panel d&rsquo;\u0153uvres de rue et les diff\u00e9rentes techniques de l\u2019art mural chilien. Comme nous l\u2019explique Diego Pachuco Ch\u00e1vez G\u00f3mez, l\u2019un des membres du groupe, le but de leur initiative est de [&hellip;]<\/p>\n","protected":false},"author":877,"featured_media":0,"parent":0,"menu_order":0,"comment_status":"closed","ping_status":"closed","template":"","meta":{"footnotes":""},"class_list":["post-140","page","type-page","status-publish","hentry","post-preview"],"_links":{"self":[{"href":"https:\/\/blogs.univ-tlse2.fr\/chilenlacalle\/wp-json\/wp\/v2\/pages\/140","targetHints":{"allow":["GET"]}}],"collection":[{"href":"https:\/\/blogs.univ-tlse2.fr\/chilenlacalle\/wp-json\/wp\/v2\/pages"}],"about":[{"href":"https:\/\/blogs.univ-tlse2.fr\/chilenlacalle\/wp-json\/wp\/v2\/types\/page"}],"author":[{"embeddable":true,"href":"https:\/\/blogs.univ-tlse2.fr\/chilenlacalle\/wp-json\/wp\/v2\/users\/877"}],"replies":[{"embeddable":true,"href":"https:\/\/blogs.univ-tlse2.fr\/chilenlacalle\/wp-json\/wp\/v2\/comments?post=140"}],"version-history":[{"count":7,"href":"https:\/\/blogs.univ-tlse2.fr\/chilenlacalle\/wp-json\/wp\/v2\/pages\/140\/revisions"}],"predecessor-version":[{"id":677,"href":"https:\/\/blogs.univ-tlse2.fr\/chilenlacalle\/wp-json\/wp\/v2\/pages\/140\/revisions\/677"}],"wp:attachment":[{"href":"https:\/\/blogs.univ-tlse2.fr\/chilenlacalle\/wp-json\/wp\/v2\/media?parent=140"}],"curies":[{"name":"wp","href":"https:\/\/api.w.org\/{rel}","templated":true}]}}