 {"id":171,"date":"2021-02-06T11:24:04","date_gmt":"2021-02-06T10:24:04","guid":{"rendered":"https:\/\/blogs.univ-tlse2.fr\/chilenlacalle\/?page_id=171"},"modified":"2021-02-15T18:56:25","modified_gmt":"2021-02-15T17:56:25","slug":"monogonzalezchile","status":"publish","type":"page","link":"https:\/\/blogs.univ-tlse2.fr\/chilenlacalle\/monogonzalezchile\/","title":{"rendered":"@MONOGONZALEZCHILE"},"content":{"rendered":"\n<p><\/p>\n\n\n\n<p>Alejandro \u201cMono\u201d Gonz\u00e1lez est un muraliste, artiste visuel, sc\u00e9nographe de th\u00e9\u00e2tre, cin\u00e9ma et t\u00e9l\u00e9vision.&nbsp;Il est n\u00e9 \u00e0&nbsp;Curic\u00f3&nbsp;au Chili en 1947 et a fait ses \u00e9tudes \u00e0 l\u2019\u00c9cole Artistique \u00e0 Santiago o\u00f9 il s\u2019est sp\u00e9cialis\u00e9 pour la peinture.&nbsp;Parmi ses professeurs figuraient Fernando Marcos et Osvaldo&nbsp;Reyes, assistant de peintres comme&nbsp;Siqueiros,&nbsp;Orozco&nbsp;et Rivera au Mexique.&nbsp;Ult\u00e9rieurement, il&nbsp;a fait des \u00e9tudes en&nbsp;D\u00e9coration-Sc\u00e9nographie&nbsp;\u00e0 l\u2019\u00c9cole des Beaux-Arts&nbsp;\u00e0 l\u2019Universit\u00e9 du Chili.&nbsp;Il a \u00e9t\u00e9 l\u2019un des&nbsp;membre-fondateurs&nbsp;de la&nbsp;Brigada&nbsp;Ramona&nbsp;Parra dans les ann\u00e9es 70 et est aujourd&rsquo;hui consid\u00e9r\u00e9 comme l&rsquo;une des figure embl\u00e9matique du muralisme historique chilien.<\/p>\n\n\n\n<p>MURAL COYHAIQUE<\/p>\n\n\n\n<blockquote class=\"wp-block-quote is-layout-flow wp-block-quote-is-layout-flow\"><p>&nbsp;\u00ab\u00a0<em>Ah\u00ed en ese mural yo plasm\u00e9 un poco la historia que se cuenta en leyenda en el pueblo Tehuelche de lo que es el origen de la tierra. Yo cuando llegu\u00e9 a pintar a ese lugar muchas de esas cosas no las conoc\u00eda para ser sincero. Esa fue como la segunda o tercera vez que fui a ese pueblo, pero la primera vez que fui, unos a\u00f1os antes, empec\u00e9 a pintar mis cosas y de repente un artesano me dec\u00eda: -Mono, pinta las guanacas. Y yo no sab\u00eda lo que eran, y era un mural prehisp\u00e1nico pintado en unos muros por pueblos ya desaparecidos. Eran las mam\u00e1s guanacas con un cr\u00edo en el vientre, ve\u00eda la cr\u00eda dentro del vientre de la mam\u00e1 guanaca. El mural y la iconograf\u00eda dentro de ese mural en ese momento cambi\u00f3 totalmente porque aprend\u00ed algo que era de ah\u00ed pero adem\u00e1s algo hermos\u00edsimo, porque uno siempre ve un cr\u00edo, un feto, en el vientre de la madre, de la mujer, pero ah\u00ed dentro de la guanaca, dentro de este animal estaba esto hermos\u00edsimo. Y al final pintamos un mural con puras mam\u00e1s con vientres con cr\u00edas: un reba\u00f1o fuera y un reba\u00f1o dentro.<\/em>\u00ab\u00a0<\/p><cite>Mono Gonz\u00e1lez<\/cite><\/blockquote>\n\n\n\n<p>                                                                                                                            <\/p>\n\n\n\n<p><\/p>\n\n\n\n<figure class=\"wp-block-gallery alignwide columns-3 is-cropped wp-block-gallery-1 is-layout-flex wp-block-gallery-is-layout-flex\"><ul class=\"blocks-gallery-grid\"><li class=\"blocks-gallery-item\"><figure><img loading=\"lazy\" decoding=\"async\" width=\"1024\" height=\"768\" src=\"https:\/\/blogs.univ-tlse2.fr\/chilenlacalle\/files\/2021\/02\/Coyhaique-1024x768.jpg\" alt=\"\" data-id=\"200\" data-link=\"https:\/\/blogs.univ-tlse2.fr\/chilenlacalle\/monogonzalezchile\/coyhaique\/\" class=\"wp-image-200\" srcset=\"https:\/\/blogs.univ-tlse2.fr\/chilenlacalle\/files\/2021\/02\/Coyhaique-1024x768.jpg 1024w, https:\/\/blogs.univ-tlse2.fr\/chilenlacalle\/files\/2021\/02\/Coyhaique-300x225.jpg 300w, https:\/\/blogs.univ-tlse2.fr\/chilenlacalle\/files\/2021\/02\/Coyhaique-768x576.jpg 768w, https:\/\/blogs.univ-tlse2.fr\/chilenlacalle\/files\/2021\/02\/Coyhaique-1536x1152.jpg 1536w, https:\/\/blogs.univ-tlse2.fr\/chilenlacalle\/files\/2021\/02\/Coyhaique-676x507.jpg 676w, https:\/\/blogs.univ-tlse2.fr\/chilenlacalle\/files\/2021\/02\/Coyhaique.jpg 1600w\" sizes=\"auto, (max-width: 1024px) 100vw, 1024px\" \/><\/figure><\/li><li class=\"blocks-gallery-item\"><figure><img loading=\"lazy\" decoding=\"async\" width=\"1024\" height=\"768\" src=\"https:\/\/blogs.univ-tlse2.fr\/chilenlacalle\/files\/2021\/02\/Coyhaique2-1024x768.jpg\" alt=\"\" data-id=\"201\" data-link=\"https:\/\/blogs.univ-tlse2.fr\/chilenlacalle\/monogonzalezchile\/coyhaique2\/\" class=\"wp-image-201\" srcset=\"https:\/\/blogs.univ-tlse2.fr\/chilenlacalle\/files\/2021\/02\/Coyhaique2-1024x768.jpg 1024w, https:\/\/blogs.univ-tlse2.fr\/chilenlacalle\/files\/2021\/02\/Coyhaique2-300x225.jpg 300w, https:\/\/blogs.univ-tlse2.fr\/chilenlacalle\/files\/2021\/02\/Coyhaique2-768x576.jpg 768w, https:\/\/blogs.univ-tlse2.fr\/chilenlacalle\/files\/2021\/02\/Coyhaique2-1536x1152.jpg 1536w, https:\/\/blogs.univ-tlse2.fr\/chilenlacalle\/files\/2021\/02\/Coyhaique2-676x507.jpg 676w, https:\/\/blogs.univ-tlse2.fr\/chilenlacalle\/files\/2021\/02\/Coyhaique2.jpg 1600w\" sizes=\"auto, (max-width: 1024px) 100vw, 1024px\" \/><\/figure><\/li><li class=\"blocks-gallery-item\"><figure><img loading=\"lazy\" decoding=\"async\" width=\"1024\" height=\"768\" src=\"https:\/\/blogs.univ-tlse2.fr\/chilenlacalle\/files\/2021\/02\/Coyhaique3-1024x768.jpg\" alt=\"\" data-id=\"202\" data-full-url=\"https:\/\/blogs.univ-tlse2.fr\/chilenlacalle\/files\/2021\/02\/Coyhaique3.jpg\" data-link=\"https:\/\/blogs.univ-tlse2.fr\/chilenlacalle\/monogonzalezchile\/coyhaique3\/\" class=\"wp-image-202\" srcset=\"https:\/\/blogs.univ-tlse2.fr\/chilenlacalle\/files\/2021\/02\/Coyhaique3-1024x768.jpg 1024w, https:\/\/blogs.univ-tlse2.fr\/chilenlacalle\/files\/2021\/02\/Coyhaique3-300x225.jpg 300w, https:\/\/blogs.univ-tlse2.fr\/chilenlacalle\/files\/2021\/02\/Coyhaique3-768x576.jpg 768w, https:\/\/blogs.univ-tlse2.fr\/chilenlacalle\/files\/2021\/02\/Coyhaique3-1536x1152.jpg 1536w, https:\/\/blogs.univ-tlse2.fr\/chilenlacalle\/files\/2021\/02\/Coyhaique3-676x507.jpg 676w, https:\/\/blogs.univ-tlse2.fr\/chilenlacalle\/files\/2021\/02\/Coyhaique3.jpg 1600w\" sizes=\"auto, (max-width: 1024px) 100vw, 1024px\" \/><\/figure><\/li><\/ul><\/figure>\n\n\n\n<p>MURAL METRO ESTACI\u00d3N  FRANKLIN<\/p>\n\n\n\n<blockquote class=\"wp-block-quote is-layout-flow wp-block-quote-is-layout-flow\"><p>\u00ab\u00a0<em>Hay un mural que yo estuve pintando en Octubre en una estaci\u00f3n del metro en la estaci\u00f3n del metro Franklin en Santiago y ah\u00ed utilic\u00e9 una nueva paleta de colores, una iconograf\u00eda de defensa de la naturaleza, etc. Difiere mucho del mural del parque Bustamante de la otra estaci\u00f3n. Y ah\u00ed fue financiado porque me regalaron la pintura, el metro me facilit\u00f3 el muro y me preguntaron \u00bfCu\u00e1nto por hacer el mural? Y logr\u00e9 conseguir que me pagaran como obrero calificado a m\u00ed y a dos ayudantes. No hay ninguna obra que la haga yo solo.<\/em>\u00ab\u00a0<\/p><cite>Mono Gonz\u00e1lez<\/cite><\/blockquote>\n\n\n\n<p>                                                                                                                                   <\/p>\n\n\n\n<figure class=\"wp-block-gallery alignwide columns-2 is-cropped wp-block-gallery-2 is-layout-flex wp-block-gallery-is-layout-flex\"><ul class=\"blocks-gallery-grid\"><li class=\"blocks-gallery-item\"><figure><img loading=\"lazy\" decoding=\"async\" width=\"1024\" height=\"683\" src=\"https:\/\/blogs.univ-tlse2.fr\/chilenlacalle\/files\/2021\/02\/metro-Franklin1-1024x683.jpg\" alt=\"\" data-id=\"199\" data-full-url=\"https:\/\/blogs.univ-tlse2.fr\/chilenlacalle\/files\/2021\/02\/metro-Franklin1.jpg\" data-link=\"https:\/\/blogs.univ-tlse2.fr\/chilenlacalle\/monogonzalezchile\/metro-franklin1\/\" class=\"wp-image-199\" srcset=\"https:\/\/blogs.univ-tlse2.fr\/chilenlacalle\/files\/2021\/02\/metro-Franklin1-1024x683.jpg 1024w, https:\/\/blogs.univ-tlse2.fr\/chilenlacalle\/files\/2021\/02\/metro-Franklin1-300x200.jpg 300w, https:\/\/blogs.univ-tlse2.fr\/chilenlacalle\/files\/2021\/02\/metro-Franklin1-768x512.jpg 768w, https:\/\/blogs.univ-tlse2.fr\/chilenlacalle\/files\/2021\/02\/metro-Franklin1-676x451.jpg 676w, https:\/\/blogs.univ-tlse2.fr\/chilenlacalle\/files\/2021\/02\/metro-Franklin1.jpg 1417w\" sizes=\"auto, (max-width: 1024px) 100vw, 1024px\" \/><\/figure><\/li><li class=\"blocks-gallery-item\"><figure><img loading=\"lazy\" decoding=\"async\" width=\"1024\" height=\"683\" src=\"https:\/\/blogs.univ-tlse2.fr\/chilenlacalle\/files\/2021\/02\/metro-Franklin-1024x683.jpg\" alt=\"\" data-id=\"198\" data-full-url=\"https:\/\/blogs.univ-tlse2.fr\/chilenlacalle\/files\/2021\/02\/metro-Franklin.jpg\" data-link=\"https:\/\/blogs.univ-tlse2.fr\/chilenlacalle\/monogonzalezchile\/metro-franklin\/\" class=\"wp-image-198\" srcset=\"https:\/\/blogs.univ-tlse2.fr\/chilenlacalle\/files\/2021\/02\/metro-Franklin-1024x683.jpg 1024w, https:\/\/blogs.univ-tlse2.fr\/chilenlacalle\/files\/2021\/02\/metro-Franklin-300x200.jpg 300w, https:\/\/blogs.univ-tlse2.fr\/chilenlacalle\/files\/2021\/02\/metro-Franklin-768x512.jpg 768w, https:\/\/blogs.univ-tlse2.fr\/chilenlacalle\/files\/2021\/02\/metro-Franklin-676x451.jpg 676w, https:\/\/blogs.univ-tlse2.fr\/chilenlacalle\/files\/2021\/02\/metro-Franklin.jpg 1417w\" sizes=\"auto, (max-width: 1024px) 100vw, 1024px\" \/><\/figure><\/li><\/ul><figcaption class=\"blocks-gallery-caption\">MURAL METRO ESTACI\u00d3N BUSTAMANTE \u00ab\u00a0Vida y Trabajo\u00a0\u00bb<\/figcaption><\/figure>\n\n\n\n\n\n<figure class=\"wp-block-video\"><video controls src=\"https:\/\/prismes.univ-toulouse.fr\/video.php?code=Uy8W6Al8&amp;width=100\"><\/video><\/figure>\n\n\n\n<p><\/p>\n","protected":false},"excerpt":{"rendered":"<p>Alejandro \u201cMono\u201d Gonz\u00e1lez est un muraliste, artiste visuel, sc\u00e9nographe de th\u00e9\u00e2tre, cin\u00e9ma et t\u00e9l\u00e9vision.&nbsp;Il est n\u00e9 \u00e0&nbsp;Curic\u00f3&nbsp;au Chili en 1947 et a fait ses \u00e9tudes \u00e0 l\u2019\u00c9cole Artistique \u00e0 Santiago o\u00f9 il s\u2019est sp\u00e9cialis\u00e9 pour la peinture.&nbsp;Parmi ses professeurs figuraient Fernando Marcos et Osvaldo&nbsp;Reyes, assistant de peintres comme&nbsp;Siqueiros,&nbsp;Orozco&nbsp;et Rivera au Mexique.&nbsp;Ult\u00e9rieurement, il&nbsp;a fait des \u00e9tudes [&hellip;]<\/p>\n","protected":false},"author":877,"featured_media":0,"parent":0,"menu_order":0,"comment_status":"closed","ping_status":"closed","template":"","meta":{"footnotes":""},"class_list":["post-171","page","type-page","status-publish","hentry","post-preview"],"_links":{"self":[{"href":"https:\/\/blogs.univ-tlse2.fr\/chilenlacalle\/wp-json\/wp\/v2\/pages\/171","targetHints":{"allow":["GET"]}}],"collection":[{"href":"https:\/\/blogs.univ-tlse2.fr\/chilenlacalle\/wp-json\/wp\/v2\/pages"}],"about":[{"href":"https:\/\/blogs.univ-tlse2.fr\/chilenlacalle\/wp-json\/wp\/v2\/types\/page"}],"author":[{"embeddable":true,"href":"https:\/\/blogs.univ-tlse2.fr\/chilenlacalle\/wp-json\/wp\/v2\/users\/877"}],"replies":[{"embeddable":true,"href":"https:\/\/blogs.univ-tlse2.fr\/chilenlacalle\/wp-json\/wp\/v2\/comments?post=171"}],"version-history":[{"count":33,"href":"https:\/\/blogs.univ-tlse2.fr\/chilenlacalle\/wp-json\/wp\/v2\/pages\/171\/revisions"}],"predecessor-version":[{"id":732,"href":"https:\/\/blogs.univ-tlse2.fr\/chilenlacalle\/wp-json\/wp\/v2\/pages\/171\/revisions\/732"}],"wp:attachment":[{"href":"https:\/\/blogs.univ-tlse2.fr\/chilenlacalle\/wp-json\/wp\/v2\/media?parent=171"}],"curies":[{"name":"wp","href":"https:\/\/api.w.org\/{rel}","templated":true}]}}