 {"id":26,"date":"2025-02-08T17:21:38","date_gmt":"2025-02-08T16:21:38","guid":{"rendered":"https:\/\/blogs.univ-tlse2.fr\/cisc25\/?page_id=26"},"modified":"2025-02-12T22:49:23","modified_gmt":"2025-02-12T21:49:23","slug":"accueil","status":"publish","type":"page","link":"https:\/\/blogs.univ-tlse2.fr\/cisc25\/","title":{"rendered":"Colloque international"},"content":{"rendered":"\n<p class=\"has-text-align-center\"><strong>SCENOGRAPHIE ET COULEURS : <\/strong><br><strong>ARTS, AUDIOVISUEL, CINEMA et DESIGN<\/strong><br><br>Colloque du Taur 2025<\/p>\n\n\n\n<p><\/p>\n\n\n\n<p><\/p>\n\n\n\n<p class=\"has-text-align-center has-white-background-color has-text-color has-background has-link-color wp-elements-32d670ff14df2824d84ebdd68857c27e\" style=\"color:#00013a\"><mark style=\"background-color:#ffffff\" class=\"has-inline-color has-black-color\"><strong>\u00ab La couleur est la touche, l\u2019\u0153il le marteau qui la<br>frappe, l\u2019\u00e2me est le piano aux cordes nombreuses \u00bb<br><\/strong>(Wassily Kandinsky,<em> Du spirituel dans l\u2019art, et dans la peinture en particulier<\/em>, Folio Essai n\u00b0&nbsp;168, Gallimard, 1989).<\/mark><\/p>\n\n\n\n<p class=\"has-text-align-left has-white-background-color has-text-color has-background has-link-color wp-elements-3ce979f43d0dedf98eb2460a1a65700e\" style=\"color:#00013a\"><br><br><strong><mark style=\"background-color:#ffffff;color:#5d6ea2\" class=\"has-inline-color\">Pour son \u00e9dition 2025, le colloque du Taur s&rsquo;int\u00e9resse aux rapports sc\u00e9nographiques \u00e0 la couleur dans les arts, au cin\u00e9ma, dans l&rsquo;audiovisuel ou dans le design. <\/mark><\/strong><br><br><strong><mark style=\"background-color:#ffffff;color:#5d6ea2\" class=\"has-inline-color\">La sc\u00e9nographie comme art de lier le fond et la forme correspondrait \u00e0 l\u2019association de diff\u00e9rents \u00e9l\u00e9ments (mat\u00e9riels et normalis\u00e9s, immat\u00e9riels et symboliques) fondant une composition spatiale et environnementale. Mais cette combinaison d\u2019\u00e9l\u00e9ments \u2013 mati\u00e8res, couleurs et finitions, lumi\u00e8res et ombres, compositions et rythmes, etc.- constituerait aussi une composition narrative sp\u00e9cifique \u00e0 son contexte m\u00e9diatique. Faire et dire, faire pour dire\u2026 dans une perspective critique, le d\u00e9bat s\u2019accordera \u00e0 r\u00e9unir la sc\u00e9nographie et la couleur dans une forme de dialogique de l\u2019intention cr\u00e9atrice. <\/mark><\/strong><br><strong><mark style=\"background-color:#ffffff;color:#5d6ea2\" class=\"has-inline-color\">En portant \u00e0 ce couple un regard pluridisciplinaire traversant les perspectives sociotechniques, esth\u00e9tiques, r\u00e9ceptives, perceptives ou historiographiques pour exemples, le colloque s\u2019attachera \u00e0 comprendre les r\u00f4les, dispositifs et les exp\u00e9riences que portent la sc\u00e9nographie et la couleur afin de rendre identifiables les \u0153uvres mais aussi de caract\u00e9riser leurs singularit\u00e9s.<\/mark><\/strong><br><br><strong>Lors de ce colloque, il s\u2019agira d\u2019aborder cette th\u00e9matique suivant des perspectives th\u00e9oriques et pratiques, consid\u00e9rant ici la cr\u00e9ation-recherche comme savoir situ\u00e9, comme praxis du sensible et comme mise en narration de l\u2019intention.<\/strong><br><br><br><br><\/p>\n\n\n\n\n<div class=\"wp-block-image\">\n<figure class=\"aligncenter size-large\"><img loading=\"lazy\" decoding=\"async\" width=\"724\" height=\"1024\" src=\"https:\/\/blogs.univ-tlse2.fr\/cisc25\/files\/2025\/02\/Aff-scenographie_page-0001-724x1024.jpg\" alt=\"\" class=\"wp-image-151\" srcset=\"https:\/\/blogs.univ-tlse2.fr\/cisc25\/files\/2025\/02\/Aff-scenographie_page-0001-724x1024.jpg 724w, https:\/\/blogs.univ-tlse2.fr\/cisc25\/files\/2025\/02\/Aff-scenographie_page-0001-212x300.jpg 212w, https:\/\/blogs.univ-tlse2.fr\/cisc25\/files\/2025\/02\/Aff-scenographie_page-0001-768x1086.jpg 768w, https:\/\/blogs.univ-tlse2.fr\/cisc25\/files\/2025\/02\/Aff-scenographie_page-0001-1086x1536.jpg 1086w, https:\/\/blogs.univ-tlse2.fr\/cisc25\/files\/2025\/02\/Aff-scenographie_page-0001-1448x2048.jpg 1448w, https:\/\/blogs.univ-tlse2.fr\/cisc25\/files\/2025\/02\/Aff-scenographie_page-0001.jpg 1754w\" sizes=\"auto, (max-width: 724px) 100vw, 724px\" \/><\/figure>\n<\/div>\n\n\n<p>  <\/p>\n\n\n\n<p>   <\/p>\n\n\n\n<ul class=\"wp-block-social-links aligncenter is-layout-flex wp-block-social-links-is-layout-flex\"><li class=\"wp-social-link wp-social-link-mail  wp-block-social-link\"><a href=\"mailto:c&#105;&#115;c&#050;&#053;.&#116;&#108;&#115;&#101;&#064;&#103;m&#097;&#105;l.com\" class=\"wp-block-social-link-anchor\"><svg width=\"24\" height=\"24\" viewBox=\"0 0 24 24\" version=\"1.1\" xmlns=\"http:\/\/www.w3.org\/2000\/svg\" aria-hidden=\"true\" focusable=\"false\"><path d=\"M19,5H5c-1.1,0-2,.9-2,2v10c0,1.1.9,2,2,2h14c1.1,0,2-.9,2-2V7c0-1.1-.9-2-2-2zm.5,12c0,.3-.2.5-.5.5H5c-.3,0-.5-.2-.5-.5V9.8l7.5,5.6,7.5-5.6V17zm0-9.1L12,13.6,4.5,7.9V7c0-.3.2-.5.5-.5h14c.3,0,.5.2.5.5v.9z\"><\/path><\/svg><span class=\"wp-block-social-link-label screen-reader-text\">E-mail<\/span><\/a><\/li><\/ul>\n","protected":false},"excerpt":{"rendered":"<p>SCENOGRAPHIE ET COULEURS : ARTS, AUDIOVISUEL, CINEMA et DESIGN Colloque du Taur 2025 \u00ab La couleur est la touche, l\u2019\u0153il le marteau qui lafrappe, l\u2019\u00e2me est le piano aux cordes nombreuses \u00bb(Wassily Kandinsky, Du spirituel dans l\u2019art, et dans la peinture en particulier, Folio Essai n\u00b0&nbsp;168, Gallimard, 1989). Pour son \u00e9dition 2025, le colloque du Taur s&rsquo;int\u00e9resse aux rapports sc\u00e9nographiques \u00e0 la couleur dans les arts, au cin\u00e9ma, dans l&rsquo;audiovisuel ou dans le design. La sc\u00e9nographie comme art de lier le fond et la forme correspondrait \u00e0 l\u2019association de diff\u00e9rents \u00e9l\u00e9ments (mat\u00e9riels et normalis\u00e9s, immat\u00e9riels et symboliques) fondant une composition spatiale et environnementale. Mais cette combinaison d\u2019\u00e9l\u00e9ments \u2013 mati\u00e8res, couleurs et finitions, lumi\u00e8res et ombres, compositions et rythmes, etc.- constituerait aussi une composition narrative sp\u00e9cifique \u00e0 son contexte m\u00e9diatique. Faire et dire, faire pour dire\u2026 dans une perspective critique, le d\u00e9bat s\u2019accordera \u00e0 r\u00e9unir la sc\u00e9nographie et la couleur dans&hellip;<\/p>\n<p> <a class=\"more-link\" href=\"https:\/\/blogs.univ-tlse2.fr\/cisc25\/\">Lire la suite<\/a><\/p>\n","protected":false},"author":1476,"featured_media":0,"parent":0,"menu_order":0,"comment_status":"closed","ping_status":"closed","template":"","meta":{"footnotes":""},"class_list":["post-26","page","type-page","status-publish"],"_links":{"self":[{"href":"https:\/\/blogs.univ-tlse2.fr\/cisc25\/wp-json\/wp\/v2\/pages\/26","targetHints":{"allow":["GET"]}}],"collection":[{"href":"https:\/\/blogs.univ-tlse2.fr\/cisc25\/wp-json\/wp\/v2\/pages"}],"about":[{"href":"https:\/\/blogs.univ-tlse2.fr\/cisc25\/wp-json\/wp\/v2\/types\/page"}],"author":[{"embeddable":true,"href":"https:\/\/blogs.univ-tlse2.fr\/cisc25\/wp-json\/wp\/v2\/users\/1476"}],"replies":[{"embeddable":true,"href":"https:\/\/blogs.univ-tlse2.fr\/cisc25\/wp-json\/wp\/v2\/comments?post=26"}],"version-history":[{"count":56,"href":"https:\/\/blogs.univ-tlse2.fr\/cisc25\/wp-json\/wp\/v2\/pages\/26\/revisions"}],"predecessor-version":[{"id":169,"href":"https:\/\/blogs.univ-tlse2.fr\/cisc25\/wp-json\/wp\/v2\/pages\/26\/revisions\/169"}],"wp:attachment":[{"href":"https:\/\/blogs.univ-tlse2.fr\/cisc25\/wp-json\/wp\/v2\/media?parent=26"}],"curies":[{"name":"wp","href":"https:\/\/api.w.org\/{rel}","templated":true}]}}