 {"id":434,"date":"2021-03-15T20:09:07","date_gmt":"2021-03-15T19:09:07","guid":{"rendered":"https:\/\/blogs.univ-tlse2.fr\/colloque-du-taur\/?page_id=434"},"modified":"2021-03-15T20:09:07","modified_gmt":"2021-03-15T19:09:07","slug":"ce-qui-se-concoit-bien-senonce-clairement-comment-est-evaluee-la-valeur-dun-projet-de-film-dans-une-formation-dauteur-realisateur","status":"publish","type":"page","link":"https:\/\/blogs.univ-tlse2.fr\/colloque-du-taur\/ce-qui-se-concoit-bien-senonce-clairement-comment-est-evaluee-la-valeur-dun-projet-de-film-dans-une-formation-dauteur-realisateur\/","title":{"rendered":"\u00ab Ce qui se con\u00e7oit bien s\u2019\u00e9nonce clairement \u00bb Comment est \u00e9valu\u00e9e la valeur d\u2019un projet de film dans une formation d\u2019auteur-r\u00e9alisateur ?"},"content":{"rendered":"\n<p><strong><span style=\"color:#4f5cbf\" class=\"has-inline-color\">Cesaro Pascal<\/span><\/strong><\/p>\n\n\n\n<p><strong>R\u00e9sum\u00e9<\/strong><\/p>\n\n\n\n<p>L\u2019objet de cette \u00e9tude est d\u2019interroger le processus de production d\u2019un film documentaire dans sa phase de d\u00e9veloppement au sein du master cin\u00e9ma et audiovisuel \u00e0 l\u2019universit\u00e9 d\u2019Aix-Marseille afin de comprendre ce qui permet de juger la valeur d\u2019un projet de film de fin d\u2019\u00e9tudes et par \u00e9cho de donner une lecture des principes de s\u00e9lection utilis\u00e9s sur le march\u00e9 de la fabrication des films documentaires.<\/p>\n","protected":false},"excerpt":{"rendered":"<p>Cesaro Pascal R\u00e9sum\u00e9 L\u2019objet de cette \u00e9tude est d\u2019interroger le processus de production d\u2019un film documentaire dans sa phase de d\u00e9veloppement au sein du master cin\u00e9ma et audiovisuel \u00e0 l\u2019universit\u00e9 d\u2019Aix-Marseille afin de comprendre ce qui permet de juger la valeur d\u2019un projet de film de fin d\u2019\u00e9tudes et par \u00e9cho de donner une lecture des principes de s\u00e9lection utilis\u00e9s sur le march\u00e9 de la fabrication des films documentaires.<\/p>\n","protected":false},"author":963,"featured_media":237,"parent":0,"menu_order":0,"comment_status":"closed","ping_status":"closed","template":"","meta":{"footnotes":""},"class_list":["post-434","page","type-page","status-publish","has-post-thumbnail"],"_links":{"self":[{"href":"https:\/\/blogs.univ-tlse2.fr\/colloque-du-taur\/wp-json\/wp\/v2\/pages\/434","targetHints":{"allow":["GET"]}}],"collection":[{"href":"https:\/\/blogs.univ-tlse2.fr\/colloque-du-taur\/wp-json\/wp\/v2\/pages"}],"about":[{"href":"https:\/\/blogs.univ-tlse2.fr\/colloque-du-taur\/wp-json\/wp\/v2\/types\/page"}],"author":[{"embeddable":true,"href":"https:\/\/blogs.univ-tlse2.fr\/colloque-du-taur\/wp-json\/wp\/v2\/users\/963"}],"replies":[{"embeddable":true,"href":"https:\/\/blogs.univ-tlse2.fr\/colloque-du-taur\/wp-json\/wp\/v2\/comments?post=434"}],"version-history":[{"count":1,"href":"https:\/\/blogs.univ-tlse2.fr\/colloque-du-taur\/wp-json\/wp\/v2\/pages\/434\/revisions"}],"predecessor-version":[{"id":435,"href":"https:\/\/blogs.univ-tlse2.fr\/colloque-du-taur\/wp-json\/wp\/v2\/pages\/434\/revisions\/435"}],"wp:featuredmedia":[{"embeddable":true,"href":"https:\/\/blogs.univ-tlse2.fr\/colloque-du-taur\/wp-json\/wp\/v2\/media\/237"}],"wp:attachment":[{"href":"https:\/\/blogs.univ-tlse2.fr\/colloque-du-taur\/wp-json\/wp\/v2\/media?parent=434"}],"curies":[{"name":"wp","href":"https:\/\/api.w.org\/{rel}","templated":true}]}}