 {"id":479,"date":"2021-03-15T21:35:02","date_gmt":"2021-03-15T20:35:02","guid":{"rendered":"https:\/\/blogs.univ-tlse2.fr\/colloque-du-taur\/?page_id=479"},"modified":"2021-03-15T21:36:54","modified_gmt":"2021-03-15T20:36:54","slug":"esther-saint-dizier","status":"publish","type":"page","link":"https:\/\/blogs.univ-tlse2.fr\/colloque-du-taur\/esther-saint-dizier\/","title":{"rendered":"Esther Saint-Dizier"},"content":{"rendered":"\n<p>N\u00e9e \u00e0 Castres, de parents espagnols r\u00e9fugi\u00e9s en France de la guerre civile espagnole.<br>\u00c9tudes de Litt\u00e9rature et civilisations hispano-am\u00e9ricaines \u00e0 l&rsquo;Universit\u00e9 de Toulouse-le Mirail.<br>Secr\u00e9taire du Comit\u00e9 R\u00e9gional Midi Pyr\u00e9n\u00e9es de France Am\u00e9rique Latine (ONG) de 1983 \u00e0 1999, a particip\u00e9 \u00e0 l&rsquo;\u00e9laboration et \u00e0 la mise en \u0153uvre sur place de nombreux projets de solidarit\u00e9, en particulier au Nicaragua, Chili, Guatemala, Salvador, Colombie, Argentine, Mexique, Cuba.<\/p>\n\n\n\n<p>Membre fondateur des Rencontres Cin\u00e9mas d&rsquo;Am\u00e9rique Latine de Toulouse en 1989, Pr\u00e9sidente de l&rsquo;Association du m\u00eame nom qui organise le festival et responsable de la programmation des Rencontres qui s&rsquo;est largement ouverte \u00e0 la d\u00e9couverte de nouveaux talents \u00e0 travers des premiers films, des courts m\u00e9trages et des travaux d&rsquo;\u00e9coles d&rsquo;audiovisuel, jusqu\u2019en juin 2008.<br>Actuellement Pr\u00e9sidente d\u2019honneur de l\u2019ARCALT<br>Membre du comit\u00e9 de r\u00e9daction de la revue annuelle (trilingue) \u00ab\u00a0Cin\u00e9mas d&rsquo;Am\u00e9rique Latine\u00a0\u00bb qui rend compte des tendances et des \u00e9volutions qui se font jour dans les cin\u00e9matographies des pays du sud continent et revisite leur patrimoine cin\u00e9matographique.<br>Responsable de \u00ab\u00a0Cin\u00e9ma en construction\u00a0\u00bb, initiative co-organis\u00e9e avec le Festival Internacional de Cine de San Sebasti\u00e1n jusqu\u2019en mars 2020, puis avec le festival de cin\u00e9ma de Lima (PUCP) destin\u00e9e \u00e0 aider des longs m\u00e9trages latino-am\u00e9ricains en difficult\u00e9 financi\u00e8re au stade de la postproduction.<br>A particip\u00e9 de nombreux jurys de festivals. M\u00e9daille de Chevalier de l\u2019Ordre des Arts et des Lettres pour sa contribution culturelle dans le domaine cin\u00e9matographique.<\/p>\n","protected":false},"excerpt":{"rendered":"<p>N\u00e9e \u00e0 Castres, de parents espagnols r\u00e9fugi\u00e9s en France de la guerre civile espagnole.\u00c9tudes de Litt\u00e9rature et civilisations hispano-am\u00e9ricaines \u00e0 l&rsquo;Universit\u00e9 de Toulouse-le Mirail.Secr\u00e9taire du Comit\u00e9 R\u00e9gional Midi Pyr\u00e9n\u00e9es de France Am\u00e9rique Latine (ONG) de 1983 \u00e0 1999, a particip\u00e9 \u00e0 l&rsquo;\u00e9laboration et \u00e0 la mise en \u0153uvre sur place de nombreux projets de solidarit\u00e9, en particulier au Nicaragua, Chili, Guatemala, Salvador, Colombie, Argentine, Mexique, Cuba. Membre fondateur des Rencontres Cin\u00e9mas d&rsquo;Am\u00e9rique Latine de Toulouse en 1989, Pr\u00e9sidente de l&rsquo;Association du m\u00eame nom qui organise le festival et responsable de la programmation des Rencontres qui s&rsquo;est largement ouverte \u00e0 la d\u00e9couverte de nouveaux talents \u00e0 travers des premiers films, des courts m\u00e9trages et des travaux d&rsquo;\u00e9coles d&rsquo;audiovisuel, jusqu\u2019en juin 2008.Actuellement Pr\u00e9sidente d\u2019honneur de l\u2019ARCALTMembre du comit\u00e9 de r\u00e9daction de la revue annuelle (trilingue) \u00ab\u00a0Cin\u00e9mas d&rsquo;Am\u00e9rique Latine\u00a0\u00bb qui rend compte des tendances et des \u00e9volutions qui se font jour dans les&hellip;<\/p>\n<p> <a class=\"more-link\" href=\"https:\/\/blogs.univ-tlse2.fr\/colloque-du-taur\/esther-saint-dizier\/\">Lire la suite<\/a><\/p>\n","protected":false},"author":963,"featured_media":237,"parent":0,"menu_order":0,"comment_status":"closed","ping_status":"closed","template":"","meta":{"footnotes":""},"class_list":["post-479","page","type-page","status-publish","has-post-thumbnail"],"_links":{"self":[{"href":"https:\/\/blogs.univ-tlse2.fr\/colloque-du-taur\/wp-json\/wp\/v2\/pages\/479","targetHints":{"allow":["GET"]}}],"collection":[{"href":"https:\/\/blogs.univ-tlse2.fr\/colloque-du-taur\/wp-json\/wp\/v2\/pages"}],"about":[{"href":"https:\/\/blogs.univ-tlse2.fr\/colloque-du-taur\/wp-json\/wp\/v2\/types\/page"}],"author":[{"embeddable":true,"href":"https:\/\/blogs.univ-tlse2.fr\/colloque-du-taur\/wp-json\/wp\/v2\/users\/963"}],"replies":[{"embeddable":true,"href":"https:\/\/blogs.univ-tlse2.fr\/colloque-du-taur\/wp-json\/wp\/v2\/comments?post=479"}],"version-history":[{"count":2,"href":"https:\/\/blogs.univ-tlse2.fr\/colloque-du-taur\/wp-json\/wp\/v2\/pages\/479\/revisions"}],"predecessor-version":[{"id":482,"href":"https:\/\/blogs.univ-tlse2.fr\/colloque-du-taur\/wp-json\/wp\/v2\/pages\/479\/revisions\/482"}],"wp:featuredmedia":[{"embeddable":true,"href":"https:\/\/blogs.univ-tlse2.fr\/colloque-du-taur\/wp-json\/wp\/v2\/media\/237"}],"wp:attachment":[{"href":"https:\/\/blogs.univ-tlse2.fr\/colloque-du-taur\/wp-json\/wp\/v2\/media?parent=479"}],"curies":[{"name":"wp","href":"https:\/\/api.w.org\/{rel}","templated":true}]}}