 {"id":483,"date":"2021-03-15T21:38:06","date_gmt":"2021-03-15T20:38:06","guid":{"rendered":"https:\/\/blogs.univ-tlse2.fr\/colloque-du-taur\/?page_id=483"},"modified":"2021-03-15T21:38:06","modified_gmt":"2021-03-15T20:38:06","slug":"annelyse-vieilledent","status":"publish","type":"page","link":"https:\/\/blogs.univ-tlse2.fr\/colloque-du-taur\/annelyse-vieilledent\/","title":{"rendered":"Annelyse Vieilledent"},"content":{"rendered":"\n<p>Apr\u00e8s plusieurs ann\u00e9es dans la production de long-m\u00e9trages, s\u00e9ries ou formats courts d&rsquo;animation, Annelyse Vieilledent se consacre d\u00e9sormais \u00e0 la cr\u00e9ation en conseillant les auteur.e.s et les producteur.rice.s sur l&rsquo;\u00e9criture et le d\u00e9veloppement de leurs projets.<\/p>\n\n\n\n<p>En fondant l&rsquo;association Les Storygraphes, consacr\u00e9e aux narrations innovantes, elle participe \u00e0 l&rsquo;\u00e9mergence de nouveaux talents et de nouvelles formes de cr\u00e9ation.<\/p>\n","protected":false},"excerpt":{"rendered":"<p>Apr\u00e8s plusieurs ann\u00e9es dans la production de long-m\u00e9trages, s\u00e9ries ou formats courts d&rsquo;animation, Annelyse Vieilledent se consacre d\u00e9sormais \u00e0 la cr\u00e9ation en conseillant les auteur.e.s et les producteur.rice.s sur l&rsquo;\u00e9criture et le d\u00e9veloppement de leurs projets. En fondant l&rsquo;association Les Storygraphes, consacr\u00e9e aux narrations innovantes, elle participe \u00e0 l&rsquo;\u00e9mergence de nouveaux talents et de nouvelles formes de cr\u00e9ation.<\/p>\n","protected":false},"author":963,"featured_media":237,"parent":0,"menu_order":0,"comment_status":"closed","ping_status":"closed","template":"","meta":{"footnotes":""},"class_list":["post-483","page","type-page","status-publish","has-post-thumbnail"],"_links":{"self":[{"href":"https:\/\/blogs.univ-tlse2.fr\/colloque-du-taur\/wp-json\/wp\/v2\/pages\/483","targetHints":{"allow":["GET"]}}],"collection":[{"href":"https:\/\/blogs.univ-tlse2.fr\/colloque-du-taur\/wp-json\/wp\/v2\/pages"}],"about":[{"href":"https:\/\/blogs.univ-tlse2.fr\/colloque-du-taur\/wp-json\/wp\/v2\/types\/page"}],"author":[{"embeddable":true,"href":"https:\/\/blogs.univ-tlse2.fr\/colloque-du-taur\/wp-json\/wp\/v2\/users\/963"}],"replies":[{"embeddable":true,"href":"https:\/\/blogs.univ-tlse2.fr\/colloque-du-taur\/wp-json\/wp\/v2\/comments?post=483"}],"version-history":[{"count":1,"href":"https:\/\/blogs.univ-tlse2.fr\/colloque-du-taur\/wp-json\/wp\/v2\/pages\/483\/revisions"}],"predecessor-version":[{"id":484,"href":"https:\/\/blogs.univ-tlse2.fr\/colloque-du-taur\/wp-json\/wp\/v2\/pages\/483\/revisions\/484"}],"wp:featuredmedia":[{"embeddable":true,"href":"https:\/\/blogs.univ-tlse2.fr\/colloque-du-taur\/wp-json\/wp\/v2\/media\/237"}],"wp:attachment":[{"href":"https:\/\/blogs.univ-tlse2.fr\/colloque-du-taur\/wp-json\/wp\/v2\/media?parent=483"}],"curies":[{"name":"wp","href":"https:\/\/api.w.org\/{rel}","templated":true}]}}