 {"id":518,"date":"2021-03-18T19:47:01","date_gmt":"2021-03-18T18:47:01","guid":{"rendered":"https:\/\/blogs.univ-tlse2.fr\/colloque-du-taur\/?page_id=518"},"modified":"2021-03-30T15:15:38","modified_gmt":"2021-03-30T13:15:38","slug":"les-dispositifs-daccompagnement-des-projets-de-films-face-a-la-crise-sanitaire","status":"publish","type":"page","link":"https:\/\/blogs.univ-tlse2.fr\/colloque-du-taur\/les-dispositifs-daccompagnement-des-projets-de-films-face-a-la-crise-sanitaire\/","title":{"rendered":"Les dispositifs d&rsquo;accompagnement des projets de films face \u00e0 la crise sanitaire."},"content":{"rendered":"\n<p>Cette table ronde vise \u00e0 \u00e9clairer les pratiques des professionnels&nbsp;sur le march\u00e9 des projets audiovisuels au regard du contexte sanitaire.&nbsp;Compte tenu des restrictions de circulation et de regroupement en vigueur depuis 2020, les festivals et march\u00e9s s\u2019adaptent en proposant des versions&nbsp;\u00ab&nbsp;en ligne&nbsp;\u00bb.&nbsp;Les modalit\u00e9s des dispositifs de pitch, network, workshop&nbsp;\u00ab en ligne&nbsp;\u00bb<em>&nbsp;versus<\/em>&nbsp;\u00ab en pr\u00e9sentiel&nbsp;\u00bb seront pr\u00e9sent\u00e9es par des professionnels qui les exp\u00e9rimentent.&nbsp;<\/p>\n","protected":false},"excerpt":{"rendered":"<p>Cette table ronde vise \u00e0 \u00e9clairer les pratiques des professionnels&nbsp;sur le march\u00e9 des projets audiovisuels au regard du contexte sanitaire.&nbsp;Compte tenu des restrictions de circulation et de regroupement en vigueur depuis 2020, les festivals et march\u00e9s s\u2019adaptent en proposant des versions&nbsp;\u00ab&nbsp;en ligne&nbsp;\u00bb.&nbsp;Les modalit\u00e9s des dispositifs de pitch, network, workshop&nbsp;\u00ab en ligne&nbsp;\u00bb&nbsp;versus&nbsp;\u00ab en pr\u00e9sentiel&nbsp;\u00bb seront pr\u00e9sent\u00e9es par des professionnels qui les exp\u00e9rimentent.&nbsp;<\/p>\n","protected":false},"author":963,"featured_media":237,"parent":0,"menu_order":0,"comment_status":"closed","ping_status":"closed","template":"","meta":{"footnotes":""},"class_list":["post-518","page","type-page","status-publish","has-post-thumbnail"],"_links":{"self":[{"href":"https:\/\/blogs.univ-tlse2.fr\/colloque-du-taur\/wp-json\/wp\/v2\/pages\/518","targetHints":{"allow":["GET"]}}],"collection":[{"href":"https:\/\/blogs.univ-tlse2.fr\/colloque-du-taur\/wp-json\/wp\/v2\/pages"}],"about":[{"href":"https:\/\/blogs.univ-tlse2.fr\/colloque-du-taur\/wp-json\/wp\/v2\/types\/page"}],"author":[{"embeddable":true,"href":"https:\/\/blogs.univ-tlse2.fr\/colloque-du-taur\/wp-json\/wp\/v2\/users\/963"}],"replies":[{"embeddable":true,"href":"https:\/\/blogs.univ-tlse2.fr\/colloque-du-taur\/wp-json\/wp\/v2\/comments?post=518"}],"version-history":[{"count":3,"href":"https:\/\/blogs.univ-tlse2.fr\/colloque-du-taur\/wp-json\/wp\/v2\/pages\/518\/revisions"}],"predecessor-version":[{"id":550,"href":"https:\/\/blogs.univ-tlse2.fr\/colloque-du-taur\/wp-json\/wp\/v2\/pages\/518\/revisions\/550"}],"wp:featuredmedia":[{"embeddable":true,"href":"https:\/\/blogs.univ-tlse2.fr\/colloque-du-taur\/wp-json\/wp\/v2\/media\/237"}],"wp:attachment":[{"href":"https:\/\/blogs.univ-tlse2.fr\/colloque-du-taur\/wp-json\/wp\/v2\/media?parent=518"}],"curies":[{"name":"wp","href":"https:\/\/api.w.org\/{rel}","templated":true}]}}