 {"id":139,"date":"2013-06-19T10:16:36","date_gmt":"2013-06-19T08:16:36","guid":{"rendered":"https:\/\/blogs.univ-tlse2.fr\/comparaisons-semiotiques\/?page_id=139"},"modified":"2014-03-17T09:57:02","modified_gmt":"2014-03-17T08:57:02","slug":"resume-intervenant-7","status":"publish","type":"page","link":"https:\/\/blogs.univ-tlse2.fr\/comparaisons-semiotiques\/resume-intervenant-7\/","title":{"rendered":"R\u00e9sum\u00e9 Zinna"},"content":{"rendered":"<p><strong>R\u00e9sum\u00e9<\/strong><\/p>\n<p>Force est de constater que, pendant les quarante derni\u00e8res ann\u00e9es, la s\u00e9miotique a privil\u00e9gi\u00e9 la limitation \u2013 voir la s\u00e9gr\u00e9gation \u2013 du texte\u00a0: il ne s\u2019agissait pas seulement de l\u2019isoler par rapport au temps et aux facteurs externes, mais \u00e9galmement par rapport aux autres textes.<\/p>\n<p>Cette limitation, connue comme \u00ab\u00a0fermeture\u00a0\u00bb, a eu comme cons\u00e9quence d\u2019accro\u00eetre la finesse et le d\u00e9tail des descriptions mais, en m\u00eame temps, a r\u00e9duit l\u2019\u00e9tude des relations entre textes. La fermeture \u00e9tant la cons\u00e9quence la plus directe de la <i>description synchronique<\/i> reprise par la linguistique saussurienne. Si, dans les sciences du langage, <i>d\u00e9crire<\/i> affirme donc l\u2019<i>autonomie<\/i> du texte, <i>comparer <\/i>en revanche t\u00e9moigne de son incompl\u00e9tude. Selon la voie comparative le texte n\u2019est pas vraiment <i>autonome<\/i> car, le plus souvent, il n\u2019est jamais r\u00e9ellement seul. Des relations, \u00e0 plusieurs niveaux, le rapportent constamment \u00e0 d\u2019autres textes\u00a0: aux <i>variantes<\/i>, aux <i>productions d\u2019un m\u00eame auteur<\/i>, au dialogue <i>intertextuel<\/i> avec les exemplaires d\u2019une s\u00e9rie, \u00e0 la classe de textes qui d\u00e9limite son appartenance \u00e0 un <i>genre de discours<\/i>, et encore \u00e0 ses <i>r\u00e9ductions<\/i>, <i>adaptations<\/i> et <i>traductions<\/i>.<\/p>\n<p>\u00c9tablir l\u2019ordre de ces relations invisibles est le propos de cette intervention.<\/p>\n","protected":false},"excerpt":{"rendered":"<p>R\u00e9sum\u00e9 Force est de constater que, pendant les quarante derni\u00e8res ann\u00e9es, la s\u00e9miotique a privil\u00e9gi\u00e9 la limitation \u2013 voir la s\u00e9gr\u00e9gation \u2013 du texte\u00a0: il ne s\u2019agissait pas seulement de l\u2019isoler par rapport au temps et aux facteurs externes, mais &hellip; <a href=\"https:\/\/blogs.univ-tlse2.fr\/comparaisons-semiotiques\/resume-intervenant-7\/\">Continuer la lecture <span class=\"meta-nav\">&rarr;<\/span><\/a><\/p>\n","protected":false},"author":195,"featured_media":0,"parent":0,"menu_order":0,"comment_status":"closed","ping_status":"closed","template":"","meta":{"footnotes":""},"class_list":["post-139","page","type-page","status-publish","hentry"],"_links":{"self":[{"href":"https:\/\/blogs.univ-tlse2.fr\/comparaisons-semiotiques\/wp-json\/wp\/v2\/pages\/139","targetHints":{"allow":["GET"]}}],"collection":[{"href":"https:\/\/blogs.univ-tlse2.fr\/comparaisons-semiotiques\/wp-json\/wp\/v2\/pages"}],"about":[{"href":"https:\/\/blogs.univ-tlse2.fr\/comparaisons-semiotiques\/wp-json\/wp\/v2\/types\/page"}],"author":[{"embeddable":true,"href":"https:\/\/blogs.univ-tlse2.fr\/comparaisons-semiotiques\/wp-json\/wp\/v2\/users\/195"}],"replies":[{"embeddable":true,"href":"https:\/\/blogs.univ-tlse2.fr\/comparaisons-semiotiques\/wp-json\/wp\/v2\/comments?post=139"}],"version-history":[{"count":8,"href":"https:\/\/blogs.univ-tlse2.fr\/comparaisons-semiotiques\/wp-json\/wp\/v2\/pages\/139\/revisions"}],"predecessor-version":[{"id":895,"href":"https:\/\/blogs.univ-tlse2.fr\/comparaisons-semiotiques\/wp-json\/wp\/v2\/pages\/139\/revisions\/895"}],"wp:attachment":[{"href":"https:\/\/blogs.univ-tlse2.fr\/comparaisons-semiotiques\/wp-json\/wp\/v2\/media?parent=139"}],"curies":[{"name":"wp","href":"https:\/\/api.w.org\/{rel}","templated":true}]}}