 {"id":399,"date":"2013-06-25T22:14:04","date_gmt":"2013-06-25T20:14:04","guid":{"rendered":"https:\/\/blogs.univ-tlse2.fr\/comparaisons-semiotiques\/?page_id=399"},"modified":"2014-03-17T09:56:02","modified_gmt":"2014-03-17T08:56:02","slug":"galarreta","status":"publish","type":"page","link":"https:\/\/blogs.univ-tlse2.fr\/comparaisons-semiotiques\/intervenants\/galarreta\/","title":{"rendered":"Galarreta"},"content":{"rendered":"<p><strong>Daniel Galarreta<\/strong> (<a href=\"&#x6d;&#x61;&#105;lt&#x6f;&#x3a;&#68;an&#x69;&#x65;&#108;&#46;G&#x61;&#x6c;&#x61;rre&#x74;&#x61;&#64;cn&#x65;&#x73;&#46;fr\">&#68;a&#x6e;i&#x65;l&#x2e;G&#x61;&#108;&#x61;&#114;r&#x65;t&#x61;&#64;&#x63;n&#x65;s&#x2e;&#102;&#x72;<\/a>),\u00a0CNES<\/p>\n<p><em>Comparaisons linguistiques vs s\u00e9miotiques. D\u00e9tecter les \u00e9volutions de connaissances<\/em><\/p>\n","protected":false},"excerpt":{"rendered":"<p>Daniel Galarreta (&#x44;an&#x69;el&#x2e;Ga&#x6c;ar&#x72;et&#x61;&#64;c&#x6e;&#101;s&#x2e;&#102;r),\u00a0CNES Comparaisons linguistiques vs s\u00e9miotiques. D\u00e9tecter les \u00e9volutions de connaissances<\/p>\n","protected":false},"author":195,"featured_media":0,"parent":419,"menu_order":0,"comment_status":"closed","ping_status":"closed","template":"","meta":{"footnotes":""},"class_list":["post-399","page","type-page","status-publish","hentry"],"_links":{"self":[{"href":"https:\/\/blogs.univ-tlse2.fr\/comparaisons-semiotiques\/wp-json\/wp\/v2\/pages\/399","targetHints":{"allow":["GET"]}}],"collection":[{"href":"https:\/\/blogs.univ-tlse2.fr\/comparaisons-semiotiques\/wp-json\/wp\/v2\/pages"}],"about":[{"href":"https:\/\/blogs.univ-tlse2.fr\/comparaisons-semiotiques\/wp-json\/wp\/v2\/types\/page"}],"author":[{"embeddable":true,"href":"https:\/\/blogs.univ-tlse2.fr\/comparaisons-semiotiques\/wp-json\/wp\/v2\/users\/195"}],"replies":[{"embeddable":true,"href":"https:\/\/blogs.univ-tlse2.fr\/comparaisons-semiotiques\/wp-json\/wp\/v2\/comments?post=399"}],"version-history":[{"count":8,"href":"https:\/\/blogs.univ-tlse2.fr\/comparaisons-semiotiques\/wp-json\/wp\/v2\/pages\/399\/revisions"}],"predecessor-version":[{"id":879,"href":"https:\/\/blogs.univ-tlse2.fr\/comparaisons-semiotiques\/wp-json\/wp\/v2\/pages\/399\/revisions\/879"}],"up":[{"embeddable":true,"href":"https:\/\/blogs.univ-tlse2.fr\/comparaisons-semiotiques\/wp-json\/wp\/v2\/pages\/419"}],"wp:attachment":[{"href":"https:\/\/blogs.univ-tlse2.fr\/comparaisons-semiotiques\/wp-json\/wp\/v2\/media?parent=399"}],"curies":[{"name":"wp","href":"https:\/\/api.w.org\/{rel}","templated":true}]}}

<p><strong>Daniel Galarreta</strong> (<a href="&#x6d;&#x61;&#105;lt&#x6f;&#x3a;&#68;an&#x69;&#x65;&#108;&#46;G&#x61;&#x6c;&#x61;rre&#x74;&#x61;&#64;cn&#x65;&#x73;&#46;fr">&#68;a&#x6e;i&#x65;l&#x2e;G&#x61;&#108;&#x61;&#114;r&#x65;t&#x61;&#64;&#x63;n&#x65;s&#x2e;&#102;&#x72;</a>), CNES</p>
<p><em>Comparaisons linguistiques vs sémiotiques. Détecter les évolutions de connaissances</em></p>

<p>Daniel Galarreta (&#x44;an&#x69;el&#x2e;Ga&#x6c;ar&#x72;et&#x61;&#64;c&#x6e;&#101;s&#x2e;&#102;r), CNES Comparaisons linguistiques vs sémiotiques. Détecter les évolutions de connaissances</p>
