 {"id":401,"date":"2013-06-25T22:15:12","date_gmt":"2013-06-25T20:15:12","guid":{"rendered":"https:\/\/blogs.univ-tlse2.fr\/comparaisons-semiotiques\/?page_id=401"},"modified":"2014-03-17T09:56:02","modified_gmt":"2014-03-17T08:56:02","slug":"guseva","status":"publish","type":"page","link":"https:\/\/blogs.univ-tlse2.fr\/comparaisons-semiotiques\/intervenants\/guseva\/","title":{"rendered":"Guseva"},"content":{"rendered":"<p><strong>Elena Guseva<\/strong>, (<a href=\"&#109;a&#x69;l&#x74;o&#x3a;e&#x6c;e&#x6e;a&#x32;&#103;&#x75;&#115;e&#118;a&#x40;g&#x6d;a&#x69;l&#x2e;c&#x6f;m\">&#x65;&#x6c;&#101;&#110;a2&#x67;&#x75;&#x73;&#101;va&#64;&#x67;&#x6d;&#x61;&#105;l&#46;&#x63;&#x6f;&#x6d;<\/a>), CeReS, Universit\u00e9 de Limoges<\/p>\n<p><em>Des formes de vie comme un ph\u00e9nom\u00e8ne intra et interculturel. <\/em><br \/>\n<em>L&rsquo;\u00e9tude comparative des discours du packaging des produits alimentaires<\/em><\/p>\n","protected":false},"excerpt":{"rendered":"<p>Elena Guseva, (&#x65;&#x6c;&#x65;&#110;&#97;2gu&#x73;&#x65;&#x76;&#x61;&#64;gma&#x69;&#x6c;&#x2e;&#x63;&#111;m), CeReS, Universit\u00e9 de Limoges Des formes de vie comme un ph\u00e9nom\u00e8ne intra et interculturel. L&rsquo;\u00e9tude comparative des discours du packaging des produits alimentaires<\/p>\n","protected":false},"author":195,"featured_media":0,"parent":419,"menu_order":0,"comment_status":"closed","ping_status":"closed","template":"","meta":{"footnotes":""},"class_list":["post-401","page","type-page","status-publish","hentry"],"_links":{"self":[{"href":"https:\/\/blogs.univ-tlse2.fr\/comparaisons-semiotiques\/wp-json\/wp\/v2\/pages\/401","targetHints":{"allow":["GET"]}}],"collection":[{"href":"https:\/\/blogs.univ-tlse2.fr\/comparaisons-semiotiques\/wp-json\/wp\/v2\/pages"}],"about":[{"href":"https:\/\/blogs.univ-tlse2.fr\/comparaisons-semiotiques\/wp-json\/wp\/v2\/types\/page"}],"author":[{"embeddable":true,"href":"https:\/\/blogs.univ-tlse2.fr\/comparaisons-semiotiques\/wp-json\/wp\/v2\/users\/195"}],"replies":[{"embeddable":true,"href":"https:\/\/blogs.univ-tlse2.fr\/comparaisons-semiotiques\/wp-json\/wp\/v2\/comments?post=401"}],"version-history":[{"count":7,"href":"https:\/\/blogs.univ-tlse2.fr\/comparaisons-semiotiques\/wp-json\/wp\/v2\/pages\/401\/revisions"}],"predecessor-version":[{"id":880,"href":"https:\/\/blogs.univ-tlse2.fr\/comparaisons-semiotiques\/wp-json\/wp\/v2\/pages\/401\/revisions\/880"}],"up":[{"embeddable":true,"href":"https:\/\/blogs.univ-tlse2.fr\/comparaisons-semiotiques\/wp-json\/wp\/v2\/pages\/419"}],"wp:attachment":[{"href":"https:\/\/blogs.univ-tlse2.fr\/comparaisons-semiotiques\/wp-json\/wp\/v2\/media?parent=401"}],"curies":[{"name":"wp","href":"https:\/\/api.w.org\/{rel}","templated":true}]}}

<p><strong>Elena Guseva</strong>, (<a href="&#109;a&#x69;l&#x74;o&#x3a;e&#x6c;e&#x6e;a&#x32;&#103;&#x75;&#115;e&#118;a&#x40;g&#x6d;a&#x69;l&#x2e;c&#x6f;m">&#x65;&#x6c;&#101;&#110;a2&#x67;&#x75;&#x73;&#101;va&#64;&#x67;&#x6d;&#x61;&#105;l&#46;&#x63;&#x6f;&#x6d;</a>), CeReS, Université de Limoges</p>
<p><em>Des formes de vie comme un phénomène intra et interculturel. </em><br />
<em>L&rsquo;étude comparative des discours du packaging des produits alimentaires</em></p>

<p>Elena Guseva, (&#x65;&#x6c;&#x65;&#110;&#97;2gu&#x73;&#x65;&#x76;&#x61;&#64;gma&#x69;&#x6c;&#x2e;&#x63;&#111;m), CeReS, Université de Limoges Des formes de vie comme un phénomène intra et interculturel. L&rsquo;étude comparative des discours du packaging des produits alimentaires</p>
