 {"id":1776,"date":"2017-11-23T16:22:32","date_gmt":"2017-11-23T15:22:32","guid":{"rendered":"https:\/\/blogs.univ-tlse2.fr\/concertation-universitedetoulouse-idex\/?page_id=1776"},"modified":"2017-12-01T16:56:34","modified_gmt":"2017-12-01T15:56:34","slug":"sinformer","status":"publish","type":"page","link":"https:\/\/blogs.univ-tlse2.fr\/concertation-universitedetoulouse-idex\/sinformer\/","title":{"rendered":"S&rsquo;informer"},"content":{"rendered":"<p>&nbsp;<\/p>\n<table>\n<tbody>\n<tr>\n<td width=\"230\"><strong>Universit\u00e9 de Toulouse et reconqu\u00eate de l&rsquo;IDEX : PLUS LOIN, ENSEMBLE !<\/strong><\/td>\n<td width=\"230\"><strong>Vers l&rsquo;Universit\u00e9 de Toulouse : Comprendre et d\u00e9crypter<\/strong><\/td>\n<\/tr>\n<tr>\n<td width=\"230\"><a href=\"https:\/\/blogs.univ-tlse2.fr\/concertation-universitedetoulouse-idex\/files\/2017\/12\/Projet-UT-Idex-En-Bref.pdf\" target=\"_blank\" rel=\"noopener\"><img loading=\"lazy\" decoding=\"async\" class=\"alignnone wp-image-1851\" src=\"https:\/\/blogs.univ-tlse2.fr\/concertation-universitedetoulouse-idex\/files\/2017\/12\/Projet-UT-Idex-En-Bref.jpg\" alt=\"\" width=\"84\" height=\"119\" \/><\/a><\/td>\n<td width=\"230\"><a href=\"https:\/\/blogs.univ-tlse2.fr\/concertation-universitedetoulouse-idex\/files\/2017\/12\/Vers-UT-Comprendre-Decrypter-v2-BD-copie.pdf\" target=\"_blank\" rel=\"noopener\"><img loading=\"lazy\" decoding=\"async\" class=\"alignnone wp-image-1852\" src=\"https:\/\/blogs.univ-tlse2.fr\/concertation-universitedetoulouse-idex\/files\/2017\/12\/Vers-UT-Comprendre-Decrypter.jpg\" alt=\"\" width=\"91\" height=\"127\" \/><\/a><\/td>\n<\/tr>\n<\/tbody>\n<\/table>\n<p><strong>Des r\u00e9unions d&rsquo;information ont eu lieu pour vous pr\u00e9senter le processus.<\/strong><br \/>\n&#8211; ETUDIANTS\u00a0 <a href=\"https:\/\/blogs.univ-tlse2.fr\/concertation-universitedetoulouse-idex\/files\/2017\/12\/Pre%CC%81sentation-IDEX-UT-Etudiants.pdf\" target=\"_blank\" rel=\"noopener\">Diaporama<\/a><\/p>\n<p>&#8211; PERSONNELS <a href=\"https:\/\/blogs.univ-tlse2.fr\/concertation-universitedetoulouse-idex\/files\/2017\/11\/Pre%CC%81sentation-IDEX-UT.pdf\" target=\"_blank\" rel=\"noopener\">Diaporama<\/a><br \/>\nRevoir la r\u00e9union du 28\/11 (Amphi F) : <div class=\"powerpress_player\" id=\"powerpress_player_6106\"><div style=\"width: 630px;\" class=\"wp-video\"><video class=\"wp-video-shortcode\" id=\"video-1776-1\" width=\"630\" height=\"354\" preload=\"none\" controls=\"controls\"><source type=\"video\/mp4\" src=\"http:\/\/magazines-savoir-plus.univ-tlse2.fr\/Films\/Reunion_Consultation_UT_28_11_2017.mp4?_=1\" \/><a href=\"http:\/\/magazines-savoir-plus.univ-tlse2.fr\/Films\/Reunion_Consultation_UT_28_11_2017.mp4\">http:\/\/magazines-savoir-plus.univ-tlse2.fr\/Films\/Reunion_Consultation_UT_28_11_2017.mp4<\/a><\/video><\/div><\/div><\/p>\n<p>Revoir la r\u00e9union du 29\/11 UFR Langues &#8211; Amphi 12 : <div class=\"powerpress_player\" id=\"powerpress_player_6107\"><div style=\"width: 630px;\" class=\"wp-video\"><video class=\"wp-video-shortcode\" id=\"video-1776-2\" width=\"630\" height=\"354\" preload=\"none\" controls=\"controls\"><source type=\"video\/mp4\" src=\"http:\/\/magazines-savoir-plus.univ-tlse2.fr\/Films\/Reunion_Consultation_UT_29_11_2017.mp4?_=2\" \/><a href=\"http:\/\/magazines-savoir-plus.univ-tlse2.fr\/Films\/Reunion_Consultation_UT_29_11_2017.mp4\">http:\/\/magazines-savoir-plus.univ-tlse2.fr\/Films\/Reunion_Consultation_UT_29_11_2017.mp4<\/a><\/video><\/div><\/div><\/p>\n<hr \/>\n<p><a href=\"http:\/\/wp.me\/p2Cco6-rW\">R\u00e9union inter-CA<\/a> du vendredi 10 Novembre 2017.<br \/>\n<a href=\"https:\/\/blogs.univ-tlse2.fr\/concertation-universitedetoulouse-idex\/files\/2017\/11\/Presentation-Inter-CA-10-11-2017.pdf\" target=\"_blank\" rel=\"noopener\">Un document de synth\u00e8se<\/a> proposant un \u00e9tat des lieux de la r\u00e9flexion sur le projet de construction de l\u2019UT et de reconqu\u00eate de l\u2019IDEX a \u00e9t\u00e9 transmis afin que chaque conseiller puisse en prendre connaissance.<\/p>\n<hr \/>\n<p>\u00c9tat du PROJET UT\/IDEX\/ recherche : r\u00e9union d&rsquo;information du 7 novembre 2017 \u00e0 la MDR.<br \/>\nA l&rsquo;occasion de cette r\u00e9union, un diaporama faisant \u00e9tat du PROJET UT\/IDEX\/ recherche a \u00e9t\u00e9 diffus\u00e9. Vous pouvez le visionner <a href=\"https:\/\/blogs.univ-tlse2.fr\/concertation-universitedetoulouse-idex\/files\/2017\/11\/presentation-MDR-7-novembre-2017-UT-IDEX-Recherche.pdf\" target=\"_blank\" rel=\"noopener\">ici<\/a>.<\/p>\n<hr \/>\n<p><a href=\"http:\/\/wp.me\/p2Cco6-rk\">Rencontre<\/a> avec l\u2019INP, l\u2019Universit\u00e9 Toulouse \u2013 Paul Sabatier et l\u2019INSA sur le campus Mirail. Les vice-pr\u00e9sidents CFVU et directeurs des \u00e9tudes des \u00e9tablissements de la future Universit\u00e9 de Toulouse ont pr\u00e9sent\u00e9 leur offre de formation aux personnels de l\u2019UT2J. (6 septembre 2017).<br \/>\n<a href=\"https:\/\/blogs.univ-tlse2.fr\/concertation-universitedetoulouse-idex\/files\/2017\/09\/Pre\u0301sentation_formation_INP-Toulouse-2017.pdf\" target=\"_blank\" rel=\"noopener\">Pr\u00e9sentation formations INP<\/a> \/ <a href=\"https:\/\/blogs.univ-tlse2.fr\/concertation-universitedetoulouse-idex\/files\/2017\/09\/UT2-INPT-INSA-2017-09.pdf\" target=\"_blank\" rel=\"noopener\">Formations UT3<\/a> \/ <a href=\"https:\/\/blogs.univ-tlse2.fr\/concertation-universitedetoulouse-idex\/files\/2017\/09\/pre\u0301sentation-INSA_COMUE.pdf\" target=\"_blank\" rel=\"noopener\">Formations INSA<\/a><\/p>\n","protected":false},"excerpt":{"rendered":"<p>&nbsp; Universit\u00e9 de Toulouse et reconqu\u00eate de l&rsquo;IDEX : PLUS LOIN, ENSEMBLE ! Vers l&rsquo;Universit\u00e9 de Toulouse : Comprendre et d\u00e9crypter Des r\u00e9unions d&rsquo;information ont eu lieu pour vous pr\u00e9senter le processus. &#8211; ETUDIANTS\u00a0 Diaporama &#8211; PERSONNELS Diaporama Revoir la r\u00e9union du 28\/11 (Amphi F) : Revoir la r\u00e9union du 29\/11 UFR Langues &#8211; Amphi<\/p>\n","protected":false},"author":126,"featured_media":0,"parent":0,"menu_order":0,"comment_status":"closed","ping_status":"closed","template":"","meta":{"footnotes":""},"class_list":["post-1776","page","type-page","status-publish","hentry"],"_links":{"self":[{"href":"https:\/\/blogs.univ-tlse2.fr\/concertation-universitedetoulouse-idex\/wp-json\/wp\/v2\/pages\/1776","targetHints":{"allow":["GET"]}}],"collection":[{"href":"https:\/\/blogs.univ-tlse2.fr\/concertation-universitedetoulouse-idex\/wp-json\/wp\/v2\/pages"}],"about":[{"href":"https:\/\/blogs.univ-tlse2.fr\/concertation-universitedetoulouse-idex\/wp-json\/wp\/v2\/types\/page"}],"author":[{"embeddable":true,"href":"https:\/\/blogs.univ-tlse2.fr\/concertation-universitedetoulouse-idex\/wp-json\/wp\/v2\/users\/126"}],"replies":[{"embeddable":true,"href":"https:\/\/blogs.univ-tlse2.fr\/concertation-universitedetoulouse-idex\/wp-json\/wp\/v2\/comments?post=1776"}],"version-history":[{"count":12,"href":"https:\/\/blogs.univ-tlse2.fr\/concertation-universitedetoulouse-idex\/wp-json\/wp\/v2\/pages\/1776\/revisions"}],"predecessor-version":[{"id":1855,"href":"https:\/\/blogs.univ-tlse2.fr\/concertation-universitedetoulouse-idex\/wp-json\/wp\/v2\/pages\/1776\/revisions\/1855"}],"wp:attachment":[{"href":"https:\/\/blogs.univ-tlse2.fr\/concertation-universitedetoulouse-idex\/wp-json\/wp\/v2\/media?parent=1776"}],"curies":[{"name":"wp","href":"https:\/\/api.w.org\/{rel}","templated":true}]}}