 {"id":1779,"date":"2017-11-23T16:35:49","date_gmt":"2017-11-23T15:35:49","guid":{"rendered":"https:\/\/blogs.univ-tlse2.fr\/concertation-universitedetoulouse-idex\/?page_id=1779"},"modified":"2017-11-24T10:00:48","modified_gmt":"2017-11-24T09:00:48","slug":"consultation","status":"publish","type":"page","link":"https:\/\/blogs.univ-tlse2.fr\/concertation-universitedetoulouse-idex\/consultation\/","title":{"rendered":"Consultation"},"content":{"rendered":"<h3 id=\"resume\">O\u00f9, quand et comment voter ? Toutes les informations pratiques \u00e0 l\u2019attention de la communaut\u00e9 universitaire.<\/h3>\n<div id=\"description\">\n<div class=\"photo\"><a title=\"homme-tenant-le-papier-de-vote-dans-la-boite_318-64517.jpg\" href=\"http:\/\/ent-utm.univ-tlse2.fr\/medias\/photo\/homme-tenant-le-papier-de-vote-dans-la-boite-318-64517_1508750188031-jpg\"><img decoding=\"async\" title=\"homme-tenant-le-papier-de-vote-dans-la-boite_318-64517.jpg\" src=\"http:\/\/ent-utm.univ-tlse2.fr\/medias\/photo\/homme-tenant-le-papier-de-vote-dans-la-boite-318-64517_1508750188031-jpg\" alt=\"homme-tenant-le-papier-de-vote-dans-la-boite_318-64517.jpg\" width=\"150\" \/><\/a><\/div>\n<p><strong>Pourquoi une consultation\u00a0?<\/strong><\/p>\n<\/div>\n<div id=\"description\">\n<p>Le pr\u00e9sident de l\u2019Universit\u00e9 Toulouse \u2013 Jean Jaur\u00e8s, Daniel Lacroix s\u2019est engag\u00e9, il y a quelques mois, \u00e0 consulter la communaut\u00e9 universitaire sur le devenir de l\u2019Universit\u00e9 de Toulouse. Les diff\u00e9rentes instances seront \u00e9galement amen\u00e9es \u00e0 se prononcer sur le projet.<\/p>\n<p>Des r\u00e9unions d&rsquo;information auront lieu pour vous pr\u00e9senter le processus.<\/p>\n<ul>\n<li>Mercredi 15 novembre : UFR Psycho de 12h15 \u00e0 14h &#8211; amphi F<\/li>\n<li>Mardi 21 novembre : UFR HAA de 12h15 \u00e0 14h amphi 4<\/li>\n<li>Jeudi 23 novembre :<br \/>\nCh. de service de 9h30 \u00e0 12h &#8211; salle du Conseil (b\u00e2t. La Pr\u00e9sidence)<br \/>\nUFR LPMASC de 12h15 \u00e0 14h &#8211; amphi 1<\/li>\n<li>Lundi 27 novembre : \u00e9tudiants de 12h30 \u00e0 14h &#8211; Grand amphi<\/li>\n<li>Mardi 28 novembre :<br \/>\nPersonnels de 10h30 \u00e0 12h &#8211; b\u00e2t. Amphi F<br \/>\nUFR SES de 12h30 \u00e0 14h &#8211; amphi 3<\/li>\n<li>Mercredi 29 novembre : UFR LLCE de 12h30 \u00e0 14h &#8211; amphi 12<\/li>\n<\/ul>\n<p><strong>Soumettez vos questions avant la r\u00e9union sur la <a class=\"lien_externe\" title=\"bo\u00eete \u00e0 id\u00e9es du blog d\u00e9di\u00e9 (nouvelle fen\u00eatre)\" href=\"https:\/\/blogs.univ-tlse2.fr\/concertation-universitedetoulouse-idex\/boites-a-idees\/\">bo\u00eete \u00e0 id\u00e9es du blog d\u00e9di\u00e9<\/a> ou par email \u00e0 p&#x72;e&#115;&#x69;d&#x65;&#x6e;c&#x65;&#64;&#117;&#x6e;i&#118;&#x2d;t&#x6c;s&#101;&#x32;&#46;&#102;&#x72; !<\/strong><\/p>\n<p><strong>Quand aura lieu cette consultation ?<\/strong><\/p>\n<p>Mercredi 6 et jeudi 7 d\u00e9cembre (\u00e9tudiants du campus Mirail)<br \/>\nJeudi 7 d\u00e9cembre (tous les personnels et \u00e9tudiants sur les autres sites)<\/p>\n<p><strong>Qui vote\u00a0? <\/strong><\/p>\n<p>Les personnels et \u00e9tudiants de l\u2019universit\u00e9 seront invit\u00e9s \u00e0 participer dans deux coll\u00e8ges distincts, l\u2019un pour les personnels, l\u2019autre pour les usagers (\u00e9tudiants, stagiaires en formation continue, auditeurs libres).<\/p>\n<p>Certains personnels et \u00e9tudiants sont inscrits d\u2019office sur les listes \u00e9lectorales, <strong>d\u2019autres doivent en faire la demande<\/strong>, avant le 29 novembre 16h en renvoyant par email \u00e0 l\u2019adresse <a href=\"&#x6d;a&#x69;&#108;t&#x6f;:&#x65;&#x6c;e&#x63;&#116;i&#x6f;n&#x73;&#46;u&#x74;&#50;&#64;&#x75;n&#x69;&#118;-&#x74;l&#x73;&#x65;2&#x2e;&#102;r\">electio&#110;&#115;&#46;&#117;&#x74;&#x32;&#x40;&#x75;&#x6e;&#x69;&#x76;&#x2d;&#x74;lse2&#46;fr<\/a>, la demande compl\u00e9t\u00e9e, avec pour objet\u00a0: consultation-inscription (en pr\u00e9cisant votre nom, votre pr\u00e9nom, votre date de naissance et votre coll\u00e8ge de vote).<\/p>\n<p><a href=\"http:\/\/ent-utm.univ-tlse2.fr\/medias\/fichier\/ut-consultation-dde-inscription-liste-personnels_1511511771967-pdf?INLINE=FALSE\">T\u00e9l\u00e9charger la demande d&rsquo;inscription sur liste \u00e9lectorale personnels <\/a><br \/>\n<a href=\"http:\/\/ent-utm.univ-tlse2.fr\/medias\/fichier\/ut-consultation-dde-inscription-liste-usagers_1511511807859-pdf?INLINE=FALSE\">T\u00e9l\u00e9charger la demande d&rsquo;inscription sur liste \u00e9lectorale \u00e9tudiants <\/a><\/p>\n<ul>\n<li><a href=\"http:\/\/ent-utm.univ-tlse2.fr\/medias\/fichier\/consultationut-exercice-suffrage-ec-enseignants-vcom_1510747678457-pdf?INLINE=FALSE\">Qui vote chez les enseignants chercheurs\u00a0? <\/a><\/li>\n<li><a href=\"http:\/\/ent-utm.univ-tlse2.fr\/medias\/fichier\/consultationut-exercice-suffrage-biatss-chercheurs-itar-vcom_1510747701012-pdf?INLINE=FALSE\">Qui vote chez les personnels de la recherche et BIATSS\u00a0? <\/a><\/li>\n<li>Qui vote chez les \u00e9tudiants\u00a0? Tous les \u00e9tudiants inscrits \u00e0 l&rsquo;UT2J.<\/li>\n<\/ul>\n<p><strong>Les listes \u00e9lectorales<\/strong><\/p>\n<p><a href=\"http:\/\/ent-utm.univ-tlse2.fr\/servlet\/com.univ.collaboratif.utils.LectureFichiergw?ID_FICHIER=1317125450974&amp;ID_FICHE=165580&amp;INLINE=FALSE\">Consulter les listes \u00e9lectorales pour les personnels, bureau par bureau. <\/a><\/p>\n<p><a href=\"http:\/\/ent-utm.univ-tlse2.fr\/servlet\/com.univ.collaboratif.utils.LectureFichiergw?ID_FICHIER=1317125450976&amp;ID_FICHE=165580&amp;INLINE=FALSE\">Consulter les listes \u00e9lectorales pour les \u00e9tudiants, bureau par bureau <\/a><br \/>\nLe vote aura lieu \u00e0 bulletin secret, \u00e0 l\u2019urne et sous enveloppe.<\/p>\n<p><strong>Comment voter si vous ne pouvez vous d\u00e9placer\u00a0?<\/strong><\/p>\n<p>Le vote par correspondance n\u2019est pas possible tandis que le vote par procuration est autoris\u00e9 sous condition.<\/p>\n<p>Le mandataire devra justifier son identit\u00e9 et celle du mandant (originaux de carte professionnelle, d\u2019\u00e9tudiant, pi\u00e8ce d\u2019identit\u00e9) et fournir la procuration originale sign\u00e9e par le mandant. Plus d\u2019informations, <a href=\"http:\/\/ent-utm.univ-tlse2.fr\/medias\/fichier\/ut-consultation-arre-770-te-769-15112017_1510761210071-pdf?INLINE=FALSE\">consulter l\u2019arr\u00eat\u00e9<\/a>.<\/p>\n<p><a href=\"http:\/\/ent-utm.univ-tlse2.fr\/medias\/fichier\/ut-consultation-procuration-vote_1511511515692-pdf?INLINE=FALSE\">T\u00e9l\u00e9charger le mod\u00e8le de procuration <\/a><\/p>\n<p><strong>O\u00f9 voter\u00a0? <\/strong><\/p>\n<p>La communaut\u00e9 universitaire pourra participer \u00e0 cette consultation sur le campus Mirail de 9h \u00e0 16h30, et dans les autres sites de 9h \u00e0 16h.<\/p>\n<p><em>Sur le campus Mirail<\/em><\/p>\n<p>Personnels : un lieu unique \u00e0 l\u2019Arche (salle AR005) pour les personnels (bureau 1)<\/p>\n<p>Pour les \u00e9tudiants\/usagers :<br \/>\n&#8211; B\u00e2t. Olympe de Gouges, G023 pour les \u00e9tudiants de l&rsquo;UFR\u00a0HAA, l&rsquo;UFR\u00a0SES\u00a0et de l&rsquo;ISTHIA (bureau 2 et\u00a06)<br \/>\n&#8211; B\u00e2t. Erasme, salle LA 005 pour les \u00e9tudiants de l&rsquo;UFR LLCE et IPEAT, Formation continue, classes pr\u00e9paratoires aux grandes \u00e9coles,\u00a0 \u00e9changes internationaux (bureau 3)<br \/>\n&#8211; B\u00e2t. Le Gai Savoir, hall d&rsquo;accueil, rdc pour les \u00e9tudiants de l&rsquo;UFR LPMASC et de l&rsquo;IFMI (bureau 4)<br \/>\n&#8211; B\u00e2t. Philippe Malrieu, hall d&rsquo;accueil rdc pour les \u00e9tudiants de l&rsquo;UFR\u00a0Psychologie (bureau 5)<br \/>\n&#8211; Maison de la recherche, D31 pour les doctorants du campus Mirail (bureau 7)<\/p>\n<p><em>Sur les autres campus (\u00e9tudiants et personnels des sites)<br \/>\n<\/em><\/p>\n<p><strong>\u00c0 Toulouse\u00a0:<\/strong><\/p>\n<ul>\n<li>Campus Toulouse centre (rue du Taur)\u00a0: ENSAV, hall d\u2019entr\u00e9e (bureaux 8 et 9)<\/li>\n<li>Campus Toulouse Saint-Agne\u00a0: ESPE, salle 8 (bureaux 10 et 11)<\/li>\n<li>Croix de Pierre : ESPE, salle E03 (bureaux 12 et 13)<\/li>\n<li>Rangueil : ESPE, salle 22 (bureaux 14 et 15)<\/li>\n<\/ul>\n<p><strong><br \/>\nEn r\u00e9gion\u00a0:<br \/>\n<\/strong><\/p>\n<ul>\n<li>Albi\u00a0: ESPE, salle de r\u00e9union (rdc) (bureaux 16 et 17)<\/li>\n<li>Auch\u00a0: ESPE, salle 3 (bureaux 18 et 19)<\/li>\n<li>Rodez : ESPE, salle 107 (bureaux 20 et 21)<\/li>\n<li>Tarbes : ESPE, salle Montaigu (bureaux 22 et 23)<\/li>\n<li>Campus Blagnac\u00a0: IUT de Blagnac, salle du Conseil (bureaux 24 et 25)<\/li>\n<li>Campus Figeac\u00a0: IUT de Figeac, salle B21, 1er \u00e9tage (bureaux 26 et 27)<\/li>\n<li>Campus Cahors : centre universitaire Maurice-Faure, salle 1.12, 1er \u00e9tage (bureaux 28 et 29)<\/li>\n<li>Campus Foix\u00a0: centre universitaire de Foix, bureau du secr\u00e9tariat de l&rsquo;ESPE (bureaux 30 et 31)<\/li>\n<li>Campus Montauban\u00a0: centre universitaire de Tarn et Garonne, salle 010, rdc (bureaux 32 et 33)<\/li>\n<\/ul>\n<p><em>Sous r\u00e9serve de modifications.<br \/>\n<\/em><strong><br \/>\nLes deux questions qui seront pos\u00e9es :<\/strong><\/p>\n<ol>\n<li>Souhaitez-vous que l\u2019UT2J poursuive son engagement dans le projet d\u2019int\u00e9gration Universit\u00e9 de Toulouse (tel qu\u2019il figure dans le dossier IDEX) ?Oui ou Non<\/li>\n<li>Seriez-vous favorable \u00e0 ce projet s\u2019il \u00e9tait assorti d\u2019une p\u00e9riode transitoire, o\u00f9 l\u2019UT2J conserverait sa personnalit\u00e9 juridique?Oui ou Non<\/li>\n<\/ol>\n<p><strong>Les r\u00e9sultats seront proclam\u00e9s le 8 d\u00e9cembre, lendemain de la consultation. <\/strong><br \/>\nPlus de pr\u00e9cisions sur les modalit\u00e9s du vote, <a href=\"http:\/\/ent-utm.univ-tlse2.fr\/medias\/fichier\/ut-consultation-arre-770-te-769-15112017_1510761240483-pdf?INLINE=FALSE\">consulter l\u2019arr\u00eat\u00e9 <\/a>.<\/p>\n<\/div>\n","protected":false},"excerpt":{"rendered":"<p>O\u00f9, quand et comment voter ? Toutes les informations pratiques \u00e0 l\u2019attention de la communaut\u00e9 universitaire. Pourquoi une consultation\u00a0? Le pr\u00e9sident de l\u2019Universit\u00e9 Toulouse \u2013 Jean Jaur\u00e8s, Daniel Lacroix s\u2019est engag\u00e9, il y a quelques mois, \u00e0 consulter la communaut\u00e9 universitaire sur le devenir de l\u2019Universit\u00e9 de Toulouse. Les diff\u00e9rentes instances seront \u00e9galement amen\u00e9es \u00e0<\/p>\n","protected":false},"author":126,"featured_media":0,"parent":0,"menu_order":0,"comment_status":"closed","ping_status":"closed","template":"","meta":{"footnotes":""},"class_list":["post-1779","page","type-page","status-publish","hentry"],"_links":{"self":[{"href":"https:\/\/blogs.univ-tlse2.fr\/concertation-universitedetoulouse-idex\/wp-json\/wp\/v2\/pages\/1779","targetHints":{"allow":["GET"]}}],"collection":[{"href":"https:\/\/blogs.univ-tlse2.fr\/concertation-universitedetoulouse-idex\/wp-json\/wp\/v2\/pages"}],"about":[{"href":"https:\/\/blogs.univ-tlse2.fr\/concertation-universitedetoulouse-idex\/wp-json\/wp\/v2\/types\/page"}],"author":[{"embeddable":true,"href":"https:\/\/blogs.univ-tlse2.fr\/concertation-universitedetoulouse-idex\/wp-json\/wp\/v2\/users\/126"}],"replies":[{"embeddable":true,"href":"https:\/\/blogs.univ-tlse2.fr\/concertation-universitedetoulouse-idex\/wp-json\/wp\/v2\/comments?post=1779"}],"version-history":[{"count":5,"href":"https:\/\/blogs.univ-tlse2.fr\/concertation-universitedetoulouse-idex\/wp-json\/wp\/v2\/pages\/1779\/revisions"}],"predecessor-version":[{"id":1825,"href":"https:\/\/blogs.univ-tlse2.fr\/concertation-universitedetoulouse-idex\/wp-json\/wp\/v2\/pages\/1779\/revisions\/1825"}],"wp:attachment":[{"href":"https:\/\/blogs.univ-tlse2.fr\/concertation-universitedetoulouse-idex\/wp-json\/wp\/v2\/media?parent=1779"}],"curies":[{"name":"wp","href":"https:\/\/api.w.org\/{rel}","templated":true}]}}

<h3 id="resume">Où, quand et comment voter ? Toutes les informations pratiques à l’attention de la communauté universitaire.</h3>
<div id="description">
<div class="photo"><a title="homme-tenant-le-papier-de-vote-dans-la-boite_318-64517.jpg" href="http://ent-utm.univ-tlse2.fr/medias/photo/homme-tenant-le-papier-de-vote-dans-la-boite-318-64517_1508750188031-jpg"><img decoding="async" title="homme-tenant-le-papier-de-vote-dans-la-boite_318-64517.jpg" src="http://ent-utm.univ-tlse2.fr/medias/photo/homme-tenant-le-papier-de-vote-dans-la-boite-318-64517_1508750188031-jpg" alt="homme-tenant-le-papier-de-vote-dans-la-boite_318-64517.jpg" width="150" /></a></div>
<p><strong>Pourquoi une consultation ?</strong></p>
</div>
<div id="description">
<p>Le président de l’Université Toulouse – Jean Jaurès, Daniel Lacroix s’est engagé, il y a quelques mois, à consulter la communauté universitaire sur le devenir de l’Université de Toulouse. Les différentes instances seront également amenées à se prononcer sur le projet.</p>
<p>Des réunions d&rsquo;information auront lieu pour vous présenter le processus.</p>
<ul>
<li>Mercredi 15 novembre : UFR Psycho de 12h15 à 14h &#8211; amphi F</li>
<li>Mardi 21 novembre : UFR HAA de 12h15 à 14h amphi 4</li>
<li>Jeudi 23 novembre :<br />
Ch. de service de 9h30 à 12h &#8211; salle du Conseil (bât. La Présidence)<br />
UFR LPMASC de 12h15 à 14h &#8211; amphi 1</li>
<li>Lundi 27 novembre : étudiants de 12h30 à 14h &#8211; Grand amphi</li>
<li>Mardi 28 novembre :<br />
Personnels de 10h30 à 12h &#8211; bât. Amphi F<br />
UFR SES de 12h30 à 14h &#8211; amphi 3</li>
<li>Mercredi 29 novembre : UFR LLCE de 12h30 à 14h &#8211; amphi 12</li>
</ul>
<p><strong>Soumettez vos questions avant la réunion sur la <a class="lien_externe" title="boîte à idées du blog dédié (nouvelle fenêtre)" href="https://blogs.univ-tlse2.fr/concertation-universitedetoulouse-idex/boites-a-idees/">boîte à idées du blog dédié</a> ou par email à p&#x72;e&#115;&#x69;d&#x65;&#x6e;c&#x65;&#64;&#117;&#x6e;i&#118;&#x2d;t&#x6c;s&#101;&#x32;&#46;&#102;&#x72; !</strong></p>
<p><strong>Quand aura lieu cette consultation ?</strong></p>
<p>Mercredi 6 et jeudi 7 décembre (étudiants du campus Mirail)<br />
Jeudi 7 décembre (tous les personnels et étudiants sur les autres sites)</p>
<p><strong>Qui vote ? </strong></p>
<p>Les personnels et étudiants de l’université seront invités à participer dans deux collèges distincts, l’un pour les personnels, l’autre pour les usagers (étudiants, stagiaires en formation continue, auditeurs libres).</p>
<p>Certains personnels et étudiants sont inscrits d’office sur les listes électorales, <strong>d’autres doivent en faire la demande</strong>, avant le 29 novembre 16h en renvoyant par email à l’adresse <a href="&#x6d;a&#x69;&#108;t&#x6f;:&#x65;&#x6c;e&#x63;&#116;i&#x6f;n&#x73;&#46;u&#x74;&#50;&#64;&#x75;n&#x69;&#118;-&#x74;l&#x73;&#x65;2&#x2e;&#102;r">electio&#110;&#115;&#46;&#117;&#x74;&#x32;&#x40;&#x75;&#x6e;&#x69;&#x76;&#x2d;&#x74;lse2&#46;fr</a>, la demande complétée, avec pour objet : consultation-inscription (en précisant votre nom, votre prénom, votre date de naissance et votre collège de vote).</p>
<p><a href="http://ent-utm.univ-tlse2.fr/medias/fichier/ut-consultation-dde-inscription-liste-personnels_1511511771967-pdf?INLINE=FALSE">Télécharger la demande d&rsquo;inscription sur liste électorale personnels </a><br />
<a href="http://ent-utm.univ-tlse2.fr/medias/fichier/ut-consultation-dde-inscription-liste-usagers_1511511807859-pdf?INLINE=FALSE">Télécharger la demande d&rsquo;inscription sur liste électorale étudiants </a></p>
<ul>
<li><a href="http://ent-utm.univ-tlse2.fr/medias/fichier/consultationut-exercice-suffrage-ec-enseignants-vcom_1510747678457-pdf?INLINE=FALSE">Qui vote chez les enseignants chercheurs ? </a></li>
<li><a href="http://ent-utm.univ-tlse2.fr/medias/fichier/consultationut-exercice-suffrage-biatss-chercheurs-itar-vcom_1510747701012-pdf?INLINE=FALSE">Qui vote chez les personnels de la recherche et BIATSS ? </a></li>
<li>Qui vote chez les étudiants ? Tous les étudiants inscrits à l&rsquo;UT2J.</li>
</ul>
<p><strong>Les listes électorales</strong></p>
<p><a href="http://ent-utm.univ-tlse2.fr/servlet/com.univ.collaboratif.utils.LectureFichiergw?ID_FICHIER=1317125450974&amp;ID_FICHE=165580&amp;INLINE=FALSE">Consulter les listes électorales pour les personnels, bureau par bureau. </a></p>
<p><a href="http://ent-utm.univ-tlse2.fr/servlet/com.univ.collaboratif.utils.LectureFichiergw?ID_FICHIER=1317125450976&amp;ID_FICHE=165580&amp;INLINE=FALSE">Consulter les listes électorales pour les étudiants, bureau par bureau </a><br />
Le vote aura lieu à bulletin secret, à l’urne et sous enveloppe.</p>
<p><strong>Comment voter si vous ne pouvez vous déplacer ?</strong></p>
<p>Le vote par correspondance n’est pas possible tandis que le vote par procuration est autorisé sous condition.</p>
<p>Le mandataire devra justifier son identité et celle du mandant (originaux de carte professionnelle, d’étudiant, pièce d’identité) et fournir la procuration originale signée par le mandant. Plus d’informations, <a href="http://ent-utm.univ-tlse2.fr/medias/fichier/ut-consultation-arre-770-te-769-15112017_1510761210071-pdf?INLINE=FALSE">consulter l’arrêté</a>.</p>
<p><a href="http://ent-utm.univ-tlse2.fr/medias/fichier/ut-consultation-procuration-vote_1511511515692-pdf?INLINE=FALSE">Télécharger le modèle de procuration </a></p>
<p><strong>Où voter ? </strong></p>
<p>La communauté universitaire pourra participer à cette consultation sur le campus Mirail de 9h à 16h30, et dans les autres sites de 9h à 16h.</p>
<p><em>Sur le campus Mirail</em></p>
<p>Personnels : un lieu unique à l’Arche (salle AR005) pour les personnels (bureau 1)</p>
<p>Pour les étudiants/usagers :<br />
&#8211; Bât. Olympe de Gouges, G023 pour les étudiants de l&rsquo;UFR HAA, l&rsquo;UFR SES et de l&rsquo;ISTHIA (bureau 2 et 6)<br />
&#8211; Bât. Erasme, salle LA 005 pour les étudiants de l&rsquo;UFR LLCE et IPEAT, Formation continue, classes préparatoires aux grandes écoles,  échanges internationaux (bureau 3)<br />
&#8211; Bât. Le Gai Savoir, hall d&rsquo;accueil, rdc pour les étudiants de l&rsquo;UFR LPMASC et de l&rsquo;IFMI (bureau 4)<br />
&#8211; Bât. Philippe Malrieu, hall d&rsquo;accueil rdc pour les étudiants de l&rsquo;UFR Psychologie (bureau 5)<br />
&#8211; Maison de la recherche, D31 pour les doctorants du campus Mirail (bureau 7)</p>
<p><em>Sur les autres campus (étudiants et personnels des sites)<br />
</em></p>
<p><strong>À Toulouse :</strong></p>
<ul>
<li>Campus Toulouse centre (rue du Taur) : ENSAV, hall d’entrée (bureaux 8 et 9)</li>
<li>Campus Toulouse Saint-Agne : ESPE, salle 8 (bureaux 10 et 11)</li>
<li>Croix de Pierre : ESPE, salle E03 (bureaux 12 et 13)</li>
<li>Rangueil : ESPE, salle 22 (bureaux 14 et 15)</li>
</ul>
<p><strong><br />
En région :<br />
</strong></p>
<ul>
<li>Albi : ESPE, salle de réunion (rdc) (bureaux 16 et 17)</li>
<li>Auch : ESPE, salle 3 (bureaux 18 et 19)</li>
<li>Rodez : ESPE, salle 107 (bureaux 20 et 21)</li>
<li>Tarbes : ESPE, salle Montaigu (bureaux 22 et 23)</li>
<li>Campus Blagnac : IUT de Blagnac, salle du Conseil (bureaux 24 et 25)</li>
<li>Campus Figeac : IUT de Figeac, salle B21, 1er étage (bureaux 26 et 27)</li>
<li>Campus Cahors : centre universitaire Maurice-Faure, salle 1.12, 1er étage (bureaux 28 et 29)</li>
<li>Campus Foix : centre universitaire de Foix, bureau du secrétariat de l&rsquo;ESPE (bureaux 30 et 31)</li>
<li>Campus Montauban : centre universitaire de Tarn et Garonne, salle 010, rdc (bureaux 32 et 33)</li>
</ul>
<p><em>Sous réserve de modifications.<br />
</em><strong><br />
Les deux questions qui seront posées :</strong></p>
<ol>
<li>Souhaitez-vous que l’UT2J poursuive son engagement dans le projet d’intégration Université de Toulouse (tel qu’il figure dans le dossier IDEX) ?Oui ou Non</li>
<li>Seriez-vous favorable à ce projet s’il était assorti d’une période transitoire, où l’UT2J conserverait sa personnalité juridique?Oui ou Non</li>
</ol>
<p><strong>Les résultats seront proclamés le 8 décembre, lendemain de la consultation. </strong><br />
Plus de précisions sur les modalités du vote, <a href="http://ent-utm.univ-tlse2.fr/medias/fichier/ut-consultation-arre-770-te-769-15112017_1510761240483-pdf?INLINE=FALSE">consulter l’arrêté </a>.</p>
</div>

<p>Où, quand et comment voter ? Toutes les informations pratiques à l’attention de la communauté universitaire. Pourquoi une consultation ? Le président de l’Université Toulouse – Jean Jaurès, Daniel Lacroix s’est engagé, il y a quelques mois, à consulter la communauté universitaire sur le devenir de l’Université de Toulouse. Les différentes instances seront également amenées à</p>
