 {"id":795,"date":"2017-03-23T19:30:59","date_gmt":"2017-03-23T18:30:59","guid":{"rendered":"https:\/\/blogs.univ-tlse2.fr\/concertation-universitedetoulouse-idex\/?page_id=795"},"modified":"2017-05-30T10:45:54","modified_gmt":"2017-05-30T08:45:54","slug":"gti-1-finances","status":"publish","type":"page","link":"https:\/\/blogs.univ-tlse2.fr\/concertation-universitedetoulouse-idex\/gti-1-finances\/","title":{"rendered":"GTI Finances"},"content":{"rendered":"<p><b>Groupe de travail = <\/b>Commission des Moyens<\/p>\n<hr \/>\n<p><b>Groupe restreint :<\/b><\/p>\n<ul>\n<li>Alain Dintilhac (DGS)<\/li>\n<li>Fabrice Reneaud (VPd moyens et prospective)<\/li>\n<li>Marc Beauvois (DAF)<\/li>\n<li>Patricia Romana (Agence comptable)<\/li>\n<li>Marc Peauger (DEEP)<\/li>\n<\/ul>\n<p>Ce groupe est susceptible d\u2019\u00eatre compl\u00e9t\u00e9 par d\u2019autres coll\u00e8gues en fonction des th\u00e9matiques abord\u00e9es (March\u00e9s publics etc.). Ou bien de recourir \u00e0 l\u2019expertise de coll\u00e8gues qui participent \u00e0 d\u2019autres groupes de travail (Gouvernance, RH etc.).<\/p>\n<hr \/>\n<p><strong>Objectifs :<\/strong><\/p>\n<p>\u00c9tat des lieux des questions budg\u00e9taires et comptables (n\u00e9cessit\u00e9 de faire plusieurs hypoth\u00e8ses) avant d\u2019envisager les modalit\u00e9s plus pr\u00e9cises d\u2019une concentration des flux financiers.<\/p>\n<hr \/>\n<p><b>Planning des GT\u00a0: <\/b><\/p>\n<p>27 juin (ensuite le dernier mardi de chaque mois)<\/p>\n","protected":false},"excerpt":{"rendered":"<p>Groupe de travail = Commission des Moyens Groupe restreint : Alain Dintilhac (DGS) Fabrice Reneaud (VPd moyens et prospective) Marc Beauvois (DAF) Patricia Romana (Agence comptable) Marc Peauger (DEEP) Ce groupe est susceptible d\u2019\u00eatre compl\u00e9t\u00e9 par d\u2019autres coll\u00e8gues en fonction des th\u00e9matiques abord\u00e9es (March\u00e9s publics etc.). Ou bien de recourir \u00e0 l\u2019expertise de coll\u00e8gues qui<\/p>\n","protected":false},"author":126,"featured_media":1149,"parent":0,"menu_order":0,"comment_status":"closed","ping_status":"closed","template":"page.php","meta":{"footnotes":""},"class_list":["post-795","page","type-page","status-publish","has-post-thumbnail","hentry"],"_links":{"self":[{"href":"https:\/\/blogs.univ-tlse2.fr\/concertation-universitedetoulouse-idex\/wp-json\/wp\/v2\/pages\/795","targetHints":{"allow":["GET"]}}],"collection":[{"href":"https:\/\/blogs.univ-tlse2.fr\/concertation-universitedetoulouse-idex\/wp-json\/wp\/v2\/pages"}],"about":[{"href":"https:\/\/blogs.univ-tlse2.fr\/concertation-universitedetoulouse-idex\/wp-json\/wp\/v2\/types\/page"}],"author":[{"embeddable":true,"href":"https:\/\/blogs.univ-tlse2.fr\/concertation-universitedetoulouse-idex\/wp-json\/wp\/v2\/users\/126"}],"replies":[{"embeddable":true,"href":"https:\/\/blogs.univ-tlse2.fr\/concertation-universitedetoulouse-idex\/wp-json\/wp\/v2\/comments?post=795"}],"version-history":[{"count":8,"href":"https:\/\/blogs.univ-tlse2.fr\/concertation-universitedetoulouse-idex\/wp-json\/wp\/v2\/pages\/795\/revisions"}],"predecessor-version":[{"id":1589,"href":"https:\/\/blogs.univ-tlse2.fr\/concertation-universitedetoulouse-idex\/wp-json\/wp\/v2\/pages\/795\/revisions\/1589"}],"wp:featuredmedia":[{"embeddable":true,"href":"https:\/\/blogs.univ-tlse2.fr\/concertation-universitedetoulouse-idex\/wp-json\/wp\/v2\/media\/1149"}],"wp:attachment":[{"href":"https:\/\/blogs.univ-tlse2.fr\/concertation-universitedetoulouse-idex\/wp-json\/wp\/v2\/media?parent=795"}],"curies":[{"name":"wp","href":"https:\/\/api.w.org\/{rel}","templated":true}]}}