 {"id":799,"date":"2017-03-23T19:31:33","date_gmt":"2017-03-23T18:31:33","guid":{"rendered":"https:\/\/blogs.univ-tlse2.fr\/concertation-universitedetoulouse-idex\/?page_id=799"},"modified":"2017-10-24T16:40:00","modified_gmt":"2017-10-24T14:40:00","slug":"gti-3-recherche","status":"publish","type":"page","link":"https:\/\/blogs.univ-tlse2.fr\/concertation-universitedetoulouse-idex\/gti-3-recherche\/","title":{"rendered":"GTI Recherche"},"content":{"rendered":"<p>Groupe \u00ab g\u00e9n\u00e9raliste \u00bb qui traitera de la recherche, du doctorat, de la valorisation et de la diffusion, \u00e0 g\u00e9om\u00e9trie variable selon les th\u00e8mes.<\/p>\n<p>Ce groupe de travail technique rendra compte de ses r\u00e9flexions et soumettra ses propositions \u00e0 la Commission Recherche et \u00e0 la Conf\u00e9rence de la Recherche. Il les pr\u00e9sentera \u00e9galement lors des assembl\u00e9es pl\u00e9ni\u00e8res qui seront organis\u00e9es.<\/p>\n<hr \/>\n<p><b>Composition <\/b><b>du \u00ab noyau dur \u00bb du groupe :<\/b><\/p>\n<ul>\n<li>VP d\u00e9l\u00e9gu\u00e9 \u00e0 la valorisation : Vincent Simoulin<\/li>\n<li>VP d\u00e9l\u00e9gu\u00e9e \u00e0 la diffusion : Nathalie Dessens<\/li>\n<li>Les 3 directeurs d\u2019ED : Fran\u00e7ois Bon, Myriam de L\u00e9onardis, (Nathalie Dessens)<\/li>\n<li>Les 2 d\u00e9l\u00e9gu\u00e9s du P\u00f4le HSHS : Nicolas Valdeyron, H\u00e9l\u00e8ne Giraudot<\/li>\n<li>Le Directeur du Labex SMS : Michel Grossetti<\/li>\n<li>Le Directeur de la MSH T : Pascal Gaillard<\/li>\n<li>5 \u00e9lus de la CR : Jacques Py, Pierre Moret, Adriana Blache, Steve Hagimont<\/li>\n<li>5 acteurs de la recherche : (dont au moins 2 directeurs d\u2019UR relevant de champs disciplinaires non repr\u00e9sent\u00e9s par les autres membres \u2013 histoire, arts, langues\u2010 et repr\u00e9sentant la diversit\u00e9 des statuts des Unit\u00e9s de recherche \u2013 UMR, EA), 2 gestionnaires d\u2019UR (selon le m\u00eame \u00e9quilibre)\u2026<\/li>\n<li>La responsable de la SFR de l\u2019ESPE : Karine Duvignaud et selon les points \u00e0 l\u2019ordre du jour des repr\u00e9sentant\u2010e\u2010s des SHS du p\u00f4le H\u2010SHS, hors UT2J (Marie\u2010 Gabrielle Suraud et Pascal Marchand). Il sera \u00e9largi, en tant que de besoin \u00bb en fonction des th\u00e9matiques, en particulier aux membres des services concern\u00e9s (ED, CPRS, service valorisation\u2026).<\/li>\n<\/ul>\n<p>Pauline M\u00e9let assurera le secr\u00e9tariat des s\u00e9ances<\/p>\n<hr \/>\n<p><b>Th\u00e8mes et sujets \u00e0 aborder :<\/b><\/p>\n<ul>\n<li>partage, am\u00e9lioration et validation de la cartographie de la recherche H\u2010SHS<\/li>\n<li>caract\u00e9risation et mode de visibilisation de la recherche H\u2010SHS sur le site<\/li>\n<li>contribution d\u2019UT2J \u00e0 la d\u00e9finition de la politique scientifique du site : th\u00e9matiques scientifiques \u2010 th\u00e9matiques port\u00e9es par l\u2019\u00c9tablissement en mati\u00e8re d\u2019interdisciplinarit\u00e9 ? \u00c0 partir de quels dispositifs ?<\/li>\n<li>contribution de l\u2019UT2J \u00e0 la politique de valorisation, politique de diffusion, politique d\u2019internationalisation<\/li>\n<li>organisation de la gouvernance en mati\u00e8re de recherche : quelle articulation pole H\u2010SHS\/commission recherche\/conf\u00e9rence de la recherche ?<\/li>\n<li>programmes et dispositifs Idex : propositions d\u2019UT2J pour les am\u00e9liorer<\/li>\n<li>Convergence\/mutualisation (formation doctorale, modalit\u00e9s de gestion des UR, frais de gestion\u2026)<\/li>\n<li>Propositions \u00e0 faire \u00e0 la R\u00e9gion Occitanie pour une meilleure prose en compte des H\u2010SHS<\/li>\n<li>Le statut et la place des H\u2010SHS hors UT2J de l\u2019actuel p\u00f4le H\u2010SHS de la COMUE<\/li>\n<\/ul>\n<hr \/>\n<p><b>Planning du GT\u00a0:<\/b><\/p>\n<p>&#8211; Vendredi 21 avril 2017 \/ 10h30-12h \/ D246 : organisation du programme de travail <em><span style=\"color: #99ccff\">Lire le<\/span> <a href=\"https:\/\/blogs.univ-tlse2.fr\/concertation-universitedetoulouse-idex\/files\/2017\/06\/GT-Interne-RECHERCHE-Compte-rendu-Re%CC%81union-1-21-04-2017.pdf\" target=\"_blank\" rel=\"noopener noreferrer\">CR<\/a><\/em><\/p>\n<p>&#8211;\u00a0 Vendredi 5 mai 2017 \/ 10h30-12h \/ D246 : cartographie de la recherche H-SHS et singularisation de celle-ci (\u00e0 partir de ce qui a d\u00e9j\u00e0 \u00e9t\u00e9 fait) <em><span style=\"color: #99ccff\">Lire le<\/span> <a href=\"https:\/\/blogs.univ-tlse2.fr\/concertation-universitedetoulouse-idex\/files\/2017\/06\/GT-Interne-RECHERCHE-Compte-rendu-Re%CC%81union-2-05-05-2017.pdf\" target=\"_blank\" rel=\"noopener noreferrer\">CR<\/a><\/em><\/p>\n<p>&#8211; Vendredi 19 mai 2017 \/ 10h-11h30 \/ D246 : interdisciplinarit\u00e9 (qu&rsquo;est-ce que l&rsquo;\u00c9tablissement peut porter comme propositions d&rsquo;interdisciplinarit\u00e9 -d\u00e9passant le spectre H-SHS- \u00e0 l&rsquo;\u00e9chelle du site ?<br \/>\n<em><span style=\"color: #99ccff\">Lire le<\/span> <a href=\"https:\/\/blogs.univ-tlse2.fr\/concertation-universitedetoulouse-idex\/files\/2017\/06\/GT-Interne-RECHERCHE-Compte-rendu-Re%CC%81union-3-19-05-2017.pdf\" target=\"_blank\" rel=\"noopener noreferrer\">CR<\/a><\/em><\/p>\n<p>&#8211; Vendredi 2 juin 2017 \/ 11h30-11h \/ D246 : gouvernance et en particulier articulation p\u00f4le H-SHS et instances de l&rsquo;UT2J <em><span style=\"color: #99ccff\">Lire le<\/span> <a href=\"https:\/\/blogs.univ-tlse2.fr\/concertation-universitedetoulouse-idex\/files\/2017\/06\/GT-Interne-RECHERCHE-Compte-rendu-Re%CC%81union-4.pdf\" target=\"_blank\" rel=\"noopener noreferrer\">CR<\/a><\/em><\/p>\n<p>&#8211; Vendredi 23 juin 2017 \/ 10h30-12H \/ D246 : politique d&rsquo;\u00e9quipement scientifique : plateformes existantes et projets \u00e0 venir <em><span style=\"color: #99ccff\">Lire le<\/span> <a href=\"https:\/\/blogs.univ-tlse2.fr\/concertation-universitedetoulouse-idex\/files\/2017\/07\/GT-Interne-RECHERCHE-Compte-rendu-Re%CC%81union-5-23-06-2017.pdf\" target=\"_blank\" rel=\"noopener noreferrer\">CR<\/a><\/em><\/p>\n<p>&#8211; Vendredi 7 juillet 2017 \/ 14h-15h30 \/ D246 : programmes et pilotage de l&rsquo;idex : quelles propositions d&rsquo;am\u00e9lioration, de priorisation peut-on faire ?<\/p>\n<p>&#8211; Vendredi 8 septembre 2017\u00a0<em><span style=\"color: #99ccff\">Lire le <\/span><a href=\"https:\/\/blogs.univ-tlse2.fr\/concertation-universitedetoulouse-idex\/files\/2017\/10\/GT-Interne-RECHERCHE-Compte-rendu-Re\u0301union-7-08-09-2017_vu.pdf\" target=\"_blank\" rel=\"noopener noreferrer\">CR<\/a><\/em><\/p>\n<p>&#8211; Vendredi 29 septembre 2017\u00a0<em><span style=\"color: #99ccff\">Lire le <\/span><a href=\"https:\/\/blogs.univ-tlse2.fr\/concertation-universitedetoulouse-idex\/files\/2017\/10\/GT-Interne-RECHERCHE-Compte-rendu-Re\u0301union-8-du-29-09-2017.pdf\" target=\"_blank\" rel=\"noopener noreferrer\">CR<\/a><\/em><\/p>\n","protected":false},"excerpt":{"rendered":"<p>Groupe \u00ab g\u00e9n\u00e9raliste \u00bb qui traitera de la recherche, du doctorat, de la valorisation et de la diffusion, \u00e0 g\u00e9om\u00e9trie variable selon les th\u00e8mes. Ce groupe de travail technique rendra compte de ses r\u00e9flexions et soumettra ses propositions \u00e0 la Commission Recherche et \u00e0 la Conf\u00e9rence de la Recherche. Il les pr\u00e9sentera \u00e9galement lors des<\/p>\n","protected":false},"author":126,"featured_media":1146,"parent":0,"menu_order":0,"comment_status":"closed","ping_status":"closed","template":"page.php","meta":{"footnotes":""},"class_list":["post-799","page","type-page","status-publish","has-post-thumbnail","hentry"],"_links":{"self":[{"href":"https:\/\/blogs.univ-tlse2.fr\/concertation-universitedetoulouse-idex\/wp-json\/wp\/v2\/pages\/799","targetHints":{"allow":["GET"]}}],"collection":[{"href":"https:\/\/blogs.univ-tlse2.fr\/concertation-universitedetoulouse-idex\/wp-json\/wp\/v2\/pages"}],"about":[{"href":"https:\/\/blogs.univ-tlse2.fr\/concertation-universitedetoulouse-idex\/wp-json\/wp\/v2\/types\/page"}],"author":[{"embeddable":true,"href":"https:\/\/blogs.univ-tlse2.fr\/concertation-universitedetoulouse-idex\/wp-json\/wp\/v2\/users\/126"}],"replies":[{"embeddable":true,"href":"https:\/\/blogs.univ-tlse2.fr\/concertation-universitedetoulouse-idex\/wp-json\/wp\/v2\/comments?post=799"}],"version-history":[{"count":21,"href":"https:\/\/blogs.univ-tlse2.fr\/concertation-universitedetoulouse-idex\/wp-json\/wp\/v2\/pages\/799\/revisions"}],"predecessor-version":[{"id":1725,"href":"https:\/\/blogs.univ-tlse2.fr\/concertation-universitedetoulouse-idex\/wp-json\/wp\/v2\/pages\/799\/revisions\/1725"}],"wp:featuredmedia":[{"embeddable":true,"href":"https:\/\/blogs.univ-tlse2.fr\/concertation-universitedetoulouse-idex\/wp-json\/wp\/v2\/media\/1146"}],"wp:attachment":[{"href":"https:\/\/blogs.univ-tlse2.fr\/concertation-universitedetoulouse-idex\/wp-json\/wp\/v2\/media?parent=799"}],"curies":[{"name":"wp","href":"https:\/\/api.w.org\/{rel}","templated":true}]}}