 {"id":803,"date":"2017-03-23T19:32:04","date_gmt":"2017-03-23T18:32:04","guid":{"rendered":"https:\/\/blogs.univ-tlse2.fr\/concertation-universitedetoulouse-idex\/?page_id=803"},"modified":"2017-05-30T10:49:11","modified_gmt":"2017-05-30T08:49:11","slug":"gti-5-internationalisation","status":"publish","type":"page","link":"https:\/\/blogs.univ-tlse2.fr\/concertation-universitedetoulouse-idex\/gti-5-internationalisation\/","title":{"rendered":"GTI Internationalisation"},"content":{"rendered":"<p><b>Groupe de travail\u00a0= Commission des RI<\/b><\/p>\n<hr \/>\n<p><b>Groupe op\u00e9rationnel\u00a0<\/b>(5 personnes) :<\/p>\n<ul>\n<li>Participants\u00a0: JM Olivier, M. Le Bihan, Sonia Rose (prof et dir. de la MUFM), Assia Bouhiri (\u00e9tudiante, pr\u00e9sidente de l\u2019association EIMA),<\/li>\n<li>un membre du personnel de la DAR<\/li>\n<li>Secr\u00e9tariat de s\u00e9ance\u00a0: membre du groupe op\u00e9rationnel\u00a0: M\u00e9lanie le Bihan ou un personnel du service RI dans la mesure du possible<\/li>\n<\/ul>\n<hr \/>\n<p><b>Objectif et enjeux UT2J\u00a0: <\/b>\u00ab\u00a0D\u00e9finir l\u2019organisation financi\u00e8re cible\u00a0: r\u00e9partition des moyens, leur suivi, modalit\u00e9s de gestion op\u00e9rationnelle\u00a0\u00bb.<\/p>\n<p><b>Th\u00e8mes et sujets \u00e0 aborder\u00a0:<\/b><\/p>\n<p>&#8211; Strat\u00e9gie g\u00e9n\u00e9rale (priorit\u00e9s g\u00e9ographiques et th\u00e9matiques)<\/p>\n<p>&#8211; Nature et cons\u00e9quences des accords internationaux sign\u00e9s au niveau UT<\/p>\n<p>&#8211; Budget RI au sein de l\u2019UT et du projet IDEX<\/p>\n<p>&#8211; D\u00e9tachement \u00e9ventuel de personnels RI UT2J \u00e0 l\u2019UT (tr\u00e8s difficilement envisageable actuellement)<\/p>\n<hr \/>\n<p><b>Planning des GT\u00a0:<\/b><\/p>\n","protected":false},"excerpt":{"rendered":"<p>Groupe de travail\u00a0= Commission des RI Groupe op\u00e9rationnel\u00a0(5 personnes) : Participants\u00a0: JM Olivier, M. Le Bihan, Sonia Rose (prof et dir. de la MUFM), Assia Bouhiri (\u00e9tudiante, pr\u00e9sidente de l\u2019association EIMA), un membre du personnel de la DAR Secr\u00e9tariat de s\u00e9ance\u00a0: membre du groupe op\u00e9rationnel\u00a0: M\u00e9lanie le Bihan ou un personnel du service RI dans<\/p>\n","protected":false},"author":126,"featured_media":1220,"parent":0,"menu_order":0,"comment_status":"closed","ping_status":"closed","template":"page.php","meta":{"footnotes":""},"class_list":["post-803","page","type-page","status-publish","has-post-thumbnail","hentry"],"_links":{"self":[{"href":"https:\/\/blogs.univ-tlse2.fr\/concertation-universitedetoulouse-idex\/wp-json\/wp\/v2\/pages\/803","targetHints":{"allow":["GET"]}}],"collection":[{"href":"https:\/\/blogs.univ-tlse2.fr\/concertation-universitedetoulouse-idex\/wp-json\/wp\/v2\/pages"}],"about":[{"href":"https:\/\/blogs.univ-tlse2.fr\/concertation-universitedetoulouse-idex\/wp-json\/wp\/v2\/types\/page"}],"author":[{"embeddable":true,"href":"https:\/\/blogs.univ-tlse2.fr\/concertation-universitedetoulouse-idex\/wp-json\/wp\/v2\/users\/126"}],"replies":[{"embeddable":true,"href":"https:\/\/blogs.univ-tlse2.fr\/concertation-universitedetoulouse-idex\/wp-json\/wp\/v2\/comments?post=803"}],"version-history":[{"count":5,"href":"https:\/\/blogs.univ-tlse2.fr\/concertation-universitedetoulouse-idex\/wp-json\/wp\/v2\/pages\/803\/revisions"}],"predecessor-version":[{"id":1591,"href":"https:\/\/blogs.univ-tlse2.fr\/concertation-universitedetoulouse-idex\/wp-json\/wp\/v2\/pages\/803\/revisions\/1591"}],"wp:featuredmedia":[{"embeddable":true,"href":"https:\/\/blogs.univ-tlse2.fr\/concertation-universitedetoulouse-idex\/wp-json\/wp\/v2\/media\/1220"}],"wp:attachment":[{"href":"https:\/\/blogs.univ-tlse2.fr\/concertation-universitedetoulouse-idex\/wp-json\/wp\/v2\/media?parent=803"}],"curies":[{"name":"wp","href":"https:\/\/api.w.org\/{rel}","templated":true}]}}

<p><b>Groupe de travail = Commission des RI</b></p>
<hr />
<p><b>Groupe opérationnel </b>(5 personnes) :</p>
<ul>
<li>Participants : JM Olivier, M. Le Bihan, Sonia Rose (prof et dir. de la MUFM), Assia Bouhiri (étudiante, présidente de l’association EIMA),</li>
<li>un membre du personnel de la DAR</li>
<li>Secrétariat de séance : membre du groupe opérationnel : Mélanie le Bihan ou un personnel du service RI dans la mesure du possible</li>
</ul>
<hr />
<p><b>Objectif et enjeux UT2J : </b>« Définir l’organisation financière cible : répartition des moyens, leur suivi, modalités de gestion opérationnelle ».</p>
<p><b>Thèmes et sujets à aborder :</b></p>
<p>&#8211; Stratégie générale (priorités géographiques et thématiques)</p>
<p>&#8211; Nature et conséquences des accords internationaux signés au niveau UT</p>
<p>&#8211; Budget RI au sein de l’UT et du projet IDEX</p>
<p>&#8211; Détachement éventuel de personnels RI UT2J à l’UT (très difficilement envisageable actuellement)</p>
<hr />
<p><b>Planning des GT :</b></p>

<p>Groupe de travail = Commission des RI Groupe opérationnel (5 personnes) : Participants : JM Olivier, M. Le Bihan, Sonia Rose (prof et dir. de la MUFM), Assia Bouhiri (étudiante, présidente de l’association EIMA), un membre du personnel de la DAR Secrétariat de séance : membre du groupe opérationnel : Mélanie le Bihan ou un personnel du service RI dans</p>
