 {"id":123,"date":"2014-02-11T16:50:53","date_gmt":"2014-02-11T15:50:53","guid":{"rendered":"https:\/\/blogs.univ-tlse2.fr\/convisciencia\/?page_id=123"},"modified":"2014-02-27T13:12:37","modified_gmt":"2014-02-27T12:12:37","slug":"venir-a-lenfa","status":"publish","type":"page","link":"https:\/\/blogs.univ-tlse2.fr\/convisciencia\/venir-a-lenfa\/","title":{"rendered":"Venir \u00e0 l&rsquo;ENFA"},"content":{"rendered":"<h4 style=\"text-align: center\"><span style=\"color: #99cc00\">ENFA (4 juin 2014)<\/span><\/h4>\n<p style=\"text-align: center\"><em>Coordonn\u00e9es :<\/em><\/p>\n<p style=\"text-align: center\">2, route de Narbonne<\/p>\n<p style=\"text-align: center\">31326 Castanet Tolosan Cedex<\/p>\n<p style=\"text-align: center\">t\u00e9l : 05 61 75 32 32<\/p>\n<p style=\"text-align: center\">\n<p>Le Complexe Agricole d\u2019Auzeville se situe \u00e0 10 km du centre ville (gare) de Toulouse.On peut acc\u00e9der \u00e0 l\u2019Ecole Nationale de Formation Agronomique (ENFA) situ\u00e9e dans le Complexe Agricole d\u2019Auzeville, en bordure de RN 113 :<\/p>\n<p style=\"text-align: center\"><strong>En voiture<\/strong><\/p>\n<p>Coordonn\u00e9es GPS = +43\u00b0 32\u2032 5.16\u2033, +1\u00b0 29\u2032 9.60\u2033<\/p>\n<ul>\n<li>\n<div><em>Par l\u2019autoroute A 61<\/em> sortie p\u00e9riph\u00e9rique n\u00b019 \u00ab Le Palays \u00bb<br \/>\nRAMONVILLE \u2013 CARCASSONNE par RN 113<\/div>\n<\/li>\n<li>\n<div><em> Par l\u2019autoroute A62 <\/em>prendre direction MONTPELLIER<br \/>\nsortie p\u00e9riph\u00e9rique n\u00b019 \u00ab Le Palays \u00bb<\/div>\n<\/li>\n<\/ul>\n<p style=\"text-align: center\"><strong>En train et m\u00e9tro-bus <\/strong><\/p>\n<p>Arriv\u00e9e en gare de <strong>TOULOUSE-MATABIAU <\/strong>vers le <strong>COMPLEXE AGRICOLE<\/strong><\/p>\n<ul>\n<li>des quais <strong>MATABIAU SNCF<\/strong>, suivre le couloir qui m\u00e8ne \u00e0 la station de m\u00e9tro MARENGO SNCF (se munir d\u2019un ticket <strong>m\u00e9tro-bus<\/strong>)<\/li>\n<li>Prendre la ligne A <strong>BASSO CAMBO<\/strong>, descendre \u00e0 la station <strong>Jean Jaur\u00e8s<\/strong> (1\u00e8re station)<\/li>\n<li>Prendre la ligne B jusqu\u2019au terminus station <strong>Ramonville<\/strong><\/li>\n<li>Prendre le bus n\u00b0 62 CASTANET \u2013 demander <strong>l\u2019arr\u00eat Complexe Agricole<\/strong><\/li>\n<\/ul>\n<p>Les horaires sont \u00e0 votre disposition sur le site de <a href=\"http:\/\/www.tisseo.fr\/\"><strong>Tisseo<\/strong> <\/a>ou \u00e0 <strong>All\u00f4 Tiss\u00e9o<\/strong> : 05-61-41-70-70<\/p>\n<p style=\"text-align: center\"><strong>En avion<\/strong><\/p>\n<p>Depuis l\u2019a\u00e9roport Toulouse-Blagnac prendre <a href=\"http:\/\/www.tisseo.fr\/se-deplacer\/navettes-thematiques\"><strong>la navette<\/strong> <\/a>qui conduit au centre ville de Toulouse jusqu\u2019\u00e0 l\u2019arr\u00eat Jean-Jaur\u00e8s. Prendre ensuite le m\u00e9tro ligne B jusqu\u2019au terminus station <strong>Ramonville<\/strong>.<\/p>\n<p><em>Plan de l&rsquo;ENFA<\/em><\/p>\n<p><a href=\"https:\/\/blogs.univ-tlse2.fr\/convisciencia\/files\/2014\/02\/grandPlan_ENFA_09Converti.jpg\"><img loading=\"lazy\" decoding=\"async\" alt=\"grandPlan_ENFA_09Converti\" src=\"https:\/\/blogs.univ-tlse2.fr\/convisciencia\/files\/2014\/02\/grandPlan_ENFA_09Converti-184x300.jpg\" width=\"68\" height=\"111\" \/><\/a><\/p>\n<h5><\/h5>\n","protected":false},"excerpt":{"rendered":"<p>ENFA (4 juin 2014) Coordonn\u00e9es : 2, route de Narbonne 31326 Castanet Tolosan Cedex t\u00e9l : 05 61 75 32 32 Le Complexe Agricole d\u2019Auzeville se situe \u00e0 10 km du centre ville (gare) de Toulouse.On peut acc\u00e9der \u00e0 l\u2019Ecole Nationale de Formation Agronomique (ENFA) situ\u00e9e dans le Complexe Agricole d\u2019Auzeville, en bordure de RN [&hellip;]<\/p>\n","protected":false},"author":196,"featured_media":0,"parent":0,"menu_order":0,"comment_status":"closed","ping_status":"closed","template":"","meta":{"footnotes":""},"class_list":["post-123","page","type-page","status-publish","hentry"],"_links":{"self":[{"href":"https:\/\/blogs.univ-tlse2.fr\/convisciencia\/wp-json\/wp\/v2\/pages\/123","targetHints":{"allow":["GET"]}}],"collection":[{"href":"https:\/\/blogs.univ-tlse2.fr\/convisciencia\/wp-json\/wp\/v2\/pages"}],"about":[{"href":"https:\/\/blogs.univ-tlse2.fr\/convisciencia\/wp-json\/wp\/v2\/types\/page"}],"author":[{"embeddable":true,"href":"https:\/\/blogs.univ-tlse2.fr\/convisciencia\/wp-json\/wp\/v2\/users\/196"}],"replies":[{"embeddable":true,"href":"https:\/\/blogs.univ-tlse2.fr\/convisciencia\/wp-json\/wp\/v2\/comments?post=123"}],"version-history":[{"count":6,"href":"https:\/\/blogs.univ-tlse2.fr\/convisciencia\/wp-json\/wp\/v2\/pages\/123\/revisions"}],"predecessor-version":[{"id":556,"href":"https:\/\/blogs.univ-tlse2.fr\/convisciencia\/wp-json\/wp\/v2\/pages\/123\/revisions\/556"}],"wp:attachment":[{"href":"https:\/\/blogs.univ-tlse2.fr\/convisciencia\/wp-json\/wp\/v2\/media?parent=123"}],"curies":[{"name":"wp","href":"https:\/\/api.w.org\/{rel}","templated":true}]}}