 {"id":127,"date":"2014-02-11T16:52:19","date_gmt":"2014-02-11T15:52:19","guid":{"rendered":"https:\/\/blogs.univ-tlse2.fr\/convisciencia\/?page_id=127"},"modified":"2014-02-27T13:13:24","modified_gmt":"2014-02-27T12:13:24","slug":"venir-a-luniversite-toulouse-ii-le-mirail","status":"publish","type":"page","link":"https:\/\/blogs.univ-tlse2.fr\/convisciencia\/venir-a-luniversite-toulouse-ii-le-mirail\/","title":{"rendered":"Venir \u00e0 l&rsquo;universit\u00e9 Toulouse II Le Mirail"},"content":{"rendered":"<h4 style=\"text-align: center\"><span style=\"color: #99cc00\">Universit\u00e9\u00a0 Toulouse II Le Mirail (5-6 juin 2014)<\/span><\/h4>\n<p style=\"text-align: center\"><em>Coordonn\u00e9es :<\/em><\/p>\n<p style=\"text-align: center\">5 All\u00e9e Antonio Machado<\/p>\n<p style=\"text-align: center\">31058 TOULOUSE cedex<\/p>\n<p style=\"text-align: center\">t\u00e9l : 05 61 50 42 50<\/p>\n<p>&nbsp;<\/p>\n<p style=\"text-align: center\"><strong>En voiture<br \/>\n<\/strong><\/p>\n<ul>\n<li>Par le nord de Toulouse, A62 (Paris, Bordeaux, Montauban)\u00a0: prenez la direction Tarbes-Foix, puis sortie N\u00b027\u00a0; au sortir de la bretelle, vous contournez le rond-point et prenez la direction Universit\u00e9 (rue Vauquelin). Vous suivez la rue Vauquelin jusqu\u2019au pont du m\u00e9tro. Tout de suite apr\u00e8s le pont, vous tournez \u00e0 droite et vous d\u00e9bouchez sur le grand parking de l\u2019Universit\u00e9. La Maison de la Recherche est sur la gauche du parking.<\/li>\n<\/ul>\n<ul>\n<li>Par le sud de Toulouse, A64 (Pau), A61 (Montpellier)\u00a0: prenez la direction Blagnac-A\u00e9roport, puis sortie N\u00b026 La Faourette, allez \u00e0 droite au 1er feu tricolore, puis passez au-dessus du p\u00e9riph\u00e9rique. Apr\u00e8s le 1er feu tricolore, vous tournez imm\u00e9diatement \u00e0 droite et vous suivez la rue jusqu\u2019au pont du m\u00e9tro. Juste avant le pont, vous tournez \u00e0 gauche et vous d\u00e9bouchez sur le grand parking de l\u2019Universit\u00e9. La Maison de la Recherche est sur la gauche du parking.<\/li>\n<\/ul>\n<p><strong>En avion<\/strong>\u00a0: \u00e0 l\u2019a\u00e9roport de Toulouse-Blagnac, navette autocar et taxis vous conduiront jusqu\u2019\u00e0 votre h\u00f4tel (20 \u00e0 30 mn). Le terminus de la <a href=\"http:\/\/www.tisseo.fr\/se-deplacer\/navettes-thematiques\">navette<\/a> est situ\u00e9 \u00e0 la gare routi\u00e8re tout pr\u00e8s de la Gare Matabiau SNCF et de la station de m\u00e9tro Marengo SNCF.<\/p>\n<p style=\"text-align: center\"><strong>En train<\/strong><\/p>\n<p>La gare de Toulouse-Matabiau est situ\u00e9e au centre ville. Elle est jumel\u00e9e avec la station de <a href=\"http:\/\/www.tisseo.fr\/\">m\u00e9tro<\/a> Marengo-SNCF.<\/p>\n<p style=\"text-align: center\"><strong>En m\u00e9tro<\/strong><\/p>\n<p>Prenez la direction Basso Cambo sur la ligne A du m\u00e9tro toulousain. Vous trouverez des distributeurs de tickets dans chaque station.<br \/>\nDescendez \u00e0 la station Mirail Universit\u00e9. L\u2019Universit\u00e9 se trouve \u00e0 100 m. face \u00e0 la station. Au bout de la rue se dresse le B\u00e2timent de l\u2019Arche. Lorsque vous arrivez devant ce b\u00e2timent, vous tournez \u00e0 droite. Vous passez devant la Biblioth\u00e8que Universitaire (b\u00e2timent en briques roses) et vous allez tout droit jusqu\u2019au b\u00e2timent suivant\u00a0: la Maison de la Recherche.<\/p>\n<p><em>Plan de l\u2019Universit\u00e9- Toulouse II Le Mirail<\/em><\/p>\n<p><a href=\"https:\/\/blogs.univ-tlse2.fr\/convisciencia\/files\/2014\/02\/grandplan-2012-1.jpg\"><img loading=\"lazy\" decoding=\"async\" alt=\"grandplan-2012-1\" src=\"https:\/\/blogs.univ-tlse2.fr\/convisciencia\/files\/2014\/02\/grandplan-2012-1-300x205.jpg\" width=\"112\" height=\"76\" \/><\/a><\/p>\n<p>&nbsp;<\/p>\n","protected":false},"excerpt":{"rendered":"<p>Universit\u00e9\u00a0 Toulouse II Le Mirail (5-6 juin 2014) Coordonn\u00e9es : 5 All\u00e9e Antonio Machado 31058 TOULOUSE cedex t\u00e9l : 05 61 50 42 50 &nbsp; En voiture Par le nord de Toulouse, A62 (Paris, Bordeaux, Montauban)\u00a0: prenez la direction Tarbes-Foix, puis sortie N\u00b027\u00a0; au sortir de la bretelle, vous contournez le rond-point et prenez la [&hellip;]<\/p>\n","protected":false},"author":196,"featured_media":0,"parent":0,"menu_order":0,"comment_status":"closed","ping_status":"closed","template":"","meta":{"footnotes":""},"class_list":["post-127","page","type-page","status-publish","hentry"],"_links":{"self":[{"href":"https:\/\/blogs.univ-tlse2.fr\/convisciencia\/wp-json\/wp\/v2\/pages\/127","targetHints":{"allow":["GET"]}}],"collection":[{"href":"https:\/\/blogs.univ-tlse2.fr\/convisciencia\/wp-json\/wp\/v2\/pages"}],"about":[{"href":"https:\/\/blogs.univ-tlse2.fr\/convisciencia\/wp-json\/wp\/v2\/types\/page"}],"author":[{"embeddable":true,"href":"https:\/\/blogs.univ-tlse2.fr\/convisciencia\/wp-json\/wp\/v2\/users\/196"}],"replies":[{"embeddable":true,"href":"https:\/\/blogs.univ-tlse2.fr\/convisciencia\/wp-json\/wp\/v2\/comments?post=127"}],"version-history":[{"count":6,"href":"https:\/\/blogs.univ-tlse2.fr\/convisciencia\/wp-json\/wp\/v2\/pages\/127\/revisions"}],"predecessor-version":[{"id":557,"href":"https:\/\/blogs.univ-tlse2.fr\/convisciencia\/wp-json\/wp\/v2\/pages\/127\/revisions\/557"}],"wp:attachment":[{"href":"https:\/\/blogs.univ-tlse2.fr\/convisciencia\/wp-json\/wp\/v2\/media?parent=127"}],"curies":[{"name":"wp","href":"https:\/\/api.w.org\/{rel}","templated":true}]}}