 {"id":406,"date":"2014-02-18T14:27:55","date_gmt":"2014-02-18T13:27:55","guid":{"rendered":"https:\/\/blogs.univ-tlse2.fr\/convisciencia\/?page_id=406"},"modified":"2014-05-26T15:41:55","modified_gmt":"2014-05-26T13:41:55","slug":"10-changements-dans-la-formation-et-le-travail-enseignants","status":"publish","type":"page","link":"https:\/\/blogs.univ-tlse2.fr\/convisciencia\/10-changements-dans-la-formation-et-le-travail-enseignants\/","title":{"rendered":"10 &#8211; Changements dans la formation et le travail enseignants"},"content":{"rendered":"<h1><span style=\"font-family: Times New Roman,serif\"><span><b>Mutations et processus de changements dans la formation et le travail des enseignants<\/b><\/span><\/span><\/h1>\n<p><strong>Symposium anim\u00e9 par Fr\u00e9d\u00e9ric Tupin et Jean-Fran\u00e7ois Marcel<\/strong><\/p>\n<p>Les champs de l&rsquo;enseignement et de la formation des enseignants sont actuellement sujets \u00e0 de nombreuses r\u00e9formes. Les derni\u00e8res ann\u00e9es sont symptomatiques de ces mutations durant lesquelles se multiplient \u00e9valuations et comparaisons internationales au moment o\u00f9 se mettent en place, dans les pays occidentaux, des politiques visant la professionnalisation des enseignants.<\/p>\n<p>Dans ce contexte de r\u00e9formes, les recherches mobilis\u00e9es dans ce symposium \u00e9tudieront la nature et les modalit\u00e9s des changements effectifs dans la formation et le travail des enseignants.<\/p>\n<p>Pour ce faire, elles prendront en charge ses diff\u00e9rentes sources\u00a0: les r\u00e9formes bien s\u00fbr (relatives au travail ou \u00e0 la formation), l&rsquo;organisation de l&rsquo;\u00e9tablissement (sa \u00ab\u00a0mont\u00e9e en autonomie\u00a0\u00bb mais, plus largement, l&rsquo;ensemble des prescriptions dont il est l\u2019objet) et les acteurs (quels que soient leurs r\u00f4les dans le syst\u00e8me\u00a0: enseignants, responsables d&rsquo;\u00e9tablissements, formateurs d&rsquo;enseignants). Les recherches seront d\u00e9ploy\u00e9es dans des syst\u00e8mes \u00e9ducatifs et de formation diff\u00e9renci\u00e9s et expliciteront syst\u00e9matiquement la sp\u00e9cificit\u00e9 des contextes dans lesquels elles s\u2019ins\u00e8rent. Elles interrogeront \u00e9galement, au sein de ces processus, la posture du chercheur\u00a0: ext\u00e9riorit\u00e9, accompagnement, appui, conduite du changement, etc.<\/p>\n<p>L&rsquo;enjeu de ce symposium (et de l&rsquo;ouvrage qui en r\u00e9sultera) sera pr\u00e9cis\u00e9ment de rep\u00e9rer, simultan\u00e9ment, des lignes de forces g\u00e9n\u00e9rales et des particularit\u00e9s contextuelles relatives au changement dans les champs de la formation et du travail des enseignants. Par r\u00e9fraction, les recherches qui sont consacr\u00e9es aux mutations et processus de changement dans ces domaines seront \u00e9galement interrog\u00e9es.<\/p>\n<p>&nbsp;<\/p>\n<p>&nbsp;<\/p>\n<p><strong>r\u00e9f\u00e9rences bibliographiques<\/strong><\/p>\n<ul>\n<li>Baluteau, F. (2003). <i>\u00c9cole et changement. Une sociologie constructiviste du changement scolaire.<\/i> Paris : L\u2019Harmattan.<\/li>\n<li>Bedin, V. (coord.). (2013). <i>Conduite et accompagnement du changement : contribution des Sciences de l\u2019\u00e9ducation.<\/i> Paris : L\u2019Harmattan.<\/li>\n<li>Bernoux, P. (2004). <i>Sociologie du changement dans les entreprises et les organisations.<\/i> Paris : Seuil.<\/li>\n<li>Rheaume, J. (2002). \u00ab Changement \u00bb. In J. Barus-Michel, E. Enriquez &amp; A. Levy (dir). <i>Vocabulaire de psychosociologie, r\u00e9f\u00e9rences et positions.<\/i> Paris : \u00c9r\u00e8s.<\/li>\n<li>Savoie, A., Bareil, C. Boudrias, J.S. &amp; Rondeau, A. &amp; (2004). \u00ab Le changement organisationnel \u00bb. In Brangier, E. Lancry, A. &amp; Louche, C. (dir.) <i>Les dimensions humaines du travail<\/i>, Nancy : PUN, p.535-558.<\/li>\n<\/ul>\n<p>&nbsp;<\/p>\n<p><strong>Les interventions<\/strong><\/p>\n<p><a href=\"https:\/\/blogs.univ-tlse2.fr\/convisciencia\/category\/symposium-10\/\"><em>R\u00e9sum\u00e9s des interventions<\/em><\/a><\/p>\n<p><strong><a title=\"10-1 La r\u00e9forme des \u00c9coles Sup\u00e9rieures du Professorat et de l\u2019\u00c9ducation entre marges d\u2019action et r\u00e9sistances aux changements\" href=\"https:\/\/blogs.univ-tlse2.fr\/convisciencia\/2014\/02\/18\/10-1-la-reforme-des-ecoles-superieures-du-professorat-et-de-leducation-entre-marges-daction-et-resistances-aux-changements\/\">La r\u00e9forme des \u00c9coles Sup\u00e9rieures du Professorat et de l\u2019\u00c9ducation entre marges d\u2019action et r\u00e9sistances aux changements<\/a> &#8211; Jo\u00ebl Clanet, Fr\u00e9d\u00e9ric Tupin<\/strong><\/p>\n<p><a title=\"10-2 Projet versus prescription : les personnels de direction et les leviers du changement\" href=\"https:\/\/blogs.univ-tlse2.fr\/convisciencia\/2014\/02\/18\/10-2-changement-dans-les-pratiques-enseignantes-en-contexte-de-changement\/\"><b>Projet <i>versus<\/i> prescription\u00a0:\u00a0les personnels de direction et les leviers du changement<\/b><\/a> &#8211; <strong>Claire Dupuy, Christian Germier<\/strong><\/p>\n<p><a title=\"10-4 Transformer la formation des enseignants : une contribution  depuis la pens\u00e9e complexe\" href=\"https:\/\/blogs.univ-tlse2.fr\/convisciencia\/2014\/02\/18\/10-4-transformer-la-formation-des-enseignants-une-contribution-depuis-la-pensee-complexe\/\"><strong>Transformer la formation des enseignants : une contribution\u00a0 depuis la pens\u00e9e complexe<\/strong><\/a> &#8211; <strong>Luis Manuel Flores, Javier\u00a0Nunez Moscoso<\/strong><\/p>\n<p><strong><a title=\"10-6 Enseignant : un nouveau m\u00e9tier, une formation \u00e0 re-d\u00e9finir\" href=\"https:\/\/blogs.univ-tlse2.fr\/convisciencia\/2014\/02\/18\/10-6-enseignant-un-nouveau-metier-une-formation-a-re-definir\/\">Enseignant : un nouveau m\u00e9tier, une formation \u00e0 re-d\u00e9finir<\/a> &#8211; Fran\u00e7oise Lantheaume<\/strong><\/p>\n<p><strong><a title=\"10-7 Mutations professionnelles des enseignants en contexte de changements. Le rapport aux r\u00e9formes des \u00ab concours r\u00e9serv\u00e9s \u00bb de l\u2019enseignement agricole public fran\u00e7ais\" href=\"https:\/\/blogs.univ-tlse2.fr\/convisciencia\/2014\/02\/18\/10-7-mutations-professionnelles-des-enseignants-en-contexte-de-changements-le-rapport-aux-reformes-des-concours-reserves-de-lenseignement-agricole-public-francais\/\">Mutations professionnelles des enseignants en contexte de changements. Le rapport aux r\u00e9formes des \u00ab\u00a0concours r\u00e9serv\u00e9s\u00a0\u00bb de l&rsquo;enseignement agricole public fran\u00e7ais<\/a> &#8211; Jean -Fran\u00e7ois Marcel<\/strong><\/p>\n<p><strong><a title=\"10-8 La formation initiale face aux attentes des \u00e9tudiants : quelles \u00e9volutions selon les formateurs d\u2019enseignants ?\" href=\"https:\/\/blogs.univ-tlse2.fr\/convisciencia\/2014\/02\/18\/10-8-la-formation-initiale-face-aux-attentes-des-etudiants-quelles-evolutions-selon-les-formateurs-denseignants\/\">La formation initiale face aux attentes des \u00e9tudiants : quelles \u00e9volutions selon les formateurs d\u2019enseignants ?<\/a> &#8211; Olivier Maulini, Andr\u00e9 Benetti, Ting-Li<br \/>\n<\/strong><\/p>\n<p><strong><a title=\"10-9 Les tablettes num\u00e9riques au service de la diff\u00e9renciation p\u00e9dagogique : l\u2019histoire d\u2019un d\u00e9veloppement professionnel abouti\" href=\"https:\/\/blogs.univ-tlse2.fr\/convisciencia\/2014\/02\/18\/10-9-les-tablettes-numeriques-au-service-de-la-differenciation-pedagogique-lhistoire-dun-developpement-professionnel-abouti\/\">Les tablettes num\u00e9riques au service de la diff\u00e9renciation p\u00e9dagogique : l\u2019histoire d\u2019un d\u00e9veloppement professionnel abouti<\/a> &#8211; Dani\u00e8le P\u00e9risset<\/strong><\/p>\n<p><b><a title=\"10-10 Transformations du travail enseignant dans l\u2019enseignement sup\u00e9rieur : orienter, tutorer. Quelle professionnalisation des enseignants-chercheurs ?\" href=\"https:\/\/blogs.univ-tlse2.fr\/convisciencia\/2014\/02\/18\/10-10-transformations-du-travail-enseignant-dans-lenseignement-superieur-orienter-tutorer-quelle-professionnalisation-des-enseignants-chercheurs\/\">Transformations du travail enseignant dans l\u2019enseignement sup\u00e9rieur\u00a0: orienter, tutorer. Quelle professionnalisation des enseignants-chercheurs\u00a0?<\/a> &#8211; Thierry Piot<br \/>\n<\/b><\/p>\n<p><b><a title=\"10-11 La dimension collective du m\u00e9tier de professeur des \u00e9coles : impact d\u2019une r\u00e9forme de la formation sur la perception, par les d\u00e9butants, d\u2019un aspect strat\u00e9gique du m\u00e9tier\" href=\"https:\/\/blogs.univ-tlse2.fr\/convisciencia\/2014\/02\/18\/10-11-la-dimension-collective-du-metier-de-professeur-des-ecoles-impact-dune-reforme-de-la-formation-sur-la-perception-par-les-debutants-dun-aspect-strategique-du-metier\/\">La dimension collective du m\u00e9tier de professeur des \u00e9coles\u00a0: impact d\u2019une r\u00e9forme de la formation sur la perception, par les d\u00e9butants, d\u2019un aspect strat\u00e9gique du m\u00e9tier<\/a> &#8211; <\/b><strong>Richard\u00a0Wittorski, Patricia Tavignot, Eric Buhot, Jean-Fran\u00e7ois\u00a0Th\u00e9mines<\/strong>,<\/p>\n<p><strong><a title=\"10-3 Changement dans la formation des enseignants : re-penser la collaboration des diff\u00e9rents corps de formateurs autour des savoirs du m\u00e9tier\" href=\"https:\/\/blogs.univ-tlse2.fr\/convisciencia\/2014\/02\/18\/10-3-changement-dans-la-formation-des-enseignants-re-penser-la-collaboration-des-differents-corps-de-formateurs-autour-des-savoirs-du-metier\/\">A la recherche de savoirs professionnels. Quelle(s) utilisation(s) dans le contexte actuel, de la formation des enseignants en France\u00a0?<\/a>\u00a0<\/strong>&#8211; <strong>Alain Jean<\/strong><\/p>\n<p>&nbsp;<\/p>\n<p>&nbsp;<\/p>\n","protected":false},"excerpt":{"rendered":"<p>Mutations et processus de changements dans la formation et le travail des enseignants Symposium anim\u00e9 par Fr\u00e9d\u00e9ric Tupin et Jean-Fran\u00e7ois Marcel Les champs de l&rsquo;enseignement et de la formation des enseignants sont actuellement sujets \u00e0 de nombreuses r\u00e9formes. Les derni\u00e8res ann\u00e9es sont symptomatiques de ces mutations durant lesquelles se multiplient \u00e9valuations et comparaisons internationales au [&hellip;]<\/p>\n","protected":false},"author":196,"featured_media":0,"parent":0,"menu_order":0,"comment_status":"closed","ping_status":"closed","template":"","meta":{"footnotes":""},"class_list":["post-406","page","type-page","status-publish","hentry"],"_links":{"self":[{"href":"https:\/\/blogs.univ-tlse2.fr\/convisciencia\/wp-json\/wp\/v2\/pages\/406","targetHints":{"allow":["GET"]}}],"collection":[{"href":"https:\/\/blogs.univ-tlse2.fr\/convisciencia\/wp-json\/wp\/v2\/pages"}],"about":[{"href":"https:\/\/blogs.univ-tlse2.fr\/convisciencia\/wp-json\/wp\/v2\/types\/page"}],"author":[{"embeddable":true,"href":"https:\/\/blogs.univ-tlse2.fr\/convisciencia\/wp-json\/wp\/v2\/users\/196"}],"replies":[{"embeddable":true,"href":"https:\/\/blogs.univ-tlse2.fr\/convisciencia\/wp-json\/wp\/v2\/comments?post=406"}],"version-history":[{"count":21,"href":"https:\/\/blogs.univ-tlse2.fr\/convisciencia\/wp-json\/wp\/v2\/pages\/406\/revisions"}],"predecessor-version":[{"id":808,"href":"https:\/\/blogs.univ-tlse2.fr\/convisciencia\/wp-json\/wp\/v2\/pages\/406\/revisions\/808"}],"wp:attachment":[{"href":"https:\/\/blogs.univ-tlse2.fr\/convisciencia\/wp-json\/wp\/v2\/media?parent=406"}],"curies":[{"name":"wp","href":"https:\/\/api.w.org\/{rel}","templated":true}]}}