 {"id":94,"date":"2014-02-11T15:28:01","date_gmt":"2014-02-11T14:28:01","guid":{"rendered":"https:\/\/blogs.univ-tlse2.fr\/convisciencia\/?page_id=94"},"modified":"2014-04-24T14:32:36","modified_gmt":"2014-04-24T12:32:36","slug":"comites","status":"publish","type":"page","link":"https:\/\/blogs.univ-tlse2.fr\/convisciencia\/comites\/","title":{"rendered":"Comit\u00e9s"},"content":{"rendered":"<h2><span style=\"color: #ff0000\">Comit\u00e9 scientifique<\/span><\/h2>\n<ul>\n<li><a href=\"http:\/\/efts.univ-tlse2.fr\/accueil\/les-chercheurs\/m-abernot-yvan-219539.kjsp?RH=1317804911498\">Yvan Abernot<\/a>, Professeur d&rsquo;universit\u00e9 en sciences de l&rsquo;\u00e9ducation<\/li>\n<li><a href=\"http:\/\/efts.univ-tlse2.fr\/accueil\/les-chercheurs\/mme-bedin-veronique-52589.kjsp?RH=1317804911498\">V\u00e9ronique Bedin<\/a>, Ma\u00eetre de conf\u00e9rences en sciences de l&rsquo;\u00e9ducation<\/li>\n<li><a href=\"http:\/\/efts.univ-tlse2.fr\/accueil\/les-chercheurs\/m-marcel-jean-francois-53521.kjsp?RH=1317804911498\">Jean-Fran\u00e7ois Marcel<\/a>, Professeur\u00a0l&rsquo;enseignement sup\u00e9rieur agricole en sciences de l&rsquo;\u00e9ducation<\/li>\n<li><a href=\"http:\/\/efts.univ-tlse2.fr\/accueil\/les-chercheurs\/mme-mias-christine-52889.kjsp?RH=1317804911498\">Christine Mias<\/a>,Professeur d&rsquo;universit\u00e9 en sciences de l&rsquo;\u00e9ducation<\/li>\n<li><a href=\"http:\/\/efts.univ-tlse2.fr\/accueil\/les-chercheurs\/mme-panissal-nathalie-119195.kjsp?RH=1317804911498\">Nathalie Panissal<\/a>, Ma\u00eetre de conf\u00e9rences en psychologie<\/li>\n<li><a href=\"http:\/\/efts.univ-tlse2.fr\/accueil\/les-chercheurs\/m-piaser-alain-53078.kjsp?RH=1317804911498\">Alain Piaser<\/a>, Ma\u00eetre de conf\u00e9rences en sciences de l&rsquo;\u00e9ducation<\/li>\n<li><a href=\"http:\/\/efts.univ-tlse2.fr\/accueil\/les-chercheurs\/mme-simonneaux-laurence-219577.kjsp?RH=1317804911498\">Laurence Simonneaux<\/a>, Professeur d&rsquo;universit\u00e9 en sciences de l&rsquo;\u00e9ducation<\/li>\n<li><a href=\"http:\/\/efts.univ-tlse2.fr\/accueil\/les-chercheurs\/mme-trinquier-marie-pierre-53096.kjsp?RH=1317804911498\">Marie-Pierre Trinquier<\/a>, Ma\u00eetre de conf\u00e9rences HDR en sciences de l&rsquo;\u00e9ducation<\/li>\n<li><a href=\"&#x6d;&#x61;&#105;lt&#x6f;&#x3a;&#x68;ele&#x6e;&#x65;&#46;ve&#x79;&#x72;&#x61;&#99;&#64;e&#x64;&#x75;&#99;ag&#x72;&#x69;&#x2e;&#102;r\">H\u00e9l\u00e8ne Veyrac<\/a>, Ma\u00eetre de conf\u00e9rences en ergonomie<\/li>\n<\/ul>\n<p><span style=\"text-decoration: underline\">Pr\u00e9sid\u00e9 par :<\/span><\/p>\n<ul>\n<li><a title=\"12-12 Une proposition pour encadrer la pr\u00e9sentation d\u2019articles de recherche th\u00e9orique \u00e0 la Revue des sciences de l\u2019\u00e9ducation\" href=\"m&#x61;i&#x6c;&#x74;o&#x3a;c&#104;&#x61;n&#x74;a&#108;&#x2e;a&#x6d;a&#100;&#x65;-&#x65;&#x73;c&#x6f;t&#64;&#x75;n&#x69;v&#45;&#x74;l&#x73;e&#50;&#x2e;f&#x72;\">Chantal Amade Escot<\/a>, Professeur d&rsquo;universit\u00e9 en sciences de l&rsquo;\u00e9ducation<\/li>\n<li><a href=\"http:\/\/efts.univ-tlse2.fr\/accueil\/les-chercheurs\/m-venturini-patrice-53068.kjsp?RH=1317804911498\">Patrice Venturini<\/a>, Professeur d&rsquo;universit\u00e9 en sciences de l&rsquo;\u00e9ducation<\/li>\n<\/ul>\n<p>&nbsp;<\/p>\n<h2><span style=\"color: #99cc00\">Comit\u00e9 d&rsquo;organisation<\/span><\/h2>\n<ul>\n<li><a href=\"http:\/\/efts.univ-tlse2.fr\/accueil\/les-chercheurs\/m-abernot-yvan-219539.kjsp?RH=1317804911498\">Yvan Abernot, <\/a>Professeur d&rsquo;universit\u00e9 en sciences de l&rsquo;\u00e9ducation<\/li>\n<li><a title=\"4 juin : \u00e9criture scientifique\" href=\"https:\/\/blogs.univ-tlse2.fr\/convisciencia\/4-juin-ecriture-scientifique\/\">R\u00e9mi Bonasio, <\/a>Doctorant en sciences de l&rsquo;\u00e9ducation<\/li>\n<li><a href=\"http:\/\/efts.univ-tlse2.fr\/accueil\/les-chercheurs\/mme-carnus-marie-france-119830.kjsp?RH=1317804911498\">Marie-France Carnus,<\/a> Professeur d&rsquo;universit\u00e9 en sciences de l&rsquo;\u00e9ducation<\/li>\n<li><a href=\"http:\/\/efts.univ-tlse2.fr\/accueil\/les-chercheurs\/mme-fabre-isabelle-54710.kjsp?RH=1317804911498\">Isabelle Fabre,<\/a> Ma\u00eetre de conf\u00e9rences en Sciences de l\u2019information et de la communication<\/li>\n<li><a href=\"&#x6d;&#97;i&#x6c;&#x74;o:&#x73;&#121;l&#x76;&#x69;e&#46;&#x66;&#101;r&#x6e;&#x61;&#110;d&#x65;&#x73;&#64;&#x65;&#x64;&#117;c&#x61;&#x67;ri&#x2e;&#102;r\">Sylvie Fernandes,<\/a> docteure Responsable administrative<\/li>\n<li><a href=\"http:\/\/efts.univ-tlse2.fr\/accueil\/les-chercheurs\/mme-gardies-cecile-219558.kjsp?RH=1317804911498\">C\u00e9cile Gardies,<\/a> Ma\u00eetre de conf\u00e9rences en Sciences de l\u2019information et de la communication<\/li>\n<li><a href=\"mailto:veroni&#113;&#117;&#101;&#46;&#103;&#x6f;&#x75;&#x61;&#x7a;&#x65;&#x40;&#x75;&#x6e;&#x69;&#x76;&#x2d;&#x74;&#x6c;&#x73;&#x65;2&#46;fr\">V\u00e9ronique Gouaz\u00e9,<\/a> SAENES Responsable administrative<\/li>\n<li><a href=\"http:\/\/efts.univ-tlse2.fr\/accueil\/les-chercheurs\/m-grandaty-michel-119718.kjsp?RH=1317804911498\">Michel Grandaty,<\/a> Professeur d&rsquo;universit\u00e9 en sciences de l&rsquo;\u00e9ducation<\/li>\n<li><a href=\"&#x6d;a&#x69;&#x6c;t&#x6f;&#58;c&#x68;&#114;i&#x73;t&#x65;&#x6c;l&#x65;&#46;h&#x65;&#114;r&#x61;u&#x64;&#x40;u&#x6e;&#x69;v&#x2d;&#116;l&#x73;&#101;2&#x2e;f&#x72;\">Christelle Herraud,<\/a> IGE Responsable administrative<\/li>\n<li><a href=\"&#x6d;&#97;il&#x74;&#x6f;:j&#x65;&#x61;&#110;fr&#x61;&#110;co&#x69;&#x73;&#46;m&#x61;&#x72;&#99;el&#x40;&#x67;ma&#x69;&#x6c;&#46;c&#x6f;&#x6d;\">Jean-Fran\u00e7ois Marcel,<\/a> Professeur\u00a0l&rsquo;enseignement sup\u00e9rieur agricole en sciences de l&rsquo;\u00e9ducation<\/li>\n<li><a href=\"ma&#105;&#x6c;&#x74;o:&#117;&#x6d;&#x72;&#x2d;ef&#116;&#x73;&#x40;un&#105;&#x76;&#x2d;&#x74;ls&#101;&#x32;&#x2e;fr\">S\u00e9bastien Reynes,<\/a> SAENES responsable administratif<\/li>\n<li><a href=\"http:\/\/efts.univ-tlse2.fr\/accueil\/les-chercheurs\/mme-simonneaux-laurence-219577.kjsp?RH=1317804911498\">Laurence Simonneaux,<\/a> Professeur d&rsquo;universit\u00e9 en sciences de l&rsquo;\u00e9ducation<\/li>\n<li><a href=\"http:\/\/efts.univ-tlse2.fr\/accueil\/les-chercheurs\/mme-trinquier-marie-pierre-53096.kjsp?RH=1317804911498\">Marie-Pierre Trinquier,<\/a> Ma\u00eetre de conf\u00e9rences en sciences de l&rsquo;\u00e9ducation<\/li>\n<li><a href=\"http:\/\/efts.univ-tlse2.fr\/accueil\/les-chercheurs\/m-venturini-patrice-53068.kjsp?RH=1317804911498\">Patrice Venturini,<\/a> Professeur d&rsquo;universit\u00e9 en sciences de l&rsquo;\u00e9ducation<\/li>\n<\/ul>\n<p><span style=\"text-decoration: underline\">Responsables organisationnels :<\/span><\/p>\n<ul>\n<li><a href=\"&#x6d;&#x61;&#x69;&#x6c;&#116;o:se&#x62;&#x61;&#x73;&#x74;&#105;en&#46;c&#x68;&#x61;&#x6c;&#x69;&#101;s&#64;un&#x69;&#x76;&#x2d;&#x74;&#108;se2&#46;&#x66;&#x72;\">S\u00e9bastien Chali\u00e8s,<\/a> Ma\u00eetre de conf\u00e9rences en sciences de l&rsquo;\u00e9ducation<\/li>\n<li><a href=\"&#109;&#x61;i&#x6c;t&#111;&#x3a;h&#x65;l&#101;&#x6e;e&#x2e;v&#x65;&#x79;r&#x61;c&#x40;e&#100;&#x75;c&#x61;g&#114;&#x69;&#46;&#x66;r\">H\u00e9l\u00e8ne Veyrac,<\/a> Ma\u00eetre de conf\u00e9rences en ergonomie<\/li>\n<\/ul>\n<p><span style=\"text-decoration: underline\"><br \/>\nPr\u00e9sid\u00e9 par :<\/span><\/p>\n<ul>\n<li><a href=\"mai&#108;&#116;&#x6f;&#x3a;&#x6a;&#x65;anf&#114;&#97;&#x6e;&#x63;&#x6f;&#x69;s&#46;m&#97;&#114;&#x63;&#x65;&#x6c;&#x40;gma&#105;&#108;&#x2e;&#x63;&#x6f;&#x6d;\">Jean-Fran\u00e7ois Marcel,<\/a> Professeur de l&rsquo;enseignement sup\u00e9rieur agricole en sciences de l&rsquo;\u00e9ducation<\/li>\n<\/ul>\n<h2><\/h2>\n<h2><span style=\"color: #99cc00\">Comit\u00e9 scientifique de la journ\u00e9e consacr\u00e9e \u00e0 l&rsquo;\u00e9criture scientifique : <\/span><\/h2>\n<ul>\n<li><a href=\"mai&#108;&#x74;&#x6f;&#x3a;&#x61;lin&#101;&#x2e;&#x61;&#x72;&#x72;ieu&#64;&#103;&#x6d;&#x61;&#x69;&#x6c;&#46;co&#109;\">Aline Arrieu-Mutel<\/a>, doctorante<\/li>\n<li><a href=\"&#x6d;&#x61;il&#x74;&#x6f;&#58;re&#x6d;&#x69;&#46;b&#x6f;&#x6e;&#97;si&#x6f;&#x40;la&#x70;&#x6f;&#115;te&#x2e;&#x6e;&#101;t\">R\u00e9mi Bonasio<\/a>, doctorant<\/li>\n<li><a href=\"mai&#108;&#x74;&#x6f;&#x3a;dom&#105;&#x6e;&#x69;&#x71;&#x75;e&#46;b&#114;&#x6f;&#x75;&#x73;&#x73;al&#64;&#117;&#x6e;&#x69;&#x76;-tl&#115;&#101;&#x32;&#x2e;&#x66;r\">Dominique Broussal<\/a>, MCF<\/li>\n<li><a href=\"&#109;a&#x69;l&#x74;o&#x3a;i&#x73;a&#x62;e&#x6c;&#108;&#x65;&#46;f&#97;b&#x72;e&#x40;e&#x64;u&#x63;a&#x67;r&#x69;&#46;&#x66;&#114;\">Isabelle Fabre<\/a>, MCF<\/li>\n<li><a href=\"&#x6d;&#x61;&#x69;&#x6c;&#116;o:jf&#x69;&#x6a;&#x61;&#x6c;&#107;o&#64;un&#x69;&#x76;&#x2d;&#x74;&#108;se2&#46;&#x66;&#x72;\">Jacques Fijalkow<\/a>, PU \u00e9m\u00e9rite<\/li>\n<li><a href=\"&#x6d;&#x61;&#x69;&#x6c;&#116;o:ce&#x63;&#x69;&#x6c;&#x65;&#46;gard&#x69;&#x65;&#x73;&#x40;&#101;duca&#x67;&#x72;&#x69;&#x2e;&#102;r\">C\u00e9cile Gardi\u00e8s<\/a>, MCF-HDR<\/li>\n<li><a href=\"&#109;a&#x69;l&#x74;o&#x3a;&#99;&#x68;&#103;e&#x72;m&#x69;e&#x72;&#64;&#x67;&#109;&#x61;&#105;l&#x2e;c&#x6f;m\">Christian Germier<\/a>, doctorant<\/li>\n<li><a href=\"m&#97;&#x69;&#x6c;t&#111;&#x3a;&#x6a;a&#118;&#x69;&#x65;r&#46;&#x6e;&#x75;n&#101;&#x7a;&#x2e;m&#64;&#x67;&#x6d;a&#105;&#x6c;&#x2e;c&#111;&#x6d;\">Javier Nunez,<\/a> docteur<\/li>\n<li><a href=\"mailto&#58;&#106;&#117;&#x6c;&#x69;&#x61;&#x73;&#x61;&#x6e;&#x6d;artin&#64;g&#109;&#97;&#x69;&#x6c;&#x2e;&#x63;&#x6f;&#x6d;\">Julia San Martin<\/a>, doctorante<\/li>\n<\/ul>\n","protected":false},"excerpt":{"rendered":"<p>Comit\u00e9 scientifique Yvan Abernot, Professeur d&rsquo;universit\u00e9 en sciences de l&rsquo;\u00e9ducation V\u00e9ronique Bedin, Ma\u00eetre de conf\u00e9rences en sciences de l&rsquo;\u00e9ducation Jean-Fran\u00e7ois Marcel, Professeur\u00a0l&rsquo;enseignement sup\u00e9rieur agricole en sciences de l&rsquo;\u00e9ducation Christine Mias,Professeur d&rsquo;universit\u00e9 en sciences de l&rsquo;\u00e9ducation Nathalie Panissal, Ma\u00eetre de conf\u00e9rences en psychologie Alain Piaser, Ma\u00eetre de conf\u00e9rences en sciences de l&rsquo;\u00e9ducation Laurence Simonneaux, Professeur d&rsquo;universit\u00e9 [&hellip;]<\/p>\n","protected":false},"author":196,"featured_media":0,"parent":0,"menu_order":0,"comment_status":"closed","ping_status":"closed","template":"page-templates\/front-page.php","meta":{"footnotes":""},"class_list":["post-94","page","type-page","status-publish","hentry"],"_links":{"self":[{"href":"https:\/\/blogs.univ-tlse2.fr\/convisciencia\/wp-json\/wp\/v2\/pages\/94","targetHints":{"allow":["GET"]}}],"collection":[{"href":"https:\/\/blogs.univ-tlse2.fr\/convisciencia\/wp-json\/wp\/v2\/pages"}],"about":[{"href":"https:\/\/blogs.univ-tlse2.fr\/convisciencia\/wp-json\/wp\/v2\/types\/page"}],"author":[{"embeddable":true,"href":"https:\/\/blogs.univ-tlse2.fr\/convisciencia\/wp-json\/wp\/v2\/users\/196"}],"replies":[{"embeddable":true,"href":"https:\/\/blogs.univ-tlse2.fr\/convisciencia\/wp-json\/wp\/v2\/comments?post=94"}],"version-history":[{"count":11,"href":"https:\/\/blogs.univ-tlse2.fr\/convisciencia\/wp-json\/wp\/v2\/pages\/94\/revisions"}],"predecessor-version":[{"id":741,"href":"https:\/\/blogs.univ-tlse2.fr\/convisciencia\/wp-json\/wp\/v2\/pages\/94\/revisions\/741"}],"wp:attachment":[{"href":"https:\/\/blogs.univ-tlse2.fr\/convisciencia\/wp-json\/wp\/v2\/media?parent=94"}],"curies":[{"name":"wp","href":"https:\/\/api.w.org\/{rel}","templated":true}]}}

Comités

<h2><span style="color: #ff0000">Comité scientifique</span></h2>
<ul>
<li><a href="http://efts.univ-tlse2.fr/accueil/les-chercheurs/m-abernot-yvan-219539.kjsp?RH=1317804911498">Yvan Abernot</a>, Professeur d&rsquo;université en sciences de l&rsquo;éducation</li>
<li><a href="http://efts.univ-tlse2.fr/accueil/les-chercheurs/mme-bedin-veronique-52589.kjsp?RH=1317804911498">Véronique Bedin</a>, Maître de conférences en sciences de l&rsquo;éducation</li>
<li><a href="http://efts.univ-tlse2.fr/accueil/les-chercheurs/m-marcel-jean-francois-53521.kjsp?RH=1317804911498">Jean-François Marcel</a>, Professeur l&rsquo;enseignement supérieur agricole en sciences de l&rsquo;éducation</li>
<li><a href="http://efts.univ-tlse2.fr/accueil/les-chercheurs/mme-mias-christine-52889.kjsp?RH=1317804911498">Christine Mias</a>,Professeur d&rsquo;université en sciences de l&rsquo;éducation</li>
<li><a href="http://efts.univ-tlse2.fr/accueil/les-chercheurs/mme-panissal-nathalie-119195.kjsp?RH=1317804911498">Nathalie Panissal</a>, Maître de conférences en psychologie</li>
<li><a href="http://efts.univ-tlse2.fr/accueil/les-chercheurs/m-piaser-alain-53078.kjsp?RH=1317804911498">Alain Piaser</a>, Maître de conférences en sciences de l&rsquo;éducation</li>
<li><a href="http://efts.univ-tlse2.fr/accueil/les-chercheurs/mme-simonneaux-laurence-219577.kjsp?RH=1317804911498">Laurence Simonneaux</a>, Professeur d&rsquo;université en sciences de l&rsquo;éducation</li>
<li><a href="http://efts.univ-tlse2.fr/accueil/les-chercheurs/mme-trinquier-marie-pierre-53096.kjsp?RH=1317804911498">Marie-Pierre Trinquier</a>, Maître de conférences HDR en sciences de l&rsquo;éducation</li>
<li><a href="&#x6d;&#x61;&#105;lt&#x6f;&#x3a;&#x68;ele&#x6e;&#x65;&#46;ve&#x79;&#x72;&#x61;&#99;&#64;e&#x64;&#x75;&#99;ag&#x72;&#x69;&#x2e;&#102;r">Hélène Veyrac</a>, Maître de conférences en ergonomie</li>
</ul>
<p><span style="text-decoration: underline">Présidé par :</span></p>
<ul>
<li><a title="12-12 Une proposition pour encadrer la présentation d’articles de recherche théorique à la Revue des sciences de l’éducation" href="m&#x61;i&#x6c;&#x74;o&#x3a;c&#104;&#x61;n&#x74;a&#108;&#x2e;a&#x6d;a&#100;&#x65;-&#x65;&#x73;c&#x6f;t&#64;&#x75;n&#x69;v&#45;&#x74;l&#x73;e&#50;&#x2e;f&#x72;">Chantal Amade Escot</a>, Professeur d&rsquo;université en sciences de l&rsquo;éducation</li>
<li><a href="http://efts.univ-tlse2.fr/accueil/les-chercheurs/m-venturini-patrice-53068.kjsp?RH=1317804911498">Patrice Venturini</a>, Professeur d&rsquo;université en sciences de l&rsquo;éducation</li>
</ul>
<p>&nbsp;</p>
<h2><span style="color: #99cc00">Comité d&rsquo;organisation</span></h2>
<ul>
<li><a href="http://efts.univ-tlse2.fr/accueil/les-chercheurs/m-abernot-yvan-219539.kjsp?RH=1317804911498">Yvan Abernot, </a>Professeur d&rsquo;université en sciences de l&rsquo;éducation</li>
<li><a title="4 juin : écriture scientifique" href="https://blogs.univ-tlse2.fr/convisciencia/4-juin-ecriture-scientifique/">Rémi Bonasio, </a>Doctorant en sciences de l&rsquo;éducation</li>
<li><a href="http://efts.univ-tlse2.fr/accueil/les-chercheurs/mme-carnus-marie-france-119830.kjsp?RH=1317804911498">Marie-France Carnus,</a> Professeur d&rsquo;université en sciences de l&rsquo;éducation</li>
<li><a href="http://efts.univ-tlse2.fr/accueil/les-chercheurs/mme-fabre-isabelle-54710.kjsp?RH=1317804911498">Isabelle Fabre,</a> Maître de conférences en Sciences de l’information et de la communication</li>
<li><a href="&#x6d;&#97;i&#x6c;&#x74;o:&#x73;&#121;l&#x76;&#x69;e&#46;&#x66;&#101;r&#x6e;&#x61;&#110;d&#x65;&#x73;&#64;&#x65;&#x64;&#117;c&#x61;&#x67;ri&#x2e;&#102;r">Sylvie Fernandes,</a> docteure Responsable administrative</li>
<li><a href="http://efts.univ-tlse2.fr/accueil/les-chercheurs/mme-gardies-cecile-219558.kjsp?RH=1317804911498">Cécile Gardies,</a> Maître de conférences en Sciences de l’information et de la communication</li>
<li><a href="mailto:veroni&#113;&#117;&#101;&#46;&#103;&#x6f;&#x75;&#x61;&#x7a;&#x65;&#x40;&#x75;&#x6e;&#x69;&#x76;&#x2d;&#x74;&#x6c;&#x73;&#x65;2&#46;fr">Véronique Gouazé,</a> SAENES Responsable administrative</li>
<li><a href="http://efts.univ-tlse2.fr/accueil/les-chercheurs/m-grandaty-michel-119718.kjsp?RH=1317804911498">Michel Grandaty,</a> Professeur d&rsquo;université en sciences de l&rsquo;éducation</li>
<li><a href="&#x6d;a&#x69;&#x6c;t&#x6f;&#58;c&#x68;&#114;i&#x73;t&#x65;&#x6c;l&#x65;&#46;h&#x65;&#114;r&#x61;u&#x64;&#x40;u&#x6e;&#x69;v&#x2d;&#116;l&#x73;&#101;2&#x2e;f&#x72;">Christelle Herraud,</a> IGE Responsable administrative</li>
<li><a href="&#x6d;&#97;il&#x74;&#x6f;:j&#x65;&#x61;&#110;fr&#x61;&#110;co&#x69;&#x73;&#46;m&#x61;&#x72;&#99;el&#x40;&#x67;ma&#x69;&#x6c;&#46;c&#x6f;&#x6d;">Jean-François Marcel,</a> Professeur l&rsquo;enseignement supérieur agricole en sciences de l&rsquo;éducation</li>
<li><a href="ma&#105;&#x6c;&#x74;o:&#117;&#x6d;&#x72;&#x2d;ef&#116;&#x73;&#x40;un&#105;&#x76;&#x2d;&#x74;ls&#101;&#x32;&#x2e;fr">Sébastien Reynes,</a> SAENES responsable administratif</li>
<li><a href="http://efts.univ-tlse2.fr/accueil/les-chercheurs/mme-simonneaux-laurence-219577.kjsp?RH=1317804911498">Laurence Simonneaux,</a> Professeur d&rsquo;université en sciences de l&rsquo;éducation</li>
<li><a href="http://efts.univ-tlse2.fr/accueil/les-chercheurs/mme-trinquier-marie-pierre-53096.kjsp?RH=1317804911498">Marie-Pierre Trinquier,</a> Maître de conférences en sciences de l&rsquo;éducation</li>
<li><a href="http://efts.univ-tlse2.fr/accueil/les-chercheurs/m-venturini-patrice-53068.kjsp?RH=1317804911498">Patrice Venturini,</a> Professeur d&rsquo;université en sciences de l&rsquo;éducation</li>
</ul>
<p><span style="text-decoration: underline">Responsables organisationnels :</span></p>
<ul>
<li><a href="&#x6d;&#x61;&#x69;&#x6c;&#116;o:se&#x62;&#x61;&#x73;&#x74;&#105;en&#46;c&#x68;&#x61;&#x6c;&#x69;&#101;s&#64;un&#x69;&#x76;&#x2d;&#x74;&#108;se2&#46;&#x66;&#x72;">Sébastien Chaliès,</a> Maître de conférences en sciences de l&rsquo;éducation</li>
<li><a href="&#109;&#x61;i&#x6c;t&#111;&#x3a;h&#x65;l&#101;&#x6e;e&#x2e;v&#x65;&#x79;r&#x61;c&#x40;e&#100;&#x75;c&#x61;g&#114;&#x69;&#46;&#x66;r">Hélène Veyrac,</a> Maître de conférences en ergonomie</li>
</ul>
<p><span style="text-decoration: underline"><br />
Présidé par :</span></p>
<ul>
<li><a href="mai&#108;&#116;&#x6f;&#x3a;&#x6a;&#x65;anf&#114;&#97;&#x6e;&#x63;&#x6f;&#x69;s&#46;m&#97;&#114;&#x63;&#x65;&#x6c;&#x40;gma&#105;&#108;&#x2e;&#x63;&#x6f;&#x6d;">Jean-François Marcel,</a> Professeur de l&rsquo;enseignement supérieur agricole en sciences de l&rsquo;éducation</li>
</ul>
<h2></h2>
<h2><span style="color: #99cc00">Comité scientifique de la journée consacrée à l&rsquo;écriture scientifique : </span></h2>
<ul>
<li><a href="mai&#108;&#x74;&#x6f;&#x3a;&#x61;lin&#101;&#x2e;&#x61;&#x72;&#x72;ieu&#64;&#103;&#x6d;&#x61;&#x69;&#x6c;&#46;co&#109;">Aline Arrieu-Mutel</a>, doctorante</li>
<li><a href="&#x6d;&#x61;il&#x74;&#x6f;&#58;re&#x6d;&#x69;&#46;b&#x6f;&#x6e;&#97;si&#x6f;&#x40;la&#x70;&#x6f;&#115;te&#x2e;&#x6e;&#101;t">Rémi Bonasio</a>, doctorant</li>
<li><a href="mai&#108;&#x74;&#x6f;&#x3a;dom&#105;&#x6e;&#x69;&#x71;&#x75;e&#46;b&#114;&#x6f;&#x75;&#x73;&#x73;al&#64;&#117;&#x6e;&#x69;&#x76;-tl&#115;&#101;&#x32;&#x2e;&#x66;r">Dominique Broussal</a>, MCF</li>
<li><a href="&#109;a&#x69;l&#x74;o&#x3a;i&#x73;a&#x62;e&#x6c;&#108;&#x65;&#46;f&#97;b&#x72;e&#x40;e&#x64;u&#x63;a&#x67;r&#x69;&#46;&#x66;&#114;">Isabelle Fabre</a>, MCF</li>
<li><a href="&#x6d;&#x61;&#x69;&#x6c;&#116;o:jf&#x69;&#x6a;&#x61;&#x6c;&#107;o&#64;un&#x69;&#x76;&#x2d;&#x74;&#108;se2&#46;&#x66;&#x72;">Jacques Fijalkow</a>, PU émérite</li>
<li><a href="&#x6d;&#x61;&#x69;&#x6c;&#116;o:ce&#x63;&#x69;&#x6c;&#x65;&#46;gard&#x69;&#x65;&#x73;&#x40;&#101;duca&#x67;&#x72;&#x69;&#x2e;&#102;r">Cécile Gardiès</a>, MCF-HDR</li>
<li><a href="&#109;a&#x69;l&#x74;o&#x3a;&#99;&#x68;&#103;e&#x72;m&#x69;e&#x72;&#64;&#x67;&#109;&#x61;&#105;l&#x2e;c&#x6f;m">Christian Germier</a>, doctorant</li>
<li><a href="m&#97;&#x69;&#x6c;t&#111;&#x3a;&#x6a;a&#118;&#x69;&#x65;r&#46;&#x6e;&#x75;n&#101;&#x7a;&#x2e;m&#64;&#x67;&#x6d;a&#105;&#x6c;&#x2e;c&#111;&#x6d;">Javier Nunez,</a> docteur</li>
<li><a href="mailto&#58;&#106;&#117;&#x6c;&#x69;&#x61;&#x73;&#x61;&#x6e;&#x6d;artin&#64;g&#109;&#97;&#x69;&#x6c;&#x2e;&#x63;&#x6f;&#x6d;">Julia San Martin</a>, doctorante</li>
</ul>

<p>Comité scientifique Yvan Abernot, Professeur d&rsquo;université en sciences de l&rsquo;éducation Véronique Bedin, Maître de conférences en sciences de l&rsquo;éducation Jean-François Marcel, Professeur l&rsquo;enseignement supérieur agricole en sciences de l&rsquo;éducation Christine Mias,Professeur d&rsquo;université en sciences de l&rsquo;éducation Nathalie Panissal, Maître de conférences en psychologie Alain Piaser, Maître de conférences en sciences de l&rsquo;éducation Laurence Simonneaux, Professeur d&rsquo;université [&hellip;]</p>
